000
CXUS53 KTOP 230800
CF6MHK
PRELIMINARY LOCAL CLIMATOLOGICAL DATA (WS FORM: F-6)

                                          STATION:   Manhattan KS
                                          MONTH:     MARCH
                                          YEAR:      2019
                                          LATITUDE:   39  9 N
                                          LONGITUDE:  96 40 W

  TEMPERATURE IN F:       :PCPN:    SNOW:  WIND      :SUNSHINE: SKY     :PK WND
================================================================================
1   2   3   4   5  6A  6B    7    8   9   10  11  12  13   14  15   16   17  18
                                     12Z  AVG MX 2MIN
DY MAX MIN AVG DEP HDD CDD  WTR  SNW DPTH SPD SPD DIR MIN PSBL S-S WX    SPD DR
================================================================================

 1  41  16  29  -8  36   0 0.00    M    M  3.6  9  10   M    M   3        23  10
 2  30  19  25 -13  40   0 0.00    M    M 12.6 24  50   M    M   6        31  30
 3  19   2  11 -27  54   0    M    M    M  9.2 23  40   M    M   4 1      32  30
 4  18  -3   8 -30  57   0 0.00    M    M  6.6 14 270   M    M   0        21 250
 5  25   0  13 -26  52   0 0.00    M    M  5.8 13 320   M    M   0        22 320
 6  38   4  21 -18  44   0 0.00    M    M  6.0 17 160   M    M   0        24 160
 7  46  29  38  -2  27   0 0.00    M    M 10.8 18  90   M    M   3        25 100
 8  41  31  36  -4  29   0 0.00    M    M  6.5 14 100   M    M   9 1      19 100
 9  50  33  42   2  23   0 0.21    M    M  9.6 23 290   M    M   9 1      39 310
10  45  28  37  -4  28   0 0.00    M    M  4.2 10  80   M    M   1        16 350
11  54  27  41   0  24   0 0.00    M    M  5.0 12  90   M    M   2        14  50
12  57  43  50   8  15   0    M    M    M 10.5 23 180   M    M  10 13     35 170
13  68  49  59  17   6   0    M    M    M 21.8 41 220   M    M   7 1      60 210
14  49  37  43   1  22   0    M    M    M 15.0 40 220   M    M   9        54 230
15  52  27  40  -3  25   0 0.00    M    M  6.0 14 290   M    M   0        27 280
16  63  23  43   0  22   0 0.00    M    M  5.6 18 230   M    M   0        26 230
17  59  25  42  -2  23   0 0.00    M    M  3.3 10  90   M    M   1        14  80
18  57  35  46   2  19   0 0.00    M    M  6.3 13  90   M    M   4        17  90
19  57  41  49   5  16   0    M    M    M  6.5 17 120   M    M  10 1      23 140
20  65  42  54   9  11   0 0.00    M    M  7.4 17 280   M    M   4        27 280
21  63  32  48   3  17   0 0.00    M    M  2.5  9 290   M    M   0        14 280
22  68  28  48   2  17   0 0.00    M    M  3.5 13  60   M    M   1        16  50
================================================================================
SM 1065  568       607   0  0.21    M    168.3          M       83
================================================================================
AV 48.4 25.8                               7.7 FASTST   M    M   4    MAX(MPH)
                                 MISC ---->  # 41 220               # 60  210
================================================================================
NOTES:
# LAST OF SEVERAL OCCURRENCES

COLUMN 17 PEAK WIND IN M.P.H.

PRELIMINARY LOCAL CLIMATOLOGICAL DATA (WS FORM: F-6) , PAGE 2

                                          STATION:  Manhattan KS
                                          MONTH:    MARCH
                                          YEAR:     2019
                                          LATITUDE:   39  9 N
                                          LONGITUDE:  96 40 W

[TEMPERATURE DATA]      [PRECIPITATION DATA]       SYMBOLS USED IN COLUMN 16

AVERAGE MONTHLY: 37.1   TOTAL FOR MONTH:   0.21    1 = FOG OR MIST
DPTR FM NORMAL:  -4.3   DPTR FM NORMAL:   -1.40    2 = FOG REDUCING VISIBILITY
HIGHEST:    68 ON 22,13 GRTST 24HR  0.21 ON  9- 9      TO 1/4 MILE OR LESS
LOWEST:     -3 ON  4                               3 = THUNDER
                        SNOW, ICE PELLETS, HAIL    4 = ICE PELLETS
                        TOTAL MONTH:    M          5 = HAIL
                        GRTST 24HR    M  ON   M    6 = FREEZING RAIN OR DRIZZLE
                        GRTST DEPTH:  M  ON   M    7 = DUSTSTORM OR SANDSTORM:
                                                       VSBY 1/2 MILE OR LESS
                                                   8 = SMOKE OR HAZE
[NO. OF DAYS WITH]      [WEATHER - DAYS WITH]      9 = BLOWING SNOW
                                                   X = TORNADO
MAX 32 OR BELOW:   4    0.01 INCH OR MORE:   1
MAX 90 OR ABOVE:   0    0.10 INCH OR MORE:   1
MIN 32 OR BELOW:  15    0.50 INCH OR MORE:   0
MIN  0 OR BELOW:   2    1.00 INCH OR MORE:   0

[HDD (BASE 65) ]
TOTAL THIS MO.   607    CLEAR  (SCALE 0-3)  11
DPTR FM NORMAL    88    PTCLDY (SCALE 4-7)   6
TOTAL FM JUL 1  4810    CLOUDY (SCALE 8-10)  5
DPTR FM NORMAL   131

[CDD (BASE 65) ]
TOTAL THIS MO.     0
DPTR FM NORMAL     0    [PRESSURE DATA]
TOTAL FM JAN 1     0    HIGHEST SLP  0.00 ON  1
DPTR FM NORMAL     0    LOWEST  SLP 29.07 ON 13

[REMARKS]
