000
CXUS53 KTOP 220800
CF6MHK
PRELIMINARY LOCAL CLIMATOLOGICAL DATA (WS FORM: F-6)

                                          STATION:   Manhattan KS
                                          MONTH:     MAY
                                          YEAR:      2019
                                          LATITUDE:   39  9 N
                                          LONGITUDE:  96 40 W

  TEMPERATURE IN F:       :PCPN:    SNOW:  WIND      :SUNSHINE: SKY     :PK WND
================================================================================
1   2   3   4   5  6A  6B    7    8   9   10  11  12  13   14  15   16   17  18
                                     12Z  AVG MX 2MIN
DY MAX MIN AVG DEP HDD CDD  WTR  SNW DPTH SPD SPD DIR MIN PSBL S-S WX    SPD DR
================================================================================

 1  59  51  55  -4  10   0 0.01    M    M  4.7 14  10   M    M  10 1      22 360
 2  65  46  56  -3   9   0 0.13    M    M  6.9 15  50   M    M   6 1      23  60
 3  64  47  56  -3   9   0 0.15    M    M  4.3 13  80   M    M   8 1      17  80
 4  72  45  59  -1   6   0 0.00    M    M  2.7 14 170   M    M   6 12     19 190
 5  80  50  65   5   0   0 0.88    M    M  9.0 25  90   M    M   2 13     38 100
 6  77  51  64   4   1   0 1.07    M    M  7.1 30 360   M    M   4 13     52 360
 7  63  57  60  -1   5   0 1.23    M    M  8.7 20  80   M    M   9 13     27  80
 8  72  49  61   0   4   0 2.14    M    M  8.3 18  40   M    M   9 13     24  50
 9  55  43  49 -12  16   0 0.00    M    M  7.8 17  40   M    M  10        27 350
10  62  41  52 -10  13   0    T    M    M  2.3 10  70   M    M   6        15  70
11  64  50  57  -5   8   0 0.20    M    M  4.4 15 150   M    M   9 1      20 160
12  66  46  56  -6   9   0 0.40    M    M  4.0 12 290   M    M   5 1      21 280
13  76  42  59  -4   6   0 0.00    M    M  4.1 16 160   M    M   1 12     23 170
14  87  54  71   8   0   6 0.00    M    M  4.2 12 230   M    M   0        16 230
15  88  57  73  10   0   8 0.00    M    M  5.6 17 170   M    M   0 1      24 150
16  91  64  78  14   0  13 0.00    M    M 13.5 26 220   M    M   0        38 200
17  88  70  79  15   0  14    T    M    M 15.8 25 180   M    M   2        38 210
18  74  57  66   2   0   1 1.79    M    M  7.6 21 350   M    M   9 13     34 290
19  68  53  61  -4   4   0 0.09    M    M  7.1 16 270   M    M   3        27 330
20  53  47  50 -15  15   0 1.22    M    M 13.1 31  90   M    M   5 13     42  90
21  70  51  61  -4   4   0 0.74    M    M 13.6 37  70   M    M   9 13     55  80
================================================================================
SM 1494 1071       119  42 10.05    M    154.8          M      113
================================================================================
AV 71.1 51.0                               7.4 FASTST   M    M   5    MAX(MPH)
                                 MISC ---->  # 37  70               # 55   80
================================================================================
NOTES:
# LAST OF SEVERAL OCCURRENCES

COLUMN 17 PEAK WIND IN M.P.H.

PRELIMINARY LOCAL CLIMATOLOGICAL DATA (WS FORM: F-6) , PAGE 2

                                          STATION:  Manhattan KS
                                          MONTH:    MAY
                                          YEAR:     2019
                                          LATITUDE:   39  9 N
                                          LONGITUDE:  96 40 W

[TEMPERATURE DATA]      [PRECIPITATION DATA]       SYMBOLS USED IN COLUMN 16

AVERAGE MONTHLY: 61.1   TOTAL FOR MONTH:  10.05    1 = FOG OR MIST
DPTR FM NORMAL:  -0.9   DPTR FM NORMAL:    7.30    2 = FOG REDUCING VISIBILITY
HIGHEST:    91 ON 16    GRTST 24HR  2.14 ON  8- 8      TO 1/4 MILE OR LESS
LOWEST:     41 ON 10                               3 = THUNDER
                        SNOW, ICE PELLETS, HAIL    4 = ICE PELLETS
                        TOTAL MONTH:    M          5 = HAIL
                        GRTST 24HR    M  ON   M    6 = FREEZING RAIN OR DRIZZLE
                        GRTST DEPTH:  M  ON   M    7 = DUSTSTORM OR SANDSTORM:
                                                       VSBY 1/2 MILE OR LESS
                                                   8 = SMOKE OR HAZE
[NO. OF DAYS WITH]      [WEATHER - DAYS WITH]      9 = BLOWING SNOW
                                                   X = TORNADO
MAX 32 OR BELOW:   0    0.01 INCH OR MORE:  13
MAX 90 OR ABOVE:   1    0.10 INCH OR MORE:  11
MIN 32 OR BELOW:   0    0.50 INCH OR MORE:   7
MIN  0 OR BELOW:   0    1.00 INCH OR MORE:   5

[HDD (BASE 65) ]
TOTAL THIS MO.   119    CLEAR  (SCALE 0-3)   7
DPTR FM NORMAL    15    PTCLDY (SCALE 4-7)   7
TOTAL FM JUL 1  5235    CLOUDY (SCALE 8-10)  7
DPTR FM NORMAL   -50

[CDD (BASE 65) ]
TOTAL THIS MO.    42
DPTR FM NORMAL     1    [PRESSURE DATA]
TOTAL FM JAN 1    66    HIGHEST SLP M ON M
DPTR FM NORMAL     8    LOWEST  SLP 29.32 ON 21

[REMARKS]
