000
CXUS56 KMFR 261000
CF6MHS
PRELIMINARY LOCAL CLIMATOLOGICAL DATA (WS FORM: F-6)

                                          STATION:   MT SHASTA CITY CA
                                          MONTH:     MARCH
                                          YEAR:      2019
                                          LATITUDE:   41 19 N
                                          LONGITUDE: 122 19 W

  TEMPERATURE IN F:       :PCPN:    SNOW:  WIND      :SUNSHINE: SKY     :PK WND
================================================================================
1   2   3   4   5  6A  6B    7    8   9   10  11  12  13   14  15   16   17  18
                                     12Z  AVG MX 2MIN
DY MAX MIN AVG DEP HDD CDD  WTR  SNW DPTH SPD SPD DIR MIN PSBL S-S WX    SPD DR
================================================================================

 1  43  33  38  -2  27   0    T    M    M  1.1  6 130   M    M   9 1      12 150
 2  43  33  38  -2  27   0 0.13    M    M  0.5  6 300   M    M  10 1       9 290
 3  49  34  42   2  23   0 0.00    M    M  0.7  6 220   M    M  10 18     11 300
 4  46  31  39  -1  26   0 0.01    M    M  1.0  9  90   M    M   6 1      16  90
 5  39  32  36  -5  29   0 0.42    M    M  0.3  5 130   M    M  10 1      11 150
 6  48  32  40  -1  25   0 1.40    M    M  1.7  9  90   M    M  10 1      17  80
 7  43  32  38  -3  27   0    T    M    M  3.4 10 300   M    M   8 18     17 300
 8  44  28  36  -5  29   0 0.01    M    M  3.0 10 300   M    M   6        16 330
 9  36  30  33  -8  32   0 0.18    M    M  1.2  7 130   M    M  10 1      15 130
10  47  28  38  -4  27   0 0.02    M    M  0.6  9 310   M    M   7 1      15 310
11  54  24  39  -3  26   0 0.00    M    M  1.7  8 300   M    M   0 18     12 300
12  45  29  37  -5  28   0 0.04    M    M  5.9 15 350   M    M   9 18     27 350
13  47  27  37  -5  28   0 0.00    M    M  5.6 12 340   M    M   2 8      24 350
14  54  22  38  -4  27   0 0.00    M    M  1.6  9 300   M    M   0 18     16 310
15  61  25  43   1  22   0 0.00    M    M  2.6  9 300   M    M   0 8      15 300
16  63  26  45   3  20   0 0.00    M    M  2.3 10 330   M    M   0 8      17 310
17  67  31  49   7  16   0 0.00    M    M  2.1  8 310   M    M   1        12 300
18  67  28  48   5  17   0 0.00    M    M  0.9  7 110   M    M   0 1      12  90
19  67  33  50   7  15   0    T    M    M  1.0  9  70   M    M   4 8      17 220
20  46  35  41  -2  24   0 0.33    M    M  1.1  7 130   M    M   9 12     13 140
21  55  29  42  -1  23   0 0.00    M    M  1.2  6 100   M    M   3 12     10  90
22  42  35  39  -4  26   0 0.08    M    M  2.4  7 100   M    M  10 1      15 130
23  46  30  38  -5  27   0 0.09    M    M  2.3 10 300   M    M   9 1      16 290
24  50  26  38  -5  27   0 0.00    M    M  0.8  7  90   M    M   2 1      12 140
25  43  32  38  -6  27   0 1.24    M    M  1.2  9 100   M    M   9 12     17  90
================================================================================
SM 1245  745       625   0  3.95    M     46.2          M      144
================================================================================
AV 49.8 29.8                               1.8 FASTST   M    M   6    MAX(MPH)
                                 MISC ---->  # 15 350               # 27  350
================================================================================
NOTES:
# LAST OF SEVERAL OCCURRENCES

COLUMN 17 PEAK WIND IN M.P.H.

PRELIMINARY LOCAL CLIMATOLOGICAL DATA (WS FORM: F-6) , PAGE 2

                                          STATION:  MT SHASTA CITY CA
                                          MONTH:    MARCH
                                          YEAR:     2019
                                          LATITUDE:   41 19 N
                                          LONGITUDE: 122 19 W

[TEMPERATURE DATA]      [PRECIPITATION DATA]       SYMBOLS USED IN COLUMN 16

AVERAGE MONTHLY: 39.8   TOTAL FOR MONTH:   3.95    1 = FOG OR MIST
DPTR FM NORMAL:  -2.0   DPTR FM NORMAL:   -1.20    2 = FOG REDUCING VISIBILITY
HIGHEST:    67 ON 19,18 GRTST 24HR  1.40 ON  6- 6      TO 1/4 MILE OR LESS
LOWEST:     22 ON 14                               3 = THUNDER
                        SNOW, ICE PELLETS, HAIL    4 = ICE PELLETS
                        TOTAL MONTH:    M          5 = HAIL
                        GRTST 24HR    M  ON   M    6 = FREEZING RAIN OR DRIZZLE
                        GRTST DEPTH:  M  ON   M    7 = DUSTSTORM OR SANDSTORM:
                                                       VSBY 1/2 MILE OR LESS
                                                   8 = SMOKE OR HAZE
[NO. OF DAYS WITH]      [WEATHER - DAYS WITH]      9 = BLOWING SNOW
                                                   X = TORNADO
MAX 32 OR BELOW:   0    0.01 INCH OR MORE:  12
MAX 90 OR ABOVE:   0    0.10 INCH OR MORE:   6
MIN 32 OR BELOW:  19    0.50 INCH OR MORE:   2
MIN  0 OR BELOW:   0    1.00 INCH OR MORE:   2

[HDD (BASE 65) ]
TOTAL THIS MO.   625    CLEAR  (SCALE 0-3)   9
DPTR FM NORMAL    46    PTCLDY (SCALE 4-7)   4
TOTAL FM JUL 1  4237    CLOUDY (SCALE 8-10) 12
DPTR FM NORMAL  -317

[CDD (BASE 65) ]
TOTAL THIS MO.     0
DPTR FM NORMAL     0    [PRESSURE DATA]
TOTAL FM JAN 1     0    HIGHEST SLP M ON M
DPTR FM NORMAL     0    LOWEST  SLP 29.54 ON  6

[REMARKS]
