000
CXUS52 KMFL 221000
CF6MIA
PRELIMINARY LOCAL CLIMATOLOGICAL DATA (WS FORM: F-6)

                                          STATION:   MIAMI
                                          MONTH:     MAY
                                          YEAR:      2019
                                          LATITUDE:   25 49 N
                                          LONGITUDE:  80 17 W

  TEMPERATURE IN F:       :PCPN:    SNOW:  WIND      :SUNSHINE: SKY     :PK WND
================================================================================
1   2   3   4   5  6A  6B    7    8   9   10  11  12  13   14  15   16   17  18
                                     12Z  AVG MX 2MIN
DY MAX MIN AVG DEP HDD CDD  WTR  SNW DPTH SPD SPD DIR MIN PSBL S-S WX    SPD DR
================================================================================

 1  85  73  79   1   0  14 0.13  0.0    0 15.0 25  90   M    M   6 1      33  70
 2  84  73  79   1   0  14 0.14  0.0    0  8.0 20 140   M    M   7 13     28 150
 3  88  75  82   4   0  17 0.14  0.0    0  8.5 21 130   M    M   7 13     29 140
 4  88  77  83   5   0  18 0.00  0.0    0  9.1 20 130   M    M   6 3      27 160
 5  91  72  82   4   0  17 1.31  0.0    0  9.7 29  90   M    M   6 138    35  80
 6  90  72  81   2   0  16 0.87  0.0    0  4.5 21 260   M    M   6 13     32 270
 7  87  73  80   1   0  15 1.01  0.0    M  4.1 25 130   M    M   7 38     31 120
 8  88  76  82   3   0  17 0.00  0.0    0  8.8 18  80   M    M   5        26 100
 9  89  77  83   4   0  18 0.17  0.0    0  8.8 16 130   M    M   6 3      26 140
10  88  75  82   3   0  17 0.02  0.0    0  8.4 20 110   M    M   7 138    24 110
11  88  79  84   5   0  19    T  0.0    0  9.3 17 130   M    M   7        26 120
12  90  72  81   1   0  16 0.59  0.0    0  7.0 20 250   M    M   5 13     27 250
13  94  76  85   5   0  20 0.20  0.0    0  8.0 29 230   M    M   5 3      39 250
14  95  76  86   6   0  21    T  0.0    0  7.0 18 140   M    M   8 3      25 140
15  87  77  82   2   0  17    T  0.0    0  4.9 14 190   M    M   9        22  10
16  85  76  81   1   0  16 0.01  0.0    0  9.3 25  90   M    M   6 3      28  90
17  87  75  81   1   0  16 0.00  0.0    0  8.6 18  90   M    M   4        27  90
18  88  73  81   1   0  16 0.00  0.0    0  9.6 20  90   M    M   5        27  90
19  89  77  83   3   0  18 0.00  0.0    0  9.9 17  80   M    M   4        22  90
20  87  76  82   1   0  17 0.01  0.0    0  5.9 16  50   M    M   5 3      23  50
21  90  77  84   3   0  19 0.00  0.0    0  9.7 16  70   M    M   3        22 110
================================================================================
SM 1858 1577         0 358  4.60     0.0 174.1          M      124
================================================================================
AV 88.5 75.1                               8.3 FASTST   M    M   6    MAX(MPH)
                                 MISC ---->  # 29  90               # 39  250
================================================================================
NOTES:
# LAST OF SEVERAL OCCURRENCES

COLUMN 17 PEAK WIND IN M.P.H.

PRELIMINARY LOCAL CLIMATOLOGICAL DATA (WS FORM: F-6) , PAGE 2

                                          STATION:  MIAMI
                                          MONTH:    MAY
                                          YEAR:     2019
                                          LATITUDE:   25 49 N
                                          LONGITUDE:  80 17 W

[TEMPERATURE DATA]      [PRECIPITATION DATA]       SYMBOLS USED IN COLUMN 16

AVERAGE MONTHLY: 81.8   TOTAL FOR MONTH:   4.60    1 = FOG OR MIST
DPTR FM NORMAL:   2.5   DPTR FM NORMAL:    1.61    2 = FOG REDUCING VISIBILITY
HIGHEST:    95 ON 14    GRTST 24HR  1.31 ON  5- 5      TO 1/4 MILE OR LESS
LOWEST:     72 ON 12, 6                            3 = THUNDER
                        SNOW, ICE PELLETS, HAIL    4 = ICE PELLETS
                        TOTAL MONTH:   0.0 INCH    5 = HAIL
                        GRTST 24HR     0.0         6 = FREEZING RAIN OR DRIZZLE
                        GRTST DEPTH:   0           7 = DUSTSTORM OR SANDSTORM:
                                                       VSBY 1/2 MILE OR LESS
                                                   8 = SMOKE OR HAZE
[NO. OF DAYS WITH]      [WEATHER - DAYS WITH]      9 = BLOWING SNOW
                                                   X = TORNADO
MAX 32 OR BELOW:   0    0.01 INCH OR MORE:  12
MAX 90 OR ABOVE:   6    0.10 INCH OR MORE:   9
MIN 32 OR BELOW:   0    0.50 INCH OR MORE:   4
MIN  0 OR BELOW:   0    1.00 INCH OR MORE:   2

[HDD (BASE 65) ]
TOTAL THIS MO.     0    CLEAR  (SCALE 0-3)   1
DPTR FM NORMAL     0    PTCLDY (SCALE 4-7)  19
TOTAL FM JUL 1    60    CLOUDY (SCALE 8-10)  1
DPTR FM NORMAL   -68

[CDD (BASE 65) ]
TOTAL THIS MO.   358
DPTR FM NORMAL    58    [PRESSURE DATA]
TOTAL FM JAN 1  1447    HIGHEST SLP M ON M
DPTR FM NORMAL   254    LOWEST  SLP 29.85 ON  5

[REMARKS]
