000
CXUS53 KIND 240730
CF6MIE
PRELIMINARY LOCAL CLIMATOLOGICAL DATA (WS FORM: F-6)

                                          STATION:   MUNCIE IN
                                          MONTH:     MARCH
                                          YEAR:      2019
                                          LATITUDE:   40 13 N
                                          LONGITUDE:  85 23 W

  TEMPERATURE IN F:       :PCPN:    SNOW:  WIND      :SUNSHINE: SKY     :PK WND
================================================================================
1   2   3   4   5  6A  6B    7    8   9   10  11  12  13   14  15   16   17  18
                                     12Z  AVG MX 2MIN
DY MAX MIN AVG DEP HDD CDD  WTR  SNW DPTH SPD SPD DIR MIN PSBL S-S WX    SPD DR
================================================================================

 1  43  21  32  -2  33   0 0.00    M    M  7.0 15 110   M    M   1 128    20 100
 2  39  30  35   1  30   0 0.00    M    M  7.2 16 350   M    M  10 8      21 360
 3  32  18  25 -10  40   0 0.01    M    M 10.3 20 340   M    M  10 18     24 330
 4  18   5  12 -23  53   0    T    M    M 12.4 21 260   M    M   5 8      29 300
 5  60   9  35   0  30   0    T    M    M 13.4 24 270   M    M   5 18     35 280
 6  26  10  18 -18  47   0    T    M    M 10.7 20 270   M    M   2        27 260
 7  32  20  26 -10  39   0 0.00    M    M  5.2 15 240   M    M   2        24 230
 8  42  24  33  -3  32   0    T    M    M  6.9 13 120   M    M   9 8      17  80
 9  55  29  42   5  23   0 1.07    M    M 14.0 30 280   M    M   8 138    41 290
10  53  36  45   8  20   0 0.07    M    M 18.6 32 260   M    M   7        50 270
11  46  31  39   1  26   0 0.00    M    M  9.3 18 310   M    M   1        24 300
12  50  18  34  -4  31   0 0.00    M    M  4.1  9 180   M    M   0 18     14 170
13  72  43  58  20   7   0 0.05    M    M 11.1 20 180   M    M   4        32 160
14  72  49  61  22   4   0 0.54    M    M 18.5 32 190   M    M   7 13     47 210
15  49  36  43   4  22   0    T    M    M 17.1 25 270   M    M   9 8      40 290
16  44  29  37  -3  28   0 0.00    M    M  9.3 18 290   M    M   2        24 290
17  42  26  34  -6  31   0 0.06    M    M  4.0 20 340   M    M   6 18     23 340
18  46  26  36  -4  29   0    T    M    M  3.2 13 310   M    M   3 18     17 310
19  50  27  39  -2  26   0 0.00    M    M  3.0 12 260   M    M   1 8      17 260
20  53  32  43   2  22   0 0.28    M    M  9.4 23 220   M    M   M 1      36 190
21  49  39  44   2  21   0 0.15    M    M  8.2 21 310   M    M  10 18     28 300
22  50  31  41  -1  24   0 0.00    M    M 15.1 30 360   M    M   1        38 320
23  54  24  39  -3  26   0 0.00    M    M  3.1  8  10   M    M   0        12 350
================================================================================
SM 1077  613       644   0  2.23    M    221.1          M      103
================================================================================
AV 46.8 26.7                               9.6 FASTST   M    M   5    MAX(MPH)
                                 MISC ---->  # 32 260               # 50  270
================================================================================
NOTES:
# LAST OF SEVERAL OCCURRENCES

COLUMN 17 PEAK WIND IN M.P.H.

PRELIMINARY LOCAL CLIMATOLOGICAL DATA (WS FORM: F-6) , PAGE 2

                                          STATION:  MUNCIE IN
                                          MONTH:    MARCH
                                          YEAR:     2019
                                          LATITUDE:   40 13 N
                                          LONGITUDE:  85 23 W

[TEMPERATURE DATA]      [PRECIPITATION DATA]       SYMBOLS USED IN COLUMN 16

AVERAGE MONTHLY: 36.7   TOTAL FOR MONTH:   2.23    1 = FOG OR MIST
DPTR FM NORMAL:  -1.3   DPTR FM NORMAL:    0.13    2 = FOG REDUCING VISIBILITY
HIGHEST:    72 ON 14,13 GRTST 24HR  1.07 ON  9- 9      TO 1/4 MILE OR LESS
LOWEST:      5 ON  4                               3 = THUNDER
                        SNOW, ICE PELLETS, HAIL    4 = ICE PELLETS
                        TOTAL MONTH:    M          5 = HAIL
                        GRTST 24HR    M  ON   M    6 = FREEZING RAIN OR DRIZZLE
                        GRTST DEPTH:  M  ON   M    7 = DUSTSTORM OR SANDSTORM:
                                                       VSBY 1/2 MILE OR LESS
                                                   8 = SMOKE OR HAZE
[NO. OF DAYS WITH]      [WEATHER - DAYS WITH]      9 = BLOWING SNOW
                                                   X = TORNADO
MAX 32 OR BELOW:   4    0.01 INCH OR MORE:   8
MAX 90 OR ABOVE:   0    0.10 INCH OR MORE:   4
MIN 32 OR BELOW:  18    0.50 INCH OR MORE:   2
MIN  0 OR BELOW:   0    1.00 INCH OR MORE:   1

[HDD (BASE 65) ]
TOTAL THIS MO.   644    CLEAR  (SCALE 0-3)  10
DPTR FM NORMAL    25    PTCLDY (SCALE 4-7)   7
TOTAL FM JUL 1  4710    CLOUDY (SCALE 8-10)  5
DPTR FM NORMAL  -292

[CDD (BASE 65) ]
TOTAL THIS MO.     0
DPTR FM NORMAL     0    [PRESSURE DATA]
TOTAL FM JAN 1     0    HIGHEST SLP M ON M
DPTR FM NORMAL     0    LOWEST  SLP 29.41 ON 14

[REMARKS]
