000
CXUS53 KIND 250730
CF6MIE
PRELIMINARY LOCAL CLIMATOLOGICAL DATA (WS FORM: F-6)

                                          STATION:   MUNCIE IN
                                          MONTH:     MAY
                                          YEAR:      2019
                                          LATITUDE:   40 13 N
                                          LONGITUDE:  85 23 W

  TEMPERATURE IN F:       :PCPN:    SNOW:  WIND      :SUNSHINE: SKY     :PK WND
================================================================================
1   2   3   4   5  6A  6B    7    8   9   10  11  12  13   14  15   16   17  18
                                     12Z  AVG MX 2MIN
DY MAX MIN AVG DEP HDD CDD  WTR  SNW DPTH SPD SPD DIR MIN PSBL S-S WX    SPD DR
================================================================================

 1  76  55  66   9   0   1 0.19    M    M  9.3 28 300   M    M   5 12     39 270
 2  71  56  64   7   1   0 0.01    M    M  4.8 13 250   M    M   7 12     19 240
 3  65  55  60   2   5   0 0.12    M    M  6.9 12 350   M    M  10 128    14 340
 4  59  49  54  -4  11   0 0.23    M    M  7.7 13  40   M    M   8 18     16  60
 5  71  44  58   0   7   0 0.00    M    M  6.2 14  20   M    M   0 18     20  50
 6  79  52  66   7   0   1 0.00    M    M  6.5 15 220   M    M   0        24 250
 7  77  52  65   6   0   0    T    M    M  8.2 20  50   M    M   3        25  50
 8  82  49  66   7   0   1 0.00    M    M 11.7 20 100   M    M   2        26 130
 9  75  58  67   7   0   2 0.45    M    M 12.7 23 200   M    M   6 1      40 200
10  58  45  52  -8  13   0    T    M    M  8.5 17 310   M    M   8        25 310
11  63  39  51  -9  14   0 0.26    M    M 10.6 23  60   M    M   4        31  60
12  51  46  49 -11  16   0 0.25    M    M  7.0 17  60   M    M  10 18     24  70
13  56  44  50 -11  15   0 0.07    M    M  7.5 16 300   M    M   9 18     22 300
14  69  40  55  -6  10   0 0.00    M    M  1.6 12 310   M    M   0 1      16 300
15  74  46  60  -1   5   0 0.00    M    M  4.6 14 240   M    M   2        20 220
16  79  57  68   6   0   3 0.26    M    M  9.8 23 270   M    M   1 138    34 190
17  81  65  73  11   0   8    T    M    M  7.9 21 230   M    M   2 3      34 220
18  89  67  78  16   0  13 0.00    M    M  9.3 21 220   M    M   1        32 220
19  77  65  71   8   0   6 0.59    M    M 11.4 22 210   M    M   5 13     33 220
20  66  46  56  -7   9   0 0.00    M    M 11.1 17 320   M    M   6        26 280
21  60  46  53 -10  12   0 0.01    M    M 13.7 24 110   M    M   6        31 110
22  78  56  67   3   0   2 0.16    M    M  9.0 22 130   M    M   5 1      32 140
23  84  67  76  12   0  11 0.26    M    M 11.9 26 270   M    M   4 3      37 290
24  86  58  72   8   0   7 0.06    M    M  5.2 25 360   M    M   2        39  10
================================================================================
SM 1726 1257       118  55  2.92    M    203.1          M      106
================================================================================
AV 71.9 52.4                               8.5 FASTST   M    M   4    MAX(MPH)
                                 MISC ---->  # 28 300               # 40  200
================================================================================
NOTES:
# LAST OF SEVERAL OCCURRENCES

COLUMN 17 PEAK WIND IN M.P.H.

PRELIMINARY LOCAL CLIMATOLOGICAL DATA (WS FORM: F-6) , PAGE 2

                                          STATION:  MUNCIE IN
                                          MONTH:    MAY
                                          YEAR:     2019
                                          LATITUDE:   40 13 N
                                          LONGITUDE:  85 23 W

[TEMPERATURE DATA]      [PRECIPITATION DATA]       SYMBOLS USED IN COLUMN 16

AVERAGE MONTHLY: 62.2   TOTAL FOR MONTH:   2.92    1 = FOG OR MIST
DPTR FM NORMAL:   1.5   DPTR FM NORMAL:   -0.39    2 = FOG REDUCING VISIBILITY
HIGHEST:    89 ON 18    GRTST 24HR  0.59 ON 19-19      TO 1/4 MILE OR LESS
LOWEST:     39 ON 11                               3 = THUNDER
                        SNOW, ICE PELLETS, HAIL    4 = ICE PELLETS
                        TOTAL MONTH:    M          5 = HAIL
                        GRTST 24HR    M  ON   M    6 = FREEZING RAIN OR DRIZZLE
                        GRTST DEPTH:  M  ON   M    7 = DUSTSTORM OR SANDSTORM:
                                                       VSBY 1/2 MILE OR LESS
                                                   8 = SMOKE OR HAZE
[NO. OF DAYS WITH]      [WEATHER - DAYS WITH]      9 = BLOWING SNOW
                                                   X = TORNADO
MAX 32 OR BELOW:   0    0.01 INCH OR MORE:  14
MAX 90 OR ABOVE:   0    0.10 INCH OR MORE:  10
MIN 32 OR BELOW:   0    0.50 INCH OR MORE:   1
MIN  0 OR BELOW:   0    1.00 INCH OR MORE:   0

[HDD (BASE 65) ]
TOTAL THIS MO.   118    CLEAR  (SCALE 0-3)  10
DPTR FM NORMAL   -29    PTCLDY (SCALE 4-7)  10
TOTAL FM JUL 1  5311    CLOUDY (SCALE 8-10)  4
DPTR FM NORMAL  -428

[CDD (BASE 65) ]
TOTAL THIS MO.    55
DPTR FM NORMAL    12    [PRESSURE DATA]
TOTAL FM JAN 1    59    HIGHEST SLP M ON M
DPTR FM NORMAL     1    LOWEST  SLP 29.70 ON 19

[REMARKS]
