000
CXUS53 KDMX 240920
CF6MIW
PRELIMINARY LOCAL CLIMATOLOGICAL DATA (WS FORM: F-6)

                                          STATION:   MARSHALLTOWN IA
                                          MONTH:     MARCH
                                          YEAR:      2019
                                          LATITUDE:   42  6 N
                                          LONGITUDE:  92 55 W

  TEMPERATURE IN F:       :PCPN:    SNOW:  WIND      :SUNSHINE: SKY     :PK WND
================================================================================
1   2   3   4   5  6A  6B    7    8   9   10  11  12  13   14  15   16   17  18
                                     12Z  AVG MX 2MIN
DY MAX MIN AVG DEP HDD CDD  WTR  SNW DPTH SPD SPD DIR MIN PSBL S-S WX    SPD DR
================================================================================

 1  29  11  20  -8  45   0 0.00  0.0    M  5.8 24 310   M    M   7        29 320
 2  18   2  10 -19  55   0    T    M    M 13.4 20 330   M    M   4 1      25 330
 3   7  -8   0 -30  65   0 0.00  0.0    M 16.5 25 340   M    M   2        31 340
 4   8 -10  -1 -31  66   0 0.00  0.0    M 14.4 25 260   M    M   1        31 270
 5  16   2   9 -21  56   0 0.00  0.0    M 15.7 26 290   M    M   0        32 300
 6  28   0  14 -17  51   0 0.00  0.0    M  9.2 16 250   M    M   0        20 240
 7  23  12  18 -14  47   0    T    T    M 11.1 17 100   M    M   5 18     21  90
 8  33  21  27  -5  38   0 0.00  0.0    M 10.4 21 130   M    M  10 1      27 130
 9  34  32  33   0  32   0    M    M    M 17.8 29 280   M    M  10 1      41 290
10  34  23  29  -4  36   0 0.00  0.0    M 19.3 40 290   M    M   4 1      52 290
11  37  23  30  -4  35   0 0.00  0.0    M  3.7  9 100   M    M   3        11 160
12  38  22  30  -4  35   0 0.13  0.0    M 11.9 20 160   M    M   8 13     26 150
13  50  36  43   8  22   0 0.19  0.0    M 15.2 29 140   M    M   8 12     39 140
14  47  33  40   5  25   0 0.06    M    M 15.9 32 310   M    M   6 12     44 310
15  42  28  35  -1  30   0 0.00  0.0    M 21.5 35 310   M    M   2        45 310
16  45  25  35  -1  30   0 0.06    M    M  5.3 14  20   M    M   6 1      18  40
17  39  17  28  -9  37   0 0.00  0.0    M  6.8 15 290   M    M   5 12     20 290
18  45  24  35  -2  30   0 0.00  0.0    M  5.8 14 290   M    M   1 1      18 280
19  49  25  37  -1  28   0 0.00  0.0    0  6.4 14 190   M    M   3        17 170
20  49  28  39   1  26   0    T  0.0    0 10.4 24 310   M    M   8 12     32 320
21  52  29  41   2  24   0 0.00  0.0    0 11.6 21 290   M    M   3        27 300
22  54  28  41   2  24   0 0.00  0.0    0  8.4 13 360   M    M   0 1      18  30
23  54  24  39  -1  26   0    T  0.0    0  8.3 16 130   M    M   4        21 160
================================================================================
SM  831  427       863   0  0.44    T    264.8          M      100
================================================================================
AV 36.1 18.6                              11.5 FASTST   M    M   4    MAX(MPH)
                                 MISC ---->  # 40 290               # 52  290
================================================================================
NOTES:
# LAST OF SEVERAL OCCURRENCES

COLUMN 17 PEAK WIND IN M.P.H.

PRELIMINARY LOCAL CLIMATOLOGICAL DATA (WS FORM: F-6) , PAGE 2

                                          STATION:  MARSHALLTOWN IA
                                          MONTH:    MARCH
                                          YEAR:     2019
                                          LATITUDE:   42  6 N
                                          LONGITUDE:  92 55 W

[TEMPERATURE DATA]      [PRECIPITATION DATA]       SYMBOLS USED IN COLUMN 16

AVERAGE MONTHLY: 27.4   TOTAL FOR MONTH:   0.44    1 = FOG OR MIST
DPTR FM NORMAL:  -6.8   DPTR FM NORMAL:   -0.86    2 = FOG REDUCING VISIBILITY
HIGHEST:    54 ON 23,22 GRTST 24HR  0.19 ON 13-13      TO 1/4 MILE OR LESS
LOWEST:    -10 ON  4                               3 = THUNDER
                        SNOW, ICE PELLETS, HAIL    4 = ICE PELLETS
                        TOTAL MONTH:    T          5 = HAIL
                        GRTST 24HR    T  ON  7- 7  6 = FREEZING RAIN OR DRIZZLE
                        GRTST DEPTH:   0           7 = DUSTSTORM OR SANDSTORM:
                                                       VSBY 1/2 MILE OR LESS
                                                   8 = SMOKE OR HAZE
[NO. OF DAYS WITH]      [WEATHER - DAYS WITH]      9 = BLOWING SNOW
                                                   X = TORNADO
MAX 32 OR BELOW:   7    0.01 INCH OR MORE:   4
MAX 90 OR ABOVE:   0    0.10 INCH OR MORE:   2
MIN 32 OR BELOW:  21    0.50 INCH OR MORE:   0
MIN  0 OR BELOW:   3    1.00 INCH OR MORE:   0

[HDD (BASE 65) ]
TOTAL THIS MO.   863    CLEAR  (SCALE 0-3)  10
DPTR FM NORMAL   156    PTCLDY (SCALE 4-7)   9
TOTAL FM JUL 1  6510    CLOUDY (SCALE 8-10)  4
DPTR FM NORMAL   400

[CDD (BASE 65) ]
TOTAL THIS MO.     0
DPTR FM NORMAL     0    [PRESSURE DATA]
TOTAL FM JAN 1     0    HIGHEST SLP M ON M
DPTR FM NORMAL     0    LOWEST  SLP 29.11 ON 14

[REMARKS]
