000
CXUS55 KEAX 260736
CF6MKC
PRELIMINARY LOCAL CLIMATOLOGICAL DATA (WS FORM: F-6)

                                          STATION:   Downtown Kansas City MO
                                          MONTH:     MARCH
                                          YEAR:      2019
                                          LATITUDE:   39  7 N
                                          LONGITUDE:  94 36 W

  TEMPERATURE IN F:       :PCPN:    SNOW:  WIND      :SUNSHINE: SKY     :PK WND
================================================================================
1   2   3   4   5  6A  6B    7    8   9   10  11  12  13   14  15   16   17  18
                                     12Z  AVG MX 2MIN
DY MAX MIN AVG DEP HDD CDD  WTR  SNW DPTH SPD SPD DIR MIN PSBL S-S WX    SPD DR
================================================================================

 1  39  25  32  -8  33   0 0.00    M    M  3.5 15 330   M    M   8        22 340
 2  32  23  28 -13  37   0 0.00    M    M 11.8 18 360   M    M   4        28  10
 3  23   5  14 -27  51   0    M    M    M 14.3 24 350   M    M   5 8      32  10
 4  19   2  11 -31  54   0 0.00    M    M  8.9 17 280   M    M   0        24 270
 5  26  12  19 -23  46   0 0.00    M    M  9.7 21 300   M    M   0        32 270
 6  39  12  26 -16  39   0 0.00    M    M  6.0 14 200   M    M   0        18 220
 7  40  32  36  -7  29   0 0.00    M    M  9.0 18  90   M    M   6        29  80
 8  46  34  40  -3  25   0    T    M    M  8.0 14  90   M    M  10 18     20  90
 9  63  34  49   5  16   0 0.27    M    M 14.5 32 280   M    M   9 138    46 280
10  48  31  40  -4  25   0 0.00    M    M  6.5 15 290   M    M   1        21 290
11  55  27  41  -3  24   0 0.00    M    M  4.6 10  50   M    M   0        17  40
12  55  43  49   4  16   0    M    M    M  8.2 26 150   M    M  10 13     38 160
13  65  53  59  14   6   0 0.12    M    M 15.8 31 170   M    M   7 38     45 160
14  62  38  50   5  15   0    T    M    M 20.4 37 210   M    M   9 8      52 220
15  51  33  42  -4  23   0 0.00    M    M 10.6 26 300   M    M   3        38 310
16  62  28  45  -1  20   0 0.00    M    M  6.2 20 300   M    M   0        27 230
17  54  29  42  -4  23   0 0.00    M    M  4.6 12 330   M    M   3 8      16 320
18  55  37  46  -1  19   0 0.00    M    M  4.3 12 320   M    M   4        16 330
19  64  42  53   6  12   0 0.03    M    M  7.6 18 150   M    M   8 1      26 130
20  60  44  52   4  13   0 0.00    M    M  9.1 18 270   M    M   6 8      31 280
21  58  37  48   0  17   0 0.00    M    M  5.3 14 280   M    M   0        19 280
22  69  34  52   4  13   0 0.00    M    M  3.8  9  70   M    M   0        14 230
23  61  48  55   6  10   0    T    M    M  8.0 18 160   M    M   6 8      26 160
24  58  50  54   5  11   0    T    M    M  9.0 16 230   M    M   9        23 170
25  56  43  50   1  15   0 0.00    M    M  8.1 15 360   M    M   9 18     20 350
================================================================================
SM 1260  796       592   0  0.42    M    217.8          M      117
================================================================================
AV 50.4 31.8                               8.7 FASTST   M    M   5    MAX(MPH)
                                 MISC ---->  # 37 210               # 52  220
================================================================================
NOTES:
# LAST OF SEVERAL OCCURRENCES

COLUMN 17 PEAK WIND IN M.P.H.

PRELIMINARY LOCAL CLIMATOLOGICAL DATA (WS FORM: F-6) , PAGE 2

                                          STATION:  Downtown Kansas City MO
                                          MONTH:    MARCH
                                          YEAR:     2019
                                          LATITUDE:   39  7 N
                                          LONGITUDE:  94 36 W

[TEMPERATURE DATA]      [PRECIPITATION DATA]       SYMBOLS USED IN COLUMN 16

AVERAGE MONTHLY: 41.1   TOTAL FOR MONTH:   0.42    1 = FOG OR MIST
DPTR FM NORMAL:  -3.8   DPTR FM NORMAL:   -1.22    2 = FOG REDUCING VISIBILITY
HIGHEST:    69 ON 22    GRTST 24HR  0.27 ON  9- 9      TO 1/4 MILE OR LESS
LOWEST:      2 ON  4                               3 = THUNDER
                        SNOW, ICE PELLETS, HAIL    4 = ICE PELLETS
                        TOTAL MONTH:    M          5 = HAIL
                        GRTST 24HR    M  ON   M    6 = FREEZING RAIN OR DRIZZLE
                        GRTST DEPTH:  M  ON   M    7 = DUSTSTORM OR SANDSTORM:
                                                       VSBY 1/2 MILE OR LESS
                                                   8 = SMOKE OR HAZE
[NO. OF DAYS WITH]      [WEATHER - DAYS WITH]      9 = BLOWING SNOW
                                                   X = TORNADO
MAX 32 OR BELOW:   4    0.01 INCH OR MORE:   3
MAX 90 OR ABOVE:   0    0.10 INCH OR MORE:   2
MIN 32 OR BELOW:  11    0.50 INCH OR MORE:   0
MIN  0 OR BELOW:   0    1.00 INCH OR MORE:   0

[HDD (BASE 65) ]
TOTAL THIS MO.   592    CLEAR  (SCALE 0-3)   9
DPTR FM NORMAL    87    PTCLDY (SCALE 4-7)   9
TOTAL FM JUL 1  4534    CLOUDY (SCALE 8-10)  7
DPTR FM NORMAL   300

[CDD (BASE 65) ]
TOTAL THIS MO.     0
DPTR FM NORMAL     0    [PRESSURE DATA]
TOTAL FM JAN 1     0    HIGHEST SLP  0.00 ON M
DPTR FM NORMAL     0    LOWEST  SLP  0.00 ON M

[REMARKS]
