000
CXUS55 KEAX 250736
CF6MKC
PRELIMINARY LOCAL CLIMATOLOGICAL DATA (WS FORM: F-6)

                                          STATION:   Downtown Kansas City MO
                                          MONTH:     JUNE
                                          YEAR:      2019
                                          LATITUDE:   39  7 N
                                          LONGITUDE:  94 36 W

  TEMPERATURE IN F:       :PCPN:    SNOW:  WIND      :SUNSHINE: SKY     :PK WND
================================================================================
1   2   3   4   5  6A  6B    7    8   9   10  11  12  13   14  15   16   17  18
                                     12Z  AVG MX 2MIN
DY MAX MIN AVG DEP HDD CDD  WTR  SNW DPTH SPD SPD DIR MIN PSBL S-S WX    SPD DR
================================================================================

 1  89  62  76   4   0  11 0.00    M    M  4.3 26 230   M    M   1 3      41 220
 2  81  64  73   1   0   8 0.00    M    M  5.2 12  70   M    M   0        17  50
 3  85  66  76   4   0  11 0.00    M    M  8.8 18 170   M    M   1        26 200
 4  87  71  79   7   0  14    T    M    M  8.6 17 220   M    M   3        24 210
 5  91  73  82   9   0  17 0.00    M    M  8.9 18 140   M    M   1 3      27 130
 6  85  68  77   4   0  12 0.04    M    M  5.8 20 190   M    M   2 3      26 180
 7  90  69  80   7   0  15 0.00    M    M  6.8 16  50   M    M   0        22  90
 8  88  69  79   5   0  14 0.00    M    M  5.4 13  50   M    M   0        22 100
 9  81  65  73  -1   0   8 0.00    M    M  8.6 21 320   M    M   3        29 310
10  80  60  70  -4   0   5 0.00    M    M  7.4 18 350   M    M   0        24 330
11  81  57  69  -6   0   4 0.06    M    M  8.1 17 180   M    M   2        25 170
12  77  60  69  -6   0   4 0.13    M    M  8.6 37 360   M    M   4 13     52 360
13  80  51  66  -9   0   1 0.00    M    M  5.1 16 160   M    M   0        24 170
14  84  64  74  -2   0   9 0.06    M    M 12.2 24 210   M    M   4        35 200
15  88  72  80   4   0  15 0.82    M    M 10.9 29 210   M    M   4 138    40 230
16  88  70  79   3   0  14 0.00    M    M  5.9 14 190   M    M   1        19 200
17  86  71  79   3   0  14 0.00    M    M  7.9 13 110   M    M   4        20  90
18  83  67  75  -2   0  10 0.23    M    M  4.8 13 120   M    M   4 1      18 120
19  79  68  74  -3   0   9 0.02    M    M  6.5 15 320   M    M   7        20 330
20  90  64  77   0   0  12 0.00    M    M  6.1 14 120   M    M   1        22 200
21  83  68  76  -2   0  11 2.09    M    M  9.3 35 350   M    M   5 13     50 350
22  91  68  80   2   0  15 1.84    M    M 10.9 36 330   M    M   5 13     43 330
23  75  66  71  -7   0   6 1.19    M    M  6.8 15 160   M    M   6 138    22 100
24  81  64  73  -5   0   8 0.00    M    M  9.6 18 260   M    M   1        24 260
================================================================================
SM 2023 1577         0 247  6.48    M    182.5          M       59
================================================================================
AV 84.3 65.7                               7.6 FASTST   M    M   2    MAX(MPH)
                                 MISC ---->  # 37 360               # 52  360
================================================================================
NOTES:
# LAST OF SEVERAL OCCURRENCES

COLUMN 17 PEAK WIND IN M.P.H.

PRELIMINARY LOCAL CLIMATOLOGICAL DATA (WS FORM: F-6) , PAGE 2

                                          STATION:  Downtown Kansas City MO
                                          MONTH:    JUNE
                                          YEAR:     2019
                                          LATITUDE:   39  7 N
                                          LONGITUDE:  94 36 W

[TEMPERATURE DATA]      [PRECIPITATION DATA]       SYMBOLS USED IN COLUMN 16

AVERAGE MONTHLY: 75.0   TOTAL FOR MONTH:   6.48    1 = FOG OR MIST
DPTR FM NORMAL:  -0.0   DPTR FM NORMAL:    1.98    2 = FOG REDUCING VISIBILITY
HIGHEST:    91 ON 22, 5 GRTST 24HR  2.09 ON 21-21      TO 1/4 MILE OR LESS
LOWEST:     51 ON 13                               3 = THUNDER
                        SNOW, ICE PELLETS, HAIL    4 = ICE PELLETS
                        TOTAL MONTH:    M          5 = HAIL
                        GRTST 24HR    M  ON   M    6 = FREEZING RAIN OR DRIZZLE
                        GRTST DEPTH:  M  ON   M    7 = DUSTSTORM OR SANDSTORM:
                                                       VSBY 1/2 MILE OR LESS
                                                   8 = SMOKE OR HAZE
[NO. OF DAYS WITH]      [WEATHER - DAYS WITH]      9 = BLOWING SNOW
                                                   X = TORNADO
MAX 32 OR BELOW:   0    0.01 INCH OR MORE:  10
MAX 90 OR ABOVE:   4    0.10 INCH OR MORE:   6
MIN 32 OR BELOW:   0    0.50 INCH OR MORE:   4
MIN  0 OR BELOW:   0    1.00 INCH OR MORE:   3

[HDD (BASE 65) ]
TOTAL THIS MO.     0    CLEAR  (SCALE 0-3)  15
DPTR FM NORMAL    -3    PTCLDY (SCALE 4-7)   9
TOTAL FM JUL 1  4928    CLOUDY (SCALE 8-10)  0
DPTR FM NORMAL   244

[CDD (BASE 65) ]
TOTAL THIS MO.   247
DPTR FM NORMAL     1    [PRESSURE DATA]
TOTAL FM JAN 1   395    HIGHEST SLP  0.00 ON M
DPTR FM NORMAL    -9    LOWEST  SLP  0.00 ON M

[REMARKS]
