000
CXUS53 KMKX 230900
CF6MKE
PRELIMINARY LOCAL CLIMATOLOGICAL DATA (WS FORM: F-6)

                                          STATION:   MILWAUKEE  WI
                                          MONTH:     MAY
                                          YEAR:      2019
                                          LATITUDE:   42 57 N
                                          LONGITUDE:  87 54 W

  TEMPERATURE IN F:       :PCPN:    SNOW:  WIND      :SUNSHINE: SKY     :PK WND
================================================================================
1   2   3   4   5  6A  6B    7    8   9   10  11  12  13   14  15   16   17  18
                                     12Z  AVG MX 2MIN
DY MAX MIN AVG DEP HDD CDD  WTR  SNW DPTH SPD SPD DIR MIN PSBL S-S WX    SPD DR
================================================================================

 1  51  39  45  -6  20   0 0.19  0.0    0  8.0 18  80   M    M  10 12     24 100
 2  43  39  41 -10  24   0 0.37  0.0    0  6.2 14  50   M    M  10 18     18  50
 3  51  39  45  -7  20   0    T  0.0    0  6.5 15  20   M    M   6 1      20  10
 4  60  37  49  -3  16   0 0.00  0.0    0  6.0 16 140   M    M   2        22 130
 5  75  50  63  11   2   0 0.17  0.0    0  9.0 26 280   M    M   6        39 290
 6  60  44  52   0  13   0 0.04  0.0    0 11.3 25  20   M    M   9        38  20
 7  45  40  43 -10  22   0 0.00  0.0    0 16.5 23  20   M    M   9        34  10
 8  53  41  47  -6  18   0 0.57  0.0    0 14.4 26 140   M    M   9 1      40 140
 9  69  46  58   4   7   0 0.55    M    0 11.4 24 240   M    M   9 12     33 240
10  52  39  46  -8  19   0 0.00  0.0    0  8.5 15 340   M    M   6        20 350
11  50  41  46  -8  19   0 0.00  0.0    0  4.6 13 140   M    M   9        17 120
12  51  41  46  -8  19   0 0.00  0.0    0 10.0 18  30   M    M   9        24  20
13  57  36  47  -8  18   0 0.00  0.0    0  8.0 16  40   M    M   4        22  30
14  70  46  58   3   7   0 0.00  0.0    0  8.6 17 130   M    M   5        21 130
15  74  54  64   9   1   0 0.00  0.0    0  7.9 18 130   M    M   6        22 140
16  77  50  64   8   1   0 0.36  0.0    0  8.2 29  10   M    M   8 13     43  10
17  51  43  47  -9  18   0 0.13  0.0    0 14.3 23  30   M    M  10 3      37  10
18  59  42  51  -5  14   0 0.45  0.0    0  8.7 18  20   M    M  10 123    28  20
19  75  42  59   2   6   0 0.28  0.0    0 12.2 37 250   M    M   9 1238   59 250
20  54  44  49  -8  16   0    T  0.0    0  8.2 20 330   M    M   9        28 290
21  54  44  49  -8  16   0 0.02  0.0    0 11.8 24 110   M    M  10 3      32 110
22  82  47  65   7   0   0 1.54  0.0    0 13.8 32 100   M    M   8 138    43 110
================================================================================
SM 1313  944       296   0  4.67     0.0 214.1          M      173
================================================================================
AV 59.7 42.9                               9.7 FASTST   M    M   8    MAX(MPH)
                                 MISC ---->  # 37 250               # 59  250
================================================================================
NOTES:
# LAST OF SEVERAL OCCURRENCES

COLUMN 17 PEAK WIND IN M.P.H.

PRELIMINARY LOCAL CLIMATOLOGICAL DATA (WS FORM: F-6) , PAGE 2

                                          STATION:  MILWAUKEE  WI
                                          MONTH:    MAY
                                          YEAR:     2019
                                          LATITUDE:   42 57 N
                                          LONGITUDE:  87 54 W

[TEMPERATURE DATA]      [PRECIPITATION DATA]       SYMBOLS USED IN COLUMN 16

AVERAGE MONTHLY: 51.3   TOTAL FOR MONTH:   4.67    1 = FOG OR MIST
DPTR FM NORMAL:  -3.0   DPTR FM NORMAL:    2.32    2 = FOG REDUCING VISIBILITY
HIGHEST:    82 ON 22    GRTST 24HR  1.54 ON 22-22      TO 1/4 MILE OR LESS
LOWEST:     36 ON 13                               3 = THUNDER
                        SNOW, ICE PELLETS, HAIL    4 = ICE PELLETS
                        TOTAL MONTH:   0.0 INCH    5 = HAIL
                        GRTST 24HR     0.0         6 = FREEZING RAIN OR DRIZZLE
                        GRTST DEPTH:   0           7 = DUSTSTORM OR SANDSTORM:
                                                       VSBY 1/2 MILE OR LESS
                                                   8 = SMOKE OR HAZE
[NO. OF DAYS WITH]      [WEATHER - DAYS WITH]      9 = BLOWING SNOW
                                                   X = TORNADO
MAX 32 OR BELOW:   0    0.01 INCH OR MORE:  12
MAX 90 OR ABOVE:   0    0.10 INCH OR MORE:  10
MIN 32 OR BELOW:   0    0.50 INCH OR MORE:   3
MIN  0 OR BELOW:   0    1.00 INCH OR MORE:   1

[HDD (BASE 65) ]
TOTAL THIS MO.   296    CLEAR  (SCALE 0-3)   1
DPTR FM NORMAL    46    PTCLDY (SCALE 4-7)   8
TOTAL FM JUL 1  6766    CLOUDY (SCALE 8-10) 13
DPTR FM NORMAL    19

[CDD (BASE 65) ]
TOTAL THIS MO.     0
DPTR FM NORMAL   -12    [PRESSURE DATA]
TOTAL FM JAN 1     0    HIGHEST SLP M ON M
DPTR FM NORMAL   -17    LOWEST  SLP 29.53 ON 19

[REMARKS]
