000
CXUS53 KGRR 261017
CF6MKG
PRELIMINARY LOCAL CLIMATOLOGICAL DATA (WS FORM: F-6)

                                          STATION:   MUSKEGON
                                          MONTH:     MAY
                                          YEAR:      2019
                                          LATITUDE:   43 10 N
                                          LONGITUDE:  86 14 W

  TEMPERATURE IN F:       :PCPN:    SNOW:  WIND      :SUNSHINE: SKY     :PK WND
================================================================================
1   2   3   4   5  6A  6B    7    8   9   10  11  12  13   14  15   16   17  18
                                     12Z  AVG MX 2MIN
DY MAX MIN AVG DEP HDD CDD  WTR  SNW DPTH SPD SPD DIR MIN PSBL S-S WX    SPD DR
================================================================================

 1  54  37  46  -6  19   0 1.20  0.0    0  9.2 21 210   M    M  10 18     32 100
 2  50  37  44  -9  21   0 0.47  0.0    0  5.0 12  80   M    M   9 18     14  90
 3  57  46  52  -1  13   0 0.00  0.0    0  5.6 10 290   M    M   9 1      16  40
 4  60  41  51  -2  14   0 0.00  0.0    0  4.0 13 280   M    M   4        18 280
 5  67  37  52  -2  13   0 0.00  0.0    0  6.8 23 230   M    M   3        31 230
 6  60  49  55   1  10   0 0.01  0.0    0  5.2 15 340   M    M   7 8      19 340
 7  63  47  55   1  10   0    T  0.0    0  8.4 16  50   M    M   8        22  60
 8  59  43  51  -3  14   0    T  0.0    0 16.7 29 100   M    M   7        45 100
 9  65  45  55   0  10   0 1.68  0.0    0 10.3 25 120   M    M   9 138    35 110
10  53  38  46  -9  19   0 0.00  0.0    0 10.4 18 290   M    M   6        26 290
11  56  35  46  -9  19   0    T  0.0    0  6.1 15 120   M    M   7        21 120
12  58  45  52  -4  13   0    T  0.0    0  8.0 17  60   M    M  10        22  70
13  60  39  50  -6  15   0    T  0.0    0  7.2 16  10   M    M   8        22  10
14  63  34  49  -7  16   0 0.00  0.0    0  5.2 13 210   M    M   2        19 210
15  66  45  56  -1   9   0 0.00  0.0    0  5.9 12 270   M    M   6        16 280
16  70  47  59   2   6   0 0.05  0.0    0  8.9 26 190   M    M   7 128    38 200
17  68  53  61   4   4   0    T  0.0    0  7.7 16 270   M    M   9 12     23  30
18  80  52  66   8   0   1 0.29  0.0    0  8.8 30 220   M    M   7 1      38 220
19  72  49  61   3   4   0 0.28  0.0    0 12.9 28 190   M    M   8 18     40 190
20  58  43  51  -7  14   0    T  0.0    0 11.0 18 330   M    M   9 18     28 290
21  66  41  54  -4  11   0 0.00  0.0    0 11.0 22 110   M    M   7        34 120
22  81  44  63   4   2   0 0.31  0.0    0 13.0 25 250   M    M   7 13     36 200
23  72  48  60   1   5   0 0.41  0.0    0  9.8 21 240   M    M   4 123    30 190
24  66  46  56  -3   9   0 0.69  0.0    0  7.4 18 110   M    M   8 13     27 130
25  72  50  61   1   4   0 0.60  0.0    0 11.4 20 230   M    M   7 138    29 220
================================================================================
SM 1596 1091       274   1  5.99     0.0 215.9          M      178
================================================================================
AV 63.8 43.6                               8.6 FASTST   M    M   7    MAX(MPH)
                                 MISC ---->  # 30 220               # 45  100
================================================================================
NOTES:
# LAST OF SEVERAL OCCURRENCES

COLUMN 17 PEAK WIND IN M.P.H.

PRELIMINARY LOCAL CLIMATOLOGICAL DATA (WS FORM: F-6) , PAGE 2

                                          STATION:  MUSKEGON
                                          MONTH:    MAY
                                          YEAR:     2019
                                          LATITUDE:   43 10 N
                                          LONGITUDE:  86 14 W

[TEMPERATURE DATA]      [PRECIPITATION DATA]       SYMBOLS USED IN COLUMN 16

AVERAGE MONTHLY: 53.7   TOTAL FOR MONTH:   5.99    1 = FOG OR MIST
DPTR FM NORMAL:  -2.3   DPTR FM NORMAL:    3.34    2 = FOG REDUCING VISIBILITY
HIGHEST:    81 ON 22    GRTST 24HR  1.68 ON  9- 9      TO 1/4 MILE OR LESS
LOWEST:     34 ON 14                               3 = THUNDER
                        SNOW, ICE PELLETS, HAIL    4 = ICE PELLETS
                        TOTAL MONTH:   0.0 INCH    5 = HAIL
                        GRTST 24HR     0.0         6 = FREEZING RAIN OR DRIZZLE
                        GRTST DEPTH:   0           7 = DUSTSTORM OR SANDSTORM:
                                                       VSBY 1/2 MILE OR LESS
                                                   8 = SMOKE OR HAZE
[NO. OF DAYS WITH]      [WEATHER - DAYS WITH]      9 = BLOWING SNOW
                                                   X = TORNADO
MAX 32 OR BELOW:   0    0.01 INCH OR MORE:  11
MAX 90 OR ABOVE:   0    0.10 INCH OR MORE:   9
MIN 32 OR BELOW:   0    0.50 INCH OR MORE:   4
MIN  0 OR BELOW:   0    1.00 INCH OR MORE:   2

[HDD (BASE 65) ]
TOTAL THIS MO.   274    CLEAR  (SCALE 0-3)   2
DPTR FM NORMAL    31    PTCLDY (SCALE 4-7)  15
TOTAL FM JUL 1  6598    CLOUDY (SCALE 8-10)  8
DPTR FM NORMAL   137

[CDD (BASE 65) ]
TOTAL THIS MO.     1
DPTR FM NORMAL   -16    [PRESSURE DATA]
TOTAL FM JAN 1     1    HIGHEST SLP M ON M
DPTR FM NORMAL   -20    LOWEST  SLP 29.56 ON 19

[REMARKS]
