340
CXUS54 KMEG 190642
CF6MKL
PRELIMINARY LOCAL CLIMATOLOGICAL DATA (WS FORM: F-6)

                                          STATION:   JACKSON
                                          MONTH:     MARCH
                                          YEAR:      2019
                                          LATITUDE:   35 35 N
                                          LONGITUDE:  88 55 W

  TEMPERATURE IN F:       :PCPN:    SNOW:  WIND      :SUNSHINE: SKY     :PK WND
================================================================================
1   2   3   4   5  6A  6B    7    8   9   10  11  12  13   14  15   16   17  18
                                     12Z  AVG MX 2MIN
DY MAX MIN AVG DEP HDD CDD  WTR  SNW DPTH SPD SPD DIR MIN PSBL S-S WX    SPD DR
================================================================================

 1  39  34  37  -9  28   0 0.00  0.0    0  6.6 12 320   M    M  10 1      14 290
 2  43  38  41  -6  24   0 0.00  0.0    0  5.5 13  50   M    M  10 18     16 340
 3  41  26  34 -13  31   0 0.53    T    0 13.1 23 350   M    M  10 14     30 360
 4  31  19  25 -22  40   0 0.00  0.0    0 11.4 21 350   M    M   4        26 360
 5  35  15  25 -23  40   0 0.00  0.0    0  7.6 20 290   M    M   1        25 290
 6  41  20  31 -17  34   0 0.00  0.0    0  3.2 10 270   M    M   0        13 290
 7  47  22  35 -13  30   0 0.00  0.0    0  3.0 15 170   M    M   7        22 180
 8  54  43  49   0  16   0 0.26  0.0    0  4.6 10  30   M    M  10 1      15 170
 9  67  52  60  11   5   0 0.74  0.0    0 11.3 25 240   M    M   8 13     37 210
10  61  44  53   4  12   0 0.00  0.0    0  7.0 14 340   M    M   1        17 330
11  62  43  53   3  12   0 0.07  0.0    0  5.0 12 350   M    M   4 1      16 350
12  64  41  53   3  12   0    T  0.0    0  3.5 12 180   M    M   1        18 140
13  73  51  62  12   3   0 0.75  0.0    0 13.5 28 160   M    M   3 13     42 170
14  76  50  63  13   2   0 0.21  0.0    0 17.8 33 240   M    M   5 13     44 250
15  55  37  46  -5  19   0 0.00  0.0    0  9.6 18 280   M    M   3        25 260
16  57  27  42  -9  23   0 0.00  0.0    0  4.9 15  10   M    M   0        20  20
17  63  27  45  -6  20   0 0.00  0.0    0  6.0 21 350   M    M   0        26 320
18  57  32  45  -7  20   0 0.00  0.0    0  5.4 15  40   M    M   2        19  20
================================================================================
SM  966  621       371   0  2.56    T    139.0          M       79
================================================================================
AV 53.7 34.5                               7.7 FASTST   M    M   4    MAX(MPH)
                                 MISC ---->  # 33 240               # 44  250
================================================================================
NOTES:
# LAST OF SEVERAL OCCURRENCES

COLUMN 17 PEAK WIND IN M.P.H.

PRELIMINARY LOCAL CLIMATOLOGICAL DATA (WS FORM: F-6) , PAGE 2

                                          STATION:  JACKSON
                                          MONTH:    MARCH
                                          YEAR:     2019
                                          LATITUDE:   35 35 N
                                          LONGITUDE:  88 55 W

[TEMPERATURE DATA]      [PRECIPITATION DATA]       SYMBOLS USED IN COLUMN 16

AVERAGE MONTHLY: 44.1   TOTAL FOR MONTH:   2.56    1 = FOG OR MIST
DPTR FM NORMAL:  -5.0   DPTR FM NORMAL:   -0.08    2 = FOG REDUCING VISIBILITY
HIGHEST:    76 ON 14    GRTST 24HR  0.75 ON 13-13      TO 1/4 MILE OR LESS
LOWEST:     15 ON  5                               3 = THUNDER
                        SNOW, ICE PELLETS, HAIL    4 = ICE PELLETS
                        TOTAL MONTH:    T          5 = HAIL
                        GRTST 24HR    T  ON  3- 3  6 = FREEZING RAIN OR DRIZZLE
                        GRTST DEPTH:   0           7 = DUSTSTORM OR SANDSTORM:
                                                       VSBY 1/2 MILE OR LESS
                                                   8 = SMOKE OR HAZE
[NO. OF DAYS WITH]      [WEATHER - DAYS WITH]      9 = BLOWING SNOW
                                                   X = TORNADO
MAX 32 OR BELOW:   1    0.01 INCH OR MORE:   6
MAX 90 OR ABOVE:   0    0.10 INCH OR MORE:   5
MIN 32 OR BELOW:   8    0.50 INCH OR MORE:   3
MIN  0 OR BELOW:   0    1.00 INCH OR MORE:   0

[HDD (BASE 65) ]
TOTAL THIS MO.   371    CLEAR  (SCALE 0-3)   8
DPTR FM NORMAL    80    PTCLDY (SCALE 4-7)   6
TOTAL FM JUL 1  3147    CLOUDY (SCALE 8-10)  4
DPTR FM NORMAL   -28

[CDD (BASE 65) ]
TOTAL THIS MO.     0
DPTR FM NORMAL     0    [PRESSURE DATA]
TOTAL FM JAN 1     2    HIGHEST SLP M ON M
DPTR FM NORMAL     1    LOWEST  SLP 29.60 ON  9

[REMARKS]
