000
CXUS52 KMLB 220632
CF6MLB
PRELIMINARY LOCAL CLIMATOLOGICAL DATA (WS FORM: F-6)

                                          STATION:   MELBOURNE
                                          MONTH:     MARCH
                                          YEAR:      2019
                                          LATITUDE:   28  6 N
                                          LONGITUDE:  80 39 W

  TEMPERATURE IN F:       :PCPN:    SNOW:  WIND      :SUNSHINE: SKY     :PK WND
================================================================================
1   2   3   4   5  6A  6B    7    8   9   10  11  12  13   14  15   16   17  18
                                     12Z  AVG MX 2MIN
DY MAX MIN AVG DEP HDD CDD  WTR  SNW DPTH SPD SPD DIR MIN PSBL S-S WX    SPD DR
================================================================================

 1  81  62  72   8   0   7 0.00  0.0    0  5.5 14 140   M    M   1 1      17 120
 2  85  62  74  10   0   9 0.00  0.0    0  6.0 15 140   M    M   2 1      19 140
 3  88  67  78  14   0  13 0.00  0.0    0  8.5 18 120   M    M   3        23 120
 4  88  67  78  14   0  13 0.09  0.0    0 13.4 24 280   M    M   6 1      29 290
 5  68  52  60  -5   5   0 0.11  0.0    0  9.6 22 290   M    M   8 18     26 280
 6  61  45  53 -12  12   0 0.00  0.0    0 13.8 23 350   M    M   0        27 350
 7  70  44  57  -8   8   0 0.00  0.0    0  8.5 18  10   M    M   0        22  20
 8  76  52  64  -1   1   0 0.00  0.0    0  4.3 13  70   M    M   1        17  60
 9  81  60  71   6   0   6 0.00  0.0    0  7.5 17 100   M    M   2        22 100
10  82  65  74   9   0   9    T  0.0    0  9.1 20 140   M    M   3 1      27 110
11  86  69  78  13   0  13 0.00  0.0    0  6.9 14 140   M    M   4        17 140
12  77  64  71   6   0   6    T  0.0    0  9.8 20  10   M    M   6        23 360
13  78  68  73   7   0   8 0.00  0.0    0 12.0 21 100   M    M   2        27 100
14  79  65  72   6   0   7 0.00  0.0    0 10.4 18 150   M    M   2        24 140
15  82  62  72   6   0   7 0.00  0.0    0  7.5 18 140   M    M   2 1      23 110
16  78  66  72   6   0   7 0.41  0.0    0  7.4 16  10   M    M   8 18     19  10
17  75  62  69   3   0   4 0.01  0.0    0 11.8 22 350   M    M   9 1      25 340
18  70  60  65  -1   0   0 0.04  0.0    0 14.1 23 360   M    M   9 18     29 360
19  68  59  64  -2   1   0 0.93  0.0    0  9.4 17  60   M    M  10 1      22  70
20  73  62  68   2   0   3 0.19  0.0    0 14.0 24  10   M    M   9 18     29  20
21  78  56  67   1   0   2 0.00  0.0    0  9.4 20 260   M    M   3        27 260
================================================================================
SM 1624 1269        27 114  1.78     0.0 198.9          M       90
================================================================================
AV 77.3 60.4                               9.5 FASTST   M    M   4    MAX(MPH)
                                 MISC ---->  # 24 280               # 29  290
================================================================================
NOTES:
# LAST OF SEVERAL OCCURRENCES

COLUMN 17 PEAK WIND IN M.P.H.

PRELIMINARY LOCAL CLIMATOLOGICAL DATA (WS FORM: F-6) , PAGE 2

                                          STATION:  MELBOURNE
                                          MONTH:    MARCH
                                          YEAR:     2019
                                          LATITUDE:   28  6 N
                                          LONGITUDE:  80 39 W

[TEMPERATURE DATA]      [PRECIPITATION DATA]       SYMBOLS USED IN COLUMN 16

AVERAGE MONTHLY: 68.9   TOTAL FOR MONTH:   1.78    1 = FOG OR MIST
DPTR FM NORMAL:   3.6   DPTR FM NORMAL:   -0.47    2 = FOG REDUCING VISIBILITY
HIGHEST:    88 ON  4, 3 GRTST 24HR  0.93 ON 19-19      TO 1/4 MILE OR LESS
LOWEST:     44 ON  7                               3 = THUNDER
                        SNOW, ICE PELLETS, HAIL    4 = ICE PELLETS
                        TOTAL MONTH:   0.0 INCH    5 = HAIL
                        GRTST 24HR     0.0         6 = FREEZING RAIN OR DRIZZLE
                        GRTST DEPTH:   0           7 = DUSTSTORM OR SANDSTORM:
                                                       VSBY 1/2 MILE OR LESS
                                                   8 = SMOKE OR HAZE
[NO. OF DAYS WITH]      [WEATHER - DAYS WITH]      9 = BLOWING SNOW
                                                   X = TORNADO
MAX 32 OR BELOW:   0    0.01 INCH OR MORE:   7
MAX 90 OR ABOVE:   0    0.10 INCH OR MORE:   4
MIN 32 OR BELOW:   0    0.50 INCH OR MORE:   1
MIN  0 OR BELOW:   0    1.00 INCH OR MORE:   0

[HDD (BASE 65) ]
TOTAL THIS MO.    27    CLEAR  (SCALE 0-3)  12
DPTR FM NORMAL   -29    PTCLDY (SCALE 4-7)   5
TOTAL FM JUL 1   326    CLOUDY (SCALE 8-10)  4
DPTR FM NORMAL  -219

[CDD (BASE 65) ]
TOTAL THIS MO.   114
DPTR FM NORMAL    52    [PRESSURE DATA]
TOTAL FM JAN 1   345    HIGHEST SLP M ON M
DPTR FM NORMAL   185    LOWEST  SLP 29.84 ON  3

[REMARKS]
