731
CXUS53 KDVN 221100
CF6MLI
PRELIMINARY LOCAL CLIMATOLOGICAL DATA (WS FORM: F-6)

                                          STATION:   MOLINE IL
                                          MONTH:     MARCH
                                          YEAR:      2019
                                          LATITUDE:   41 27 N
                                          LONGITUDE:  90 31 W

  TEMPERATURE IN F:       :PCPN:    SNOW:  WIND      :SUNSHINE: SKY     :PK WND
================================================================================
1   2   3   4   5  6A  6B    7    8   9   10  11  12  13   14  15   16   17  18
                                     12Z  AVG MX 2MIN
DY MAX MIN AVG DEP HDD CDD  WTR  SNW DPTH SPD SPD DIR MIN PSBL S-S WX    SPD DR
================================================================================

 1  41  23  32   0  33   0 0.00  0.0    0  5.8 13 150   M    M   6 8      23 120
 2  32  23  28  -5  37   0 0.00  0.0    0  8.2 16 320   M    M   7 8      22 320
 3  25   0  13 -20  52   0    T    T    0 15.3 24 310   M    M   4        34 310
 4  15  -1   7 -27  58   0 0.00  0.0    0 15.8 23 280   M    M   4        30 250
 5  23  11  17 -17  48   0    T    T    0 16.5 29 300   M    M   3        42 300
 6  35   9  22 -13  43   0 0.00  0.0    0 10.2 23 250   M    M   0        30 250
 7  31  19  25 -10  40   0    T    T    0  8.6 14 110   M    M   4        19 330
 8  44  26  35  -1  30   0    T    T    0  6.3 14 130   M    M   7 18     18 120
 9  39  31  35  -1  30   0 0.84  0.0    0 15.1 35 260   M    M   9 138    47 260
10  39  27  33  -3  32   0 0.00  0.0    0 20.0 32 270   M    M   5        47 270
11  45  24  35  -2  30   0 0.00  0.0    0  4.7 12 310   M    M   2        14 320
12  49  22  36  -1  29   0 0.51  0.0    0  8.8 23 160   M    M   4 13     34 140
13  60  41  51  13  14   0 0.07  0.0    0 12.0 28 130   M    M   5 1      39 120
14  63  38  51  13  14   0 0.00  0.0    0 19.6 33 230   M    M   6 18     49 250
15  46  32  39   0  26   0 0.00  0.0    0 18.2 31 300   M    M   7        43 280
16  47  27  37  -2  28   0 0.08  1.0    0  7.4 15 270   M    M   3 1      22 260
17  45  29  37  -3  28   0 0.08  1.1    2  7.5 17 280   M    M   3 1      25 280
18  48  24  36  -4  29   0 0.00  0.0    0  3.8 15 280   M    M   3 18     21 300
19  54  23  39  -1  26   0 0.00  0.0    0  3.8 15 170   M    M   2 8      22 190
20  55  40  48   7  17   0 0.09  0.0    0  8.3 22 280   M    M  10 18     33 280
21  53  38  46   5  19   0 0.00  0.0    0 11.5 21 280   M    M   7        29 310
================================================================================
SM  889  506       663   0  1.67     2.1 227.4          M      101
================================================================================
AV 42.3 24.1                              10.8 FASTST   M    M   5    MAX(MPH)
                                 MISC ---->  # 35 260               # 49  250
================================================================================
NOTES:
# LAST OF SEVERAL OCCURRENCES

COLUMN 17 PEAK WIND IN M.P.H.

PRELIMINARY LOCAL CLIMATOLOGICAL DATA (WS FORM: F-6) , PAGE 2

                                          STATION:  MOLINE IL
                                          MONTH:    MARCH
                                          YEAR:     2019
                                          LATITUDE:   41 27 N
                                          LONGITUDE:  90 31 W

[TEMPERATURE DATA]      [PRECIPITATION DATA]       SYMBOLS USED IN COLUMN 16

AVERAGE MONTHLY: 33.2   TOTAL FOR MONTH:   1.67    1 = FOG OR MIST
DPTR FM NORMAL:  -3.6   DPTR FM NORMAL:   -0.23    2 = FOG REDUCING VISIBILITY
HIGHEST:    63 ON 14    GRTST 24HR  0.84 ON  9- 9      TO 1/4 MILE OR LESS
LOWEST:     -1 ON  4                               3 = THUNDER
                        SNOW, ICE PELLETS, HAIL    4 = ICE PELLETS
                        TOTAL MONTH:   2.1 INCHES  5 = HAIL
                        GRTST 24HR   1.1 ON 17-17  6 = FREEZING RAIN OR DRIZZLE
                        GRTST DEPTH:   2 ON 17     7 = DUSTSTORM OR SANDSTORM:
                                                       VSBY 1/2 MILE OR LESS
                                                   8 = SMOKE OR HAZE
[NO. OF DAYS WITH]      [WEATHER - DAYS WITH]      9 = BLOWING SNOW
                                                   X = TORNADO
MAX 32 OR BELOW:   5    0.01 INCH OR MORE:   6
MAX 90 OR ABOVE:   0    0.10 INCH OR MORE:   2
MIN 32 OR BELOW:  17    0.50 INCH OR MORE:   2
MIN  0 OR BELOW:   2    1.00 INCH OR MORE:   0

[HDD (BASE 65) ]
TOTAL THIS MO.   663    CLEAR  (SCALE 0-3)   5
DPTR FM NORMAL    72    PTCLDY (SCALE 4-7)  14
TOTAL FM JUL 1  5610    CLOUDY (SCALE 8-10)  2
DPTR FM NORMAL   221

[CDD (BASE 65) ]
TOTAL THIS MO.     0
DPTR FM NORMAL     0    [PRESSURE DATA]
TOTAL FM JAN 1     0    HIGHEST SLP M ON M
DPTR FM NORMAL     0    LOWEST  SLP 29.21 ON 14

[REMARKS]
