000
CXUS55 KBYZ 221056
CF6MLS
PRELIMINARY LOCAL CLIMATOLOGICAL DATA (WS FORM: F-6)

                                          STATION:   MILES CITY MT
                                          MONTH:     MAY
                                          YEAR:      2019
                                          LATITUDE:   46 25 N
                                          LONGITUDE: 105 53 W

  TEMPERATURE IN F:       :PCPN:    SNOW:  WIND      :SUNSHINE: SKY     :PK WND
================================================================================
1   2   3   4   5  6A  6B    7    8   9   10  11  12  13   14  15   16   17  18
                                     12Z  AVG MX 2MIN
DY MAX MIN AVG DEP HDD CDD  WTR  SNW DPTH SPD SPD DIR MIN PSBL S-S WX    SPD DR
================================================================================

 1  49  33  41 -10  24   0    T    M    M  5.8 15 220   M    M   7        19 220
 2  60  31  46  -6  19   0    T    M    M 10.5 31 300   M    M   3        40 250
 3  64  31  48  -4  17   0 0.00    M    M  9.6 23 270   M    M   1        34 250
 4  58  40  49  -3  16   0    T    M    M 12.1 21  40   M    M   2        28  50
 5  41  33  37 -15  28   0 0.09    M    M 12.3 24  50   M    M   9 1      28  50
 6  50  35  43 -10  22   0 0.00    M    M  7.2 15 160   M    M   9 1      18 150
 7  53  34  44  -9  21   0 0.00    M    M  8.7 17 140   M    M   9        22 140
 8  57  34  46  -7  19   0    T    M    M  9.7 18  30   M    M   7        23  30
 9  58  26  42 -12  23   0 0.00    M    M  5.1 12 200   M    M   1        15  50
10  68  33  51  -3  14   0 0.08    M    M  9.5 29 320   M    M   3 1      38 340
11  62  40  51  -3  14   0 0.00    M    M 12.3 28 330   M    M   3        34 330
12  77  34  56   1   9   0 0.01    M    M  8.4 31 300   M    M   1        42 300
13  80  50  65  10   0   0 0.21    M    M  8.3 46 330   M    M   1 38     61 330
14  79  45  62   7   3   0 0.00    M    M  8.1 14 150   M    M   0        18 140
15  81  54  68  12   0   3 0.00    M    M 11.5 21  40   M    M   1        27 240
16  62  45  54  -2  11   0 0.02    M    M 16.0 23  90   M    M   4        30  60
17  51  34  43 -13  22   0 0.52    M    M 15.7 24  90   M    M  10 1      31  80
18  38  32  35 -21  30   0 0.39    M    M 11.9 21  30   M    M   8 1      25  40
19  50  34  42 -15  23   0    T    M    M  6.3 15  80   M    M   7        20  50
20  50  35  43 -14  22   0    T    M    M 11.5 21 130   M    M   9        29 110
21  49  37  43 -14  22   0 0.19    M    M  9.7 20 100   M    M   9 1      27  80
================================================================================
SM 1237  770       359   3  1.51    M    210.2          M      104
================================================================================
AV 58.9 36.7                              10.0 FASTST   M    M   5    MAX(MPH)
                                 MISC ---->  # 46 330               # 61  330
================================================================================
NOTES:
# LAST OF SEVERAL OCCURRENCES

COLUMN 17 PEAK WIND IN M.P.H.

PRELIMINARY LOCAL CLIMATOLOGICAL DATA (WS FORM: F-6) , PAGE 2

                                          STATION:  MILES CITY MT
                                          MONTH:    MAY
                                          YEAR:     2019
                                          LATITUDE:   46 25 N
                                          LONGITUDE: 105 53 W

[TEMPERATURE DATA]      [PRECIPITATION DATA]       SYMBOLS USED IN COLUMN 16

AVERAGE MONTHLY: 47.8   TOTAL FOR MONTH:   1.51    1 = FOG OR MIST
DPTR FM NORMAL:  -6.5   DPTR FM NORMAL:    0.13    2 = FOG REDUCING VISIBILITY
HIGHEST:    81 ON 15    GRTST 24HR  0.52 ON 17-17      TO 1/4 MILE OR LESS
LOWEST:     26 ON  9                               3 = THUNDER
                        SNOW, ICE PELLETS, HAIL    4 = ICE PELLETS
                        TOTAL MONTH:    M          5 = HAIL
                        GRTST 24HR    M  ON   M    6 = FREEZING RAIN OR DRIZZLE
                        GRTST DEPTH:  M  ON   M    7 = DUSTSTORM OR SANDSTORM:
                                                       VSBY 1/2 MILE OR LESS
                                                   8 = SMOKE OR HAZE
[NO. OF DAYS WITH]      [WEATHER - DAYS WITH]      9 = BLOWING SNOW
                                                   X = TORNADO
MAX 32 OR BELOW:   0    0.01 INCH OR MORE:   8
MAX 90 OR ABOVE:   0    0.10 INCH OR MORE:   4
MIN 32 OR BELOW:   4    0.50 INCH OR MORE:   1
MIN  0 OR BELOW:   0    1.00 INCH OR MORE:   0

[HDD (BASE 65) ]
TOTAL THIS MO.   359    CLEAR  (SCALE 0-3)  10
DPTR FM NORMAL   125    PTCLDY (SCALE 4-7)   4
TOTAL FM JUL 1  8199    CLOUDY (SCALE 8-10)  7
DPTR FM NORMAL   719

[CDD (BASE 65) ]
TOTAL THIS MO.     3
DPTR FM NORMAL    -5    [PRESSURE DATA]
TOTAL FM JAN 1     3    HIGHEST SLP M ON M
DPTR FM NORMAL    -6    LOWEST  SLP 29.47 ON 17

[REMARKS]
