000
CXUS55 KBYZ 241057
CF6MLS
PRELIMINARY LOCAL CLIMATOLOGICAL DATA (WS FORM: F-6)

                                          STATION:   MILES CITY MT
                                          MONTH:     MARCH
                                          YEAR:      2019
                                          LATITUDE:   46 25 N
                                          LONGITUDE: 105 53 W

  TEMPERATURE IN F:       :PCPN:    SNOW:  WIND      :SUNSHINE: SKY     :PK WND
================================================================================
1   2   3   4   5  6A  6B    7    8   9   10  11  12  13   14  15   16   17  18
                                     12Z  AVG MX 2MIN
DY MAX MIN AVG DEP HDD CDD  WTR  SNW DPTH SPD SPD DIR MIN PSBL S-S WX    SPD DR
================================================================================

 1  23   0  12 -17  53   0 0.01    M    M 11.3 25  20   M    M  10 1      29  10
 2   0 -28 -14 -43  79   0    T    M    M 10.1 17  10   M    M   5 1      21  10
 3  -3 -31 -17 -47  82   0 0.00    M    M 12.3 23 280   M    M   0        27 280
 4   6 -22  -8 -38  73   0 0.00    M    M 13.0 25 280   M    M   0        34 280
 5  16  -8   4 -26  61   0 0.00    M    M  8.9 20 280   M    M   3        23 280
 6  11 -13  -1 -32  66   0 0.00    M    M 11.3 20  40   M    M   6        22  40
 7  24   8  16 -15  49   0 0.00    M    M 12.5 22 150   M    M   3        28 160
 8  33  10  22 -10  43   0 0.01    M    M  7.4 16  30   M    M   9 1      19  30
 9  27   6  17 -15  48   0 0.04    M    M  6.9 14 320   M    M   4 1      15 320
10  24  -5  10 -22  55   0 0.00    M    M  5.8 12 160   M    M   1 12     13 160
11  33   0  17 -16  48   0 0.00    M    M  9.5 17 140   M    M   0        20 170
12  37   9  23 -10  42   0 0.00    M    M  7.3 16 160   M    M   0        21 180
13  33   8  21 -13  44   0 0.00    M    M 16.7 33 330   M    M   5        40 330
14  35  15  25  -9  40   0 0.00    M    M 13.5 25 320   M    M   2        31 310
15  38  11  25  -9  40   0 0.00    M    M  8.9 17 270   M    M   2 12     20 270
16  38  15  27  -8  38   0 0.00    M    M  5.9 13 300   M    M   0        14 300
17  39  14  27  -8  38   0 0.00    M    M  4.4  9  30   M    M   0        12  30
18  42  14  28  -8  37   0 0.00    M    M  8.1 15 270   M    M   1 12     18 270
19  43  20  32  -4  33   0 0.00    M    M  8.0 13 270   M    M   0        15 250
20  50  24  37   1  28   0 0.00    M    M  7.0 12 280   M    M   0        12 270
21  58  26  42   5  23   0 0.00    M    M  6.6 13  30   M    M   0        16 140
22  56  28  42   5  23   0 0.00    M    M 11.8 21 140   M    M   0        25 150
23  59  34  47  10  18   0 0.00    M    M  6.6 14 140   M    M   3 1      20 130
================================================================================
SM  722  135      1061   0  0.06    M    213.8          M       54
================================================================================
AV 31.4  5.9                               9.3 FASTST   M    M   2    MAX(MPH)
                                 MISC ---->  # 33 330               # 40  330
================================================================================
NOTES:
# LAST OF SEVERAL OCCURRENCES

COLUMN 17 PEAK WIND IN M.P.H.

PRELIMINARY LOCAL CLIMATOLOGICAL DATA (WS FORM: F-6) , PAGE 2

                                          STATION:  MILES CITY MT
                                          MONTH:    MARCH
                                          YEAR:     2019
                                          LATITUDE:   46 25 N
                                          LONGITUDE: 105 53 W

[TEMPERATURE DATA]      [PRECIPITATION DATA]       SYMBOLS USED IN COLUMN 16

AVERAGE MONTHLY: 18.6   TOTAL FOR MONTH:   0.06    1 = FOG OR MIST
DPTR FM NORMAL: -14.5   DPTR FM NORMAL:   -0.33    2 = FOG REDUCING VISIBILITY
HIGHEST:    59 ON 23    GRTST 24HR  0.04 ON  9- 9      TO 1/4 MILE OR LESS
LOWEST:    -31 ON  3                               3 = THUNDER
                        SNOW, ICE PELLETS, HAIL    4 = ICE PELLETS
                        TOTAL MONTH:    M          5 = HAIL
                        GRTST 24HR    M  ON   M    6 = FREEZING RAIN OR DRIZZLE
                        GRTST DEPTH:  M  ON   M    7 = DUSTSTORM OR SANDSTORM:
                                                       VSBY 1/2 MILE OR LESS
                                                   8 = SMOKE OR HAZE
[NO. OF DAYS WITH]      [WEATHER - DAYS WITH]      9 = BLOWING SNOW
                                                   X = TORNADO
MAX 32 OR BELOW:   9    0.01 INCH OR MORE:   3
MAX 90 OR ABOVE:   0    0.10 INCH OR MORE:   0
MIN 32 OR BELOW:  22    0.50 INCH OR MORE:   0
MIN  0 OR BELOW:   8    1.00 INCH OR MORE:   0

[HDD (BASE 65) ]
TOTAL THIS MO.  1061    CLEAR  (SCALE 0-3)  16
DPTR FM NORMAL   326    PTCLDY (SCALE 4-7)   5
TOTAL FM JUL 1  7112    CLOUDY (SCALE 8-10)  2
DPTR FM NORMAL   643

[CDD (BASE 65) ]
TOTAL THIS MO.     0
DPTR FM NORMAL     0    [PRESSURE DATA]
TOTAL FM JAN 1     0    HIGHEST SLP  0.00 ON 17
DPTR FM NORMAL     0    LOWEST  SLP 29.60 ON M

[REMARKS]
