000
CXUS51 KCAR 200600
CF6MLT
PRELIMINARY LOCAL CLIMATOLOGICAL DATA (WS FORM: F-6)

                                          STATION:   MILLINOCKET ME
                                          MONTH:     MARCH
                                          YEAR:      2019
                                          LATITUDE:   45 39 N
                                          LONGITUDE:  68 41 W

  TEMPERATURE IN F:       :PCPN:    SNOW:  WIND      :SUNSHINE: SKY     :PK WND
================================================================================
1   2   3   4   5  6A  6B    7    8   9   10  11  12  13   14  15   16   17  18
                                     12Z  AVG MX 2MIN
DY MAX MIN AVG DEP HDD CDD  WTR  SNW DPTH SPD SPD DIR MIN PSBL S-S WX    SPD DR
================================================================================

 1  33   4  19  -4  46   0 0.00    M    M  3.0 13 310   M    M   0 8      16 310
 2  34   2  18  -6  47   0 0.00    M    M  3.9 13  80   M    M   2 8      15  40
 3  36  14  25   1  40   0    T    M    M  2.9 12 310   M    M   8 8      15 300
 4  32  18  25   1  40   0 0.35    M    M  6.4 20 300   M    M  10 12     28 290
 5  24   4  14 -10  51   0 0.00    M    M  6.3 17 300   M    M   1        26 280
 6  19  -1   9 -16  56   0    T    M    M  6.1 21 310   M    M   6 8      30 280
 7  15  -9   3 -22  62   0    T    M    M  5.8 18 310   M    M   2 18     24 310
 8  31 -14   9 -16  56   0 0.00    M    M  3.7 12 250   M    M   1 8      19 240
 9  31  -2  15 -11  50   0 0.00    M    M  5.0 20 340   M    M   0 8      27 360
10  29  -7  11 -15  54   0 0.37    M    M  4.5 13 140   M    M   5 128    19 160
11  42  22  32   6  33   0 0.01    M    M  6.3 18 290   M    M   9 1      29 280
12  35  21  28   1  37   0 0.00    M    M 11.1 22 300   M    M   2        29 310
13  44  17  31   4  34   0 0.00    M    M  3.7 10 310   M    M   2        15 320
14  46  19  33   6  32   0 0.00    M    M  3.4 12 160   M    M   2        18 150
15  44  35  40  12  25   0 0.06    M    M  3.2  9 170   M    M  10 12     16 190
16  43  26  35   7  30   0    T    M    M 11.0 23 300   M    M   9 12     38 280
17  28  19  24  -4  41   0 0.00    M    M 10.5 21 310   M    M   1        31 310
18  32  10  21  -7  44   0 0.00    M    M  6.9 21 310   M    M   0        29 320
19  32   1  17 -12  48   0 0.00    M    M  4.2 18 310   M    M   0        27 310
================================================================================
SM  630  179       826   0  0.79    M    107.9          M       70
================================================================================
AV 33.2  9.4                               5.7 FASTST   M    M   4    MAX(MPH)
                                 MISC ---->  # 23 300               # 38  280
================================================================================
NOTES:
# LAST OF SEVERAL OCCURRENCES

COLUMN 17 PEAK WIND IN M.P.H.

PRELIMINARY LOCAL CLIMATOLOGICAL DATA (WS FORM: F-6) , PAGE 2

                                          STATION:  MILLINOCKET ME
                                          MONTH:    MARCH
                                          YEAR:     2019
                                          LATITUDE:   45 39 N
                                          LONGITUDE:  68 41 W

[TEMPERATURE DATA]      [PRECIPITATION DATA]       SYMBOLS USED IN COLUMN 16

AVERAGE MONTHLY: 21.3   TOTAL FOR MONTH:   0.79    1 = FOG OR MIST
DPTR FM NORMAL:  -4.7   DPTR FM NORMAL:   -0.80    2 = FOG REDUCING VISIBILITY
HIGHEST:    46 ON 14    GRTST 24HR  0.37 ON 10-10      TO 1/4 MILE OR LESS
LOWEST:    -14 ON  8                               3 = THUNDER
                        SNOW, ICE PELLETS, HAIL    4 = ICE PELLETS
                        TOTAL MONTH:    M          5 = HAIL
                        GRTST 24HR    M  ON   M    6 = FREEZING RAIN OR DRIZZLE
                        GRTST DEPTH:  M  ON   M    7 = DUSTSTORM OR SANDSTORM:
                                                       VSBY 1/2 MILE OR LESS
                                                   8 = SMOKE OR HAZE
[NO. OF DAYS WITH]      [WEATHER - DAYS WITH]      9 = BLOWING SNOW
                                                   X = TORNADO
MAX 32 OR BELOW:  10    0.01 INCH OR MORE:   4
MAX 90 OR ABOVE:   0    0.10 INCH OR MORE:   2
MIN 32 OR BELOW:  18    0.50 INCH OR MORE:   0
MIN  0 OR BELOW:   5    1.00 INCH OR MORE:   0

[HDD (BASE 65) ]
TOTAL THIS MO.   826    CLEAR  (SCALE 0-3)  12
DPTR FM NORMAL    85    PTCLDY (SCALE 4-7)   3
TOTAL FM JUL 1  7140    CLOUDY (SCALE 8-10)  4
DPTR FM NORMAL   347

[CDD (BASE 65) ]
TOTAL THIS MO.     0
DPTR FM NORMAL     0    [PRESSURE DATA]
TOTAL FM JAN 1     0    HIGHEST SLP M ON M
DPTR FM NORMAL     0    LOWEST  SLP 29.44 ON 16

[REMARKS]
