000
CXUS54 KSHV 281300
CF6MLU
PRELIMINARY LOCAL CLIMATOLOGICAL DATA (WS FORM: F-6)
STATION: MONROE
MONTH: MARCH
YEAR: 2024
LATITUDE: 32 30 N
LONGITUDE: 92 2 W
TEMPERATURE IN F: :PCPN: SNOW: WIND :SUNSHINE: SKY :PK WND
================================================================================
1 2 3 4 5 6A 6B 7 8 9 10 11 12 13 14 15 16 17 18
12Z AVG MX 2MIN
DY MAX MIN AVG DEP HDD CDD WTR SNW DPTH SPD SPD DIR MIN PSBL S-S WX SPD DR
================================================================================
1 62 42 52 -2 13 0 0.21 0.0 0 2.8 14 350 M M 6 13 19 140
2 72 41 57 3 8 0 0.00 0.0 0 4.2 8 90 M M 5 12 13 80
3 79 52 66 11 0 1 0.00 0.0 0 3.9 14 200 M M 7 18 19 200
4 81 65 73 18 0 8 0.68 0.0 0 4.8 29 220 M M 8 13 44 160
5 74 55 65 10 0 0 0.23 0.0 0 4.2 22 210 M M 4 123 28 210
6 73 52 63 7 2 0 0.00 0.0 0 5.3 14 60 M M 5 1 19 70
7 70 58 64 8 1 0 0.00 0.0 0 5.2 10 80 M M 5 1 15 90
8 69 62 66 10 0 1 1.86 0.0 0 6.5 25 300 M M 9 13 33 290
9 62 47 55 -1 10 0 0.02 0.0 0 8.6 20 340 M M 7 1 26 330
10 65 42 54 -3 11 0 0.00 0.0 0 3.4 12 50 M M 0 16 60
11 68 44 56 -1 9 0 0.00 0.0 0 1.1 9 150 M M 2 13 110
12 75 42 59 2 6 0 0.00 0.0 0 4.6 16 220 M M 1 24 220
13 81 60 71 14 0 6 0.00 0.0 0 7.2 15 200 M M 6 23 190
14 86 68 77 19 0 12 0.00 0.0 0 9.0 18 190 M M 7 18 29 190
15 77 62 70 12 0 5 1.25 0.0 0 6.7 22 50 M M 9 13 31 100
16 72 58 65 7 0 0 0.24 0.0 0 5.8 18 330 M M 8 1 24 340
17 66 55 61 3 4 0 0.11 0.0 0 3.5 10 20 M M 9 1 15 30
18 62 41 52 -7 13 0 0.00 0.0 0 10.4 23 350 M M 2 35 360
19 65 36 51 -8 14 0 0.00 0.0 0 3.7 12 210 M M 0 16 260
20 75 43 59 0 6 0 0.00 0.0 0 4.1 10 210 M M 2 16 190
21 70 50 60 0 5 0 T 0.0 0 2.9 10 190 M M 6 15 180
22 58 54 56 -4 9 0 1.27 0.0 0 6.5 16 340 M M 10 1 22 330
23 67 48 58 -2 7 0 0.00 0.0 0 9.3 17 20 M M 0 26 10
24 69 47 58 -2 7 0 0.00 0.0 0 5.7 14 130 M M 2 23 140
25 72 53 63 3 2 0 1.81 0.0 0 8.9 28 300 M M 9 13 36 130
26 68 49 59 -2 6 0 0.00 0.0 0 5.5 15 320 M M 1 1 20 320
27 64 45 55 -6 10 0 0.00 0.0 0 5.8 14 40 M M 0 18 60
================================================================================
SM 1902 1371 143 33 7.68 0.0 149.6 M 130
================================================================================
AV 70.4 50.8 5.5 FASTST M M 5 MAX(MPH)
MISC ----> 29 220 44 160
================================================================================
NOTES:
# LAST OF SEVERAL OCCURRENCES
COLUMN 17 PEAK WIND IN M.P.H.
PRELIMINARY LOCAL CLIMATOLOGICAL DATA (WS FORM: F-6) , PAGE 2
STATION: MONROE
MONTH: MARCH
YEAR: 2024
LATITUDE: 32 30 N
LONGITUDE: 92 2 W
[TEMPERATURE DATA] [PRECIPITATION DATA] SYMBOLS USED IN COLUMN 16
AVERAGE MONTHLY: 60.6 TOTAL FOR MONTH: 7.68 1 = FOG OR MIST
DPTR FM NORMAL: 3.0 DPTR FM NORMAL: 3.12 2 = FOG REDUCING VISIBILITY
HIGHEST: 86 ON 14 GRTST 24HR 1.86 ON 8- 8 TO 1/4 MILE OR LESS
LOWEST: 36 ON 19 3 = THUNDER
SNOW, ICE PELLETS, HAIL 4 = ICE PELLETS
TOTAL MONTH: 0.0 INCH 5 = HAIL
GRTST 24HR 0.0 6 = FREEZING RAIN OR DRIZZLE
GRTST DEPTH: 0 7 = DUSTSTORM OR SANDSTORM:
VSBY 1/2 MILE OR LESS
8 = SMOKE OR HAZE
[NO. OF DAYS WITH] [WEATHER - DAYS WITH] 9 = BLOWING SNOW
X = TORNADO
MAX 32 OR BELOW: 0 0.01 INCH OR MORE: 10
MAX 90 OR ABOVE: 0 0.10 INCH OR MORE: 9
MIN 32 OR BELOW: 0 0.50 INCH OR MORE: 5
MIN 0 OR BELOW: 0 1.00 INCH OR MORE: 4
[HDD (BASE 65) ]
TOTAL THIS MO. 143 CLEAR (SCALE 0-3) 10
DPTR FM NORMAL -81 PTCLDY (SCALE 4-7) 12
TOTAL FM JUL 1 1766 CLOUDY (SCALE 8-10) 5
DPTR FM NORMAL -333
[CDD (BASE 65) ]
TOTAL THIS MO. 33
DPTR FM NORMAL 4 [PRESSURE DATA]
TOTAL FM JAN 1 58 HIGHEST SLP M ON M
DPTR FM NORMAL 17 LOWEST SLP 29.41 ON 25
[REMARKS]