000
CXUS56 KPQR 251200
CF6MMV
PRELIMINARY LOCAL CLIMATOLOGICAL DATA (WS FORM: F-6)

                                          STATION:   MCMINNVILLE OR
                                          MONTH:     MARCH
                                          YEAR:      2019
                                          LATITUDE:   45 11 N
                                          LONGITUDE: 123  8 W

  TEMPERATURE IN F:       :PCPN:    SNOW:  WIND      :SUNSHINE: SKY     :PK WND
================================================================================
1   2   3   4   5  6A  6B    7    8   9   10  11  12  13   14  15   16   17  18
                                     12Z  AVG MX 2MIN
DY MAX MIN AVG DEP HDD CDD  WTR  SNW DPTH SPD SPD DIR MIN PSBL S-S WX    SPD DR
================================================================================

 1  51  34  43  -1  22   0 0.01    M    M  4.6  9 360   M    M   7 1      12 340
 2  50  30  40  -4  25   0 0.00    M    M 10.1 18  10   M    M   0        23  50
 3  45  27  36  -9  29   0 0.00    M    M 13.2 22  20   M    M   0        26  30
 4  46  25  36  -9  29   0 0.00    M    M  8.2 13  40   M    M   0        15  30
 5  46  27  37  -8  28   0 0.00    M    M  8.3 14 360   M    M   2        20  20
 6  37  32  35 -10  30   0 0.12    M    M  5.6 12 360   M    M   9 1      14 360
 7  46  30  38  -7  27   0 0.07    M    M  5.8 17 250   M    M   8 1      22 240
 8  44  28  36 -10  29   0 0.18    M    M  4.2 16 310   M    M   8 12     19 330
 9  49  34  42  -4  23   0 0.00    M    M  7.1 15 360   M    M   6 1      18  10
10  53  31  42  -4  23   0 0.00    M    M  9.6 15 340   M    M   0        20 340
11  57  25  41  -5  24   0 0.17    M    M  4.0 14 260   M    M   3 1      17 260
12  51  37  44  -2  21   0 0.15    M    M  8.8 23 310   M    M   6        30 300
13  53  31  42  -4  23   0 0.00    M    M  4.9 14 240   M    M   5        17 240
14  57  31  44  -2  21   0 0.00    M    M  2.3  7 230   M    M   3 18      9 120
15  63  32  48   1  17   0 0.00    M    M  2.6  8 350   M    M   0        10 340
16  62  32  47   0  18   0 0.00    M    M  1.8  8 350   M    M   0        10 360
17  71  32  52   5  13   0 0.00    M    M  6.5 15  20   M    M   0        19  20
18  71  48  60  13   5   0 0.00    M    M 12.1 23  60   M    M   0        31  40
19  75  49  62  15   3   0 0.00    M    M 11.7 17  10   M    M   0        21 330
20  74  49  62  15   3   0 0.00    M    M  8.6 14 230   M    M   1        20 160
21  56  39  48   1  17   0 0.01  0.0    0  3.6 13 210   M    M   6 12     15 220
22  54  34  44  -4  21   0 0.11    M    M  3.6 15 210   M    M   7 12     17 210
23  58  36  47  -1  18   0 0.06    M    M  3.0 16 260   M    M   7 12     21 250
24  60  37  49   1  16   0 0.00    M    M  3.7 12 350   M    M   5 12     13 350
================================================================================
SM 1329  810       485   0  0.88     0.0 153.9          M       83
================================================================================
AV 55.4 33.8                               6.4 FASTST   M    M   3    MAX(MPH)
                                 MISC ---->  # 23 310               # 31   40
================================================================================
NOTES:
# LAST OF SEVERAL OCCURRENCES

COLUMN 17 PEAK WIND IN M.P.H.

PRELIMINARY LOCAL CLIMATOLOGICAL DATA (WS FORM: F-6) , PAGE 2

                                          STATION:  MCMINNVILLE OR
                                          MONTH:    MARCH
                                          YEAR:     2019
                                          LATITUDE:   45 11 N
                                          LONGITUDE: 123  8 W

[TEMPERATURE DATA]      [PRECIPITATION DATA]       SYMBOLS USED IN COLUMN 16

AVERAGE MONTHLY: 44.6   TOTAL FOR MONTH:   0.88    1 = FOG OR MIST
DPTR FM NORMAL:  -1.6   DPTR FM NORMAL:   -2.32    2 = FOG REDUCING VISIBILITY
HIGHEST:    75 ON 19    GRTST 24HR  0.18 ON  8- 8      TO 1/4 MILE OR LESS
LOWEST:     25 ON 11, 4                            3 = THUNDER
                        SNOW, ICE PELLETS, HAIL    4 = ICE PELLETS
                        TOTAL MONTH:   0.0 INCH    5 = HAIL
                        GRTST 24HR     0.0         6 = FREEZING RAIN OR DRIZZLE
                        GRTST DEPTH:   0           7 = DUSTSTORM OR SANDSTORM:
                                                       VSBY 1/2 MILE OR LESS
                                                   8 = SMOKE OR HAZE
[NO. OF DAYS WITH]      [WEATHER - DAYS WITH]      9 = BLOWING SNOW
                                                   X = TORNADO
MAX 32 OR BELOW:   0    0.01 INCH OR MORE:   9
MAX 90 OR ABOVE:   0    0.10 INCH OR MORE:   5
MIN 32 OR BELOW:  14    0.50 INCH OR MORE:   0
MIN  0 OR BELOW:   0    1.00 INCH OR MORE:   0

[HDD (BASE 65) ]
TOTAL THIS MO.   485    CLEAR  (SCALE 0-3)  13
DPTR FM NORMAL    31    PTCLDY (SCALE 4-7)   9
TOTAL FM JUL 1  3741    CLOUDY (SCALE 8-10)  2
DPTR FM NORMAL   -92

[CDD (BASE 65) ]
TOTAL THIS MO.     0
DPTR FM NORMAL     0    [PRESSURE DATA]
TOTAL FM JAN 1     0    HIGHEST SLP M ON M
DPTR FM NORMAL     0    LOWEST  SLP 29.61 ON  6

[REMARKS]
