819
CXUS55 KBOI 211002
CF6MUO
PRELIMINARY LOCAL CLIMATOLOGICAL DATA (WS FORM: F-6)

                                          STATION:   MOUNTAIN HOME AFB
                                          MONTH:     MAY
                                          YEAR:      2019
                                          LATITUDE:   43  2 N
                                          LONGITUDE: 115 52 W

  TEMPERATURE IN F:       :PCPN:    SNOW:  WIND      :SUNSHINE: SKY     :PK WND
================================================================================
1   2   3   4   5  6A  6B    7    8   9   10  11  12  13   14  15   16   17  18
                                     12Z  AVG MX 2MIN
DY MAX MIN AVG DEP HDD CDD  WTR  SNW DPTH SPD SPD DIR MIN PSBL S-S WX    SPD DR
================================================================================

 1  61  23  42 -12  23   0 0.00    M    M  4.7  9  50   M    M   0         M  M
 2  68  31  50  -4  15   0 0.00    M    M 10.9 18 340   M    M   3        32 310
 3  70  28  49  -5  16   0 0.00    M    M  4.1 10  20   M    M   0         M  M
 4  77  38  58   3   7   0 0.00    M    M  9.0 16 350   M    M   0        20 330
 5  78  40  59   4   6   0 0.00    M    M  5.8 16 350   M    M   0        22 320
 6  79  41  60   5   5   0 0.00    M    M 10.1 20 310   M    M   1        24 320
 7  76  46  61   5   4   0 0.00    M    M 18.0 32 310   M    M   0        53 300
 8  75  46  61   5   4   0 0.00    M    M 14.5 22 330   M    M   2        33 330
 9  65  41  53  -3  12   0    T    M    M  7.6 25  90   M    M   4        41 100
10  72  34  53  -4  12   0 0.00    M    M  4.7  8 100   M    M   0         M  M
11  82  37  60   3   5   0 0.00    M    M  3.6 10 310   M    M   0         M  M
12  86  44  65   8   0   0 0.00    M    M  7.9 20 340   M    M   0        23  10
13  87  50  69  12   0   4 0.00    M    M  7.3 20 120   M    M   5        36 310
14  87  51  69  11   0   4    T    M    M  8.6 23 310   M    M   4        30 310
15  78  59  69  11   0   4    T    M    M 12.1 20 320   M    M   9        30 340
16  63  49  56  -2   9   0 0.23    M    M  9.0 23 340   M    M   9 1      31 320
17  51  46  49 -10  16   0 0.33    M    M  4.5 21 290   M    M   9        29 290
18  68  43  56  -3   9   0 0.00    M    M  8.9 16 310   M    M   5         M  M
19   M   M   M   M   M   M 0.30    M    M 13.8 30 100   M    M  10 1      36 100
20  57  44  51  -9  14   0 0.63    M    M  6.5 12 240   M    M   9 1       M  M
================================================================================
SM 1380  791       157  12  1.49    M    171.6          M       70
================================================================================
AV 72.6 41.6                               8.6 FASTST   M    M   4    MAX(MPH)
                                 MISC ---->  # 32 310               # 53  300
================================================================================
NOTES:
# LAST OF SEVERAL OCCURRENCES

COLUMN 17 PEAK WIND IN M.P.H.

PRELIMINARY LOCAL CLIMATOLOGICAL DATA (WS FORM: F-6) , PAGE 2

                                          STATION:  MOUNTAIN HOME AFB
                                          MONTH:    MAY
                                          YEAR:     2019
                                          LATITUDE:   43  2 N
                                          LONGITUDE: 115 52 W

[TEMPERATURE DATA]      [PRECIPITATION DATA]       SYMBOLS USED IN COLUMN 16

AVERAGE MONTHLY: 57.1   TOTAL FOR MONTH:   1.49    1 = FOG OR MIST
DPTR FM NORMAL:   0.5   DPTR FM NORMAL:    0.63    2 = FOG REDUCING VISIBILITY
HIGHEST:    87 ON 14,13 GRTST 24HR  0.63 ON 20-20      TO 1/4 MILE OR LESS
LOWEST:     23 ON  1                               3 = THUNDER
                        SNOW, ICE PELLETS, HAIL    4 = ICE PELLETS
                        TOTAL MONTH:    M          5 = HAIL
                        GRTST 24HR    M  ON   M    6 = FREEZING RAIN OR DRIZZLE
                        GRTST DEPTH:  M  ON   M    7 = DUSTSTORM OR SANDSTORM:
                                                       VSBY 1/2 MILE OR LESS
                                                   8 = SMOKE OR HAZE
[NO. OF DAYS WITH]      [WEATHER - DAYS WITH]      9 = BLOWING SNOW
                                                   X = TORNADO
MAX 32 OR BELOW:   0    0.01 INCH OR MORE:   4
MAX 90 OR ABOVE:   0    0.10 INCH OR MORE:   4
MIN 32 OR BELOW:   3    0.50 INCH OR MORE:   1
MIN  0 OR BELOW:   0    1.00 INCH OR MORE:   0

[HDD (BASE 65) ]
TOTAL THIS MO.   157    CLEAR  (SCALE 0-3)  11
DPTR FM NORMAL   -34    PTCLDY (SCALE 4-7)   4
TOTAL FM JUL 1  5150    CLOUDY (SCALE 8-10)  5
DPTR FM NORMAL  -551

[CDD (BASE 65) ]
TOTAL THIS MO.    12
DPTR FM NORMAL    -5    [PRESSURE DATA]
TOTAL FM JAN 1    12    HIGHEST SLP M ON M
DPTR FM NORMAL    -5    LOWEST  SLP M ON M

[REMARKS]
