000
CXUS51 KBTV 260700
CF6MVL
PRELIMINARY LOCAL CLIMATOLOGICAL DATA (WS FORM: F-6)

                                          STATION:   MORRISVILLE VT
                                          MONTH:     MARCH
                                          YEAR:      2019
                                          LATITUDE:   44 31 N
                                          LONGITUDE:  72 37 W

  TEMPERATURE IN F:       :PCPN:    SNOW:  WIND      :SUNSHINE: SKY     :PK WND
================================================================================
1   2   3   4   5  6A  6B    7    8   9   10  11  12  13   14  15   16   17  18
                                     12Z  AVG MX 2MIN
DY MAX MIN AVG DEP HDD CDD  WTR  SNW DPTH SPD SPD DIR MIN PSBL S-S WX    SPD DR
================================================================================

 1  33  -9  12 -11  53   0    T    M    0  1.4 12 170   M    M   0 1      14 160
 2  38   6  22  -1  43   0    T    M    0  2.3 12 340   M    M   5 1      14 340
 3  32  20  26   2  39   0    T    M    0  2.3  8 170   M    M   8 1      11 200
 4  27  14  21  -3  44   0 0.08    M    0  7.1 20  10   M    M   8 18     24  10
 5  21  -1  10 -14  55   0    T    M    0  4.8 14 230   M    M   8 1      23 270
 6  15   7  11 -14  54   0    T    M    0  6.4 18 300   M    M   7 8      26 330
 7  19   0  10 -15  55   0    T    M    0  3.7 14 310   M    M   8 18     20 320
 8  32  -8  12 -14  53   0    T    M    0  5.3 15 210   M    M   0 18     19 210
 9  34  -1  17  -9  48   0    T    M    0  3.2 15  10   M    M   0        18  10
10  33   9  21  -5  44   0 0.02    M    0 11.3 32 180   M    M   7 128    46 160
11  38  27  33   6  32   0 0.03    M    0  7.8 17 310   M    M  10 1      29 280
12  31   8  20  -7  45   0 0.06    M    0  8.2 18 340   M    M   5 1      30 330
13  38   1  20  -7  45   0 0.03    M    0  1.8 12 200   M    M   4 1      17 210
14  49  26  38  10  27   0 0.00  0.0    0  4.4 16 160   M    M   7 12     22 160
15  59  34  47  19  18   0 0.03    M    0  4.6 23 220   M    M   7 1      32 210
16  41  24  33   5  32   0 0.01    M    0  7.7 20 240   M    M  10 1      32 240
17  27  19  23  -6  42   0    T    M    0  7.5 18 320   M    M   9 18     24 330
18  33   8  21  -8  44   0    T    M    0  5.8 16 320   M    M   2 8      22 320
19  33   5  19 -11  46   0    T    M    0  2.7 16 280   M    M   2        23 280
20  46   4  25  -5  40   0 0.00  0.0    0  3.3 14 210   M    M   0        21 210
21  45  23  34   4  31   0 0.03    M    0  6.3 20 170   M    M   8 1      25 150
22  34  32  33   2  32   0 0.59    M    0  9.4 21 340   M    M  10 12     30 330
23  33  14  24  -7  41   0 0.02    M    0  6.3 18  20   M    M   8 18     31 330
24  45  12  29  -3  36   0    T    M    0  8.3 16  20   M    M   4 1      23 350
25  33  11  22 -10  43   0    T    M    0  7.4 15 310   M    M   1 1      22 310
================================================================================
SM  869  285      1042   0  0.90     0.0 139.3          M      138
================================================================================
AV 34.8 11.4                               5.6 FASTST   M    M   6    MAX(MPH)
                                 MISC ---->  # 32 180               # 46  160
================================================================================
NOTES:
# LAST OF SEVERAL OCCURRENCES

COLUMN 17 PEAK WIND IN M.P.H.

PRELIMINARY LOCAL CLIMATOLOGICAL DATA (WS FORM: F-6) , PAGE 2

                                          STATION:  MORRISVILLE VT
                                          MONTH:    MARCH
                                          YEAR:     2019
                                          LATITUDE:   44 31 N
                                          LONGITUDE:  72 37 W

[TEMPERATURE DATA]      [PRECIPITATION DATA]       SYMBOLS USED IN COLUMN 16

AVERAGE MONTHLY: 23.1   TOTAL FOR MONTH:   0.90    1 = FOG OR MIST
DPTR FM NORMAL:  -4.3   DPTR FM NORMAL:   -0.38    2 = FOG REDUCING VISIBILITY
HIGHEST:    59 ON 15    GRTST 24HR  0.59 ON 22-22      TO 1/4 MILE OR LESS
LOWEST:     -9 ON  1                               3 = THUNDER
                        SNOW, ICE PELLETS, HAIL    4 = ICE PELLETS
                        TOTAL MONTH:   0.0 INCH    5 = HAIL
                        GRTST 24HR     0.0         6 = FREEZING RAIN OR DRIZZLE
                        GRTST DEPTH:   0           7 = DUSTSTORM OR SANDSTORM:
                                                       VSBY 1/2 MILE OR LESS
                                                   8 = SMOKE OR HAZE
[NO. OF DAYS WITH]      [WEATHER - DAYS WITH]      9 = BLOWING SNOW
                                                   X = TORNADO
MAX 32 OR BELOW:   8    0.01 INCH OR MORE:  10
MAX 90 OR ABOVE:   0    0.10 INCH OR MORE:   1
MIN 32 OR BELOW:  24    0.50 INCH OR MORE:   1
MIN  0 OR BELOW:   5    1.00 INCH OR MORE:   0

[HDD (BASE 65) ]
TOTAL THIS MO.  1042    CLEAR  (SCALE 0-3)   7
DPTR FM NORMAL   104    PTCLDY (SCALE 4-7)  13
TOTAL FM JUL 1  7201    CLOUDY (SCALE 8-10)  5
DPTR FM NORMAL   303

[CDD (BASE 65) ]
TOTAL THIS MO.     0
DPTR FM NORMAL     0    [PRESSURE DATA]
TOTAL FM JAN 1     0    HIGHEST SLP M ON M
DPTR FM NORMAL     0    LOWEST  SLP 29.24 ON 22

[REMARKS]
