000
CXUS51 KBTV 220700
CF6MVL
PRELIMINARY LOCAL CLIMATOLOGICAL DATA (WS FORM: F-6)

                                          STATION:   MORRISVILLE VT
                                          MONTH:     MAY
                                          YEAR:      2019
                                          LATITUDE:   44 31 N
                                          LONGITUDE:  72 37 W

  TEMPERATURE IN F:       :PCPN:    SNOW:  WIND      :SUNSHINE: SKY     :PK WND
================================================================================
1   2   3   4   5  6A  6B    7    8   9   10  11  12  13   14  15   16   17  18
                                     12Z  AVG MX 2MIN
DY MAX MIN AVG DEP HDD CDD  WTR  SNW DPTH SPD SPD DIR MIN PSBL S-S WX    SPD DR
================================================================================

 1  49  33  41  -8  24   0 0.25    M    0  2.5  9 160   M    M   7 1      13 210
 2  49  40  45  -4  20   0 0.07    M    0  3.1  8  20   M    M  10 1      11 340
 3  49  43  46  -4  19   0 0.24    M    0  2.4  9 170   M    M  10 1      11 220
 4  56  40  48  -2  17   0    T    M    0  2.6 12  20   M    M  10 12     14  20
 5  67  39  53   3  12   0 0.00  0.0    0  2.3  9 190   M    M   6 12      M  M
 6  74  39  57   6   8   0    T    M    M  4.0 16 210   M    M   3 2      20 200
 7  59  38  49  -2  16   0 0.15    M    0  3.5 14 330   M    M   7 1      21 320
 8  52  29  41 -11  24   0 0.00  0.0    0  7.5 20  10   M    M   1        25  10
 9  65  27  46  -6  19   0    T    M    0  7.2 29 180   M    M   4        50 160
10  57  43  50  -2  15   0 1.54    M    0  5.8 22 180   M    M   9 1      34 180
11  53  33  43 -10  22   0 0.05    M    0  7.3 21 340   M    M   7 1      30 360
12  57  32  45  -8  20   0 0.00  0.0    0  2.3 13  20   M    M   0        15  90
13  59  39  49  -4  16   0 0.14    M    0  6.0 15 200   M    M   9 1      21 210
14  49  35  42 -12  23   0 0.33    M    0  3.6 13  10   M    M  10        15  10
15  57  40  49  -5  16   0    T    M    0  4.2 18 330   M    M   9        23 350
16  61  38  50  -4  15   0 0.00  0.0    0  3.5 15  20   M    M   7        20 310
17  71  41  56   2   9   0 0.19    M    0  5.2 22 330   M    M   8 1      30 340
18  61  47  54  -1  11   0 0.00  0.0    0  5.9 15 310   M    M   9        24 310
19  80  49  65  10   0   0 0.77    M    0  4.1 16 210   M    M   7 13     20 210
20  78  53  66  11   0   1 0.82  0.0    M  7.0 16 270   M    M   7 13     26 270
21  57  45  51  -5  14   0 0.04    M    0 10.5 23 350   M    M   9 1      39 290
================================================================================
SM 1260  823       320   1  4.59     0.0 100.5          M      149
================================================================================
AV 60.0 39.2                               4.8 FASTST   M    M   7    MAX(MPH)
                                 MISC ---->  # 29 180               # 50  160
================================================================================
NOTES:
# LAST OF SEVERAL OCCURRENCES

COLUMN 17 PEAK WIND IN M.P.H.

PRELIMINARY LOCAL CLIMATOLOGICAL DATA (WS FORM: F-6) , PAGE 2

                                          STATION:  MORRISVILLE VT
                                          MONTH:    MAY
                                          YEAR:     2019
                                          LATITUDE:   44 31 N
                                          LONGITUDE:  72 37 W

[TEMPERATURE DATA]      [PRECIPITATION DATA]       SYMBOLS USED IN COLUMN 16

AVERAGE MONTHLY: 49.6   TOTAL FOR MONTH:   4.59    1 = FOG OR MIST
DPTR FM NORMAL:  -2.9   DPTR FM NORMAL:    2.57    2 = FOG REDUCING VISIBILITY
HIGHEST:    80 ON 19    GRTST 24HR  1.54 ON 10-10      TO 1/4 MILE OR LESS
LOWEST:     27 ON  9                               3 = THUNDER
                        SNOW, ICE PELLETS, HAIL    4 = ICE PELLETS
                        TOTAL MONTH:   0.0 INCH    5 = HAIL
                        GRTST 24HR     0.0         6 = FREEZING RAIN OR DRIZZLE
                        GRTST DEPTH:   0           7 = DUSTSTORM OR SANDSTORM:
                                                       VSBY 1/2 MILE OR LESS
                                                   8 = SMOKE OR HAZE
[NO. OF DAYS WITH]      [WEATHER - DAYS WITH]      9 = BLOWING SNOW
                                                   X = TORNADO
MAX 32 OR BELOW:   0    0.01 INCH OR MORE:  12
MAX 90 OR ABOVE:   0    0.10 INCH OR MORE:   9
MIN 32 OR BELOW:   3    0.50 INCH OR MORE:   3
MIN  0 OR BELOW:   0    1.00 INCH OR MORE:   1

[HDD (BASE 65) ]
TOTAL THIS MO.   320    CLEAR  (SCALE 0-3)   3
DPTR FM NORMAL    52    PTCLDY (SCALE 4-7)   9
TOTAL FM JUL 1  8406    CLOUDY (SCALE 8-10)  9
DPTR FM NORMAL   358

[CDD (BASE 65) ]
TOTAL THIS MO.     1
DPTR FM NORMAL     1    [PRESSURE DATA]
TOTAL FM JAN 1     1    HIGHEST SLP M ON M
DPTR FM NORMAL     0    LOWEST  SLP 29.62 ON 17

[REMARKS]
