634
CXUS56 KOTX 220900
CF6MWH
PRELIMINARY LOCAL CLIMATOLOGICAL DATA (WS FORM: F-6)

                                          STATION:   MOSES LAKE WA AIRPORT
                                          MONTH:     MARCH
                                          YEAR:      2019
                                          LATITUDE:   47 12 N
                                          LONGITUDE: 119 19 W

  TEMPERATURE IN F:       :PCPN:    SNOW:  WIND      :SUNSHINE: SKY     :PK WND
================================================================================
1   2   3   4   5  6A  6B    7    8   9   10  11  12  13   14  15   16   17  18
                                     12Z  AVG MX 2MIN
DY MAX MIN AVG DEP HDD CDD  WTR  SNW DPTH SPD SPD DIR MIN PSBL S-S WX    SPD DR
================================================================================

 1  31  12  22 -17  43   0 0.00    M    M  2.8  8  20   M    M   8 18      9 310
 2  32  15  24 -16  41   0    T    M    M  8.3 20  40   M    M  10 18     23  40
 3  29   4  17 -23  48   0 0.00    M    M 10.1 18  50   M    M   3        24  40
 4  31   1  16 -24  49   0 0.00    M    M  7.2 13  10   M    M   4        16  20
 5  30   8  19 -21  46   0    T    M    M  5.6 13 150   M    M   9        14 140
 6  31  21  26 -15  39   0 0.18    M    M  6.1 16 160   M    M  10 18     19 160
 7  40  17  29 -12  36   0 0.00    M    M  7.1 17 180   M    M   3 128    21 180
 8  37  12  25 -16  40   0 0.00    M    M  4.6 13 360   M    M   2 128    13 360
 9  38  16  27 -15  38   0 0.00    M    M  7.7 14 320   M    M   6 128    15 320
10  35   9  22 -20  43   0    T    M    M  4.0 12 140   M    M   0 1      13 140
11  29  15  22 -20  43   0    T    M    M  5.0  9 130   M    M  10 128    13 120
12  35  21  28 -15  37   0 0.27    M    M  6.1 12 250   M    M   8 18     14 260
13  47  15  31 -12  34   0 0.00    M    M  5.1 12 250   M    M   1 18     13 230
14  42  16  29 -14  36   0 0.00    M    M  5.5 10 360   M    M   3        11 350
15  43  25  34 -10  31   0 0.00    M    M  6.5 10 350   M    M   4        10 340
16  46  23  35  -9  30   0 0.00    M    M  5.5  9 320   M    M   0        11 320
17  51  28  40  -4  25   0 0.00    M    M  4.4 10 310   M    M   0        11 310
18  55  25  40  -4  25   0 0.00    M    M  7.1 12  10   M    M   0        14 330
19  63  29  46   2  19   0 0.00    M    M  8.2 14 360   M    M   0        15 360
20  68  32  50   5  15   0 0.00    M    M  7.0 14  10   M    M   0        19  80
21  67  33  50   5  15   0 0.00    M    M  5.3  9 340   0    0   0         M  M
================================================================================
SM  880  377       733   0  0.45    M    129.2            0     81
================================================================================
AV 41.9 18.0                               6.2 FASTST    0   0   4    MAX(MPH)
                                 MISC ---->  # 20  40               # 24   40
================================================================================
NOTES:
# LAST OF SEVERAL OCCURRENCES

COLUMN 17 PEAK WIND IN M.P.H.

PRELIMINARY LOCAL CLIMATOLOGICAL DATA (WS FORM: F-6) , PAGE 2

                                          STATION:  MOSES LAKE WA AIRPORT
                                          MONTH:    MARCH
                                          YEAR:     2019
                                          LATITUDE:   47 12 N
                                          LONGITUDE: 119 19 W

[TEMPERATURE DATA]      [PRECIPITATION DATA]       SYMBOLS USED IN COLUMN 16

AVERAGE MONTHLY: 29.9   TOTAL FOR MONTH:   0.45    1 = FOG OR MIST
DPTR FM NORMAL: -12.3   DPTR FM NORMAL:   -0.02    2 = FOG REDUCING VISIBILITY
HIGHEST:    68 ON 20    GRTST 24HR  0.27 ON 12-12      TO 1/4 MILE OR LESS
LOWEST:      1 ON  4                               3 = THUNDER
                        SNOW, ICE PELLETS, HAIL    4 = ICE PELLETS
                        TOTAL MONTH:    M          5 = HAIL
                        GRTST 24HR    M  ON   M    6 = FREEZING RAIN OR DRIZZLE
                        GRTST DEPTH:  M  ON   M    7 = DUSTSTORM OR SANDSTORM:
                                                       VSBY 1/2 MILE OR LESS
                                                   8 = SMOKE OR HAZE
[NO. OF DAYS WITH]      [WEATHER - DAYS WITH]      9 = BLOWING SNOW
                                                   X = TORNADO
MAX 32 OR BELOW:   7    0.01 INCH OR MORE:   2
MAX 90 OR ABOVE:   0    0.10 INCH OR MORE:   2
MIN 32 OR BELOW:  20    0.50 INCH OR MORE:   0
MIN  0 OR BELOW:   0    1.00 INCH OR MORE:   0

[HDD (BASE 65) ]
TOTAL THIS MO.   733    CLEAR  (SCALE 0-3)  12
DPTR FM NORMAL   256    PTCLDY (SCALE 4-7)   5
TOTAL FM JUL 1  5168    CLOUDY (SCALE 8-10)  4
DPTR FM NORMAL   186

[CDD (BASE 65) ]
TOTAL THIS MO.     0
DPTR FM NORMAL     0    [PRESSURE DATA]
TOTAL FM JAN 1     0    HIGHEST SLP  0.00 ON 21
DPTR FM NORMAL     0    LOWEST  SLP  0.00 ON 21

[REMARKS]
