000
CXUS56 KOTX 250900
CF6MWH
PRELIMINARY LOCAL CLIMATOLOGICAL DATA (WS FORM: F-6)

                                          STATION:   MOSES LAKE WA AIRPORT
                                          MONTH:     MAY
                                          YEAR:      2019
                                          LATITUDE:   47 12 N
                                          LONGITUDE: 119 19 W

  TEMPERATURE IN F:       :PCPN:    SNOW:  WIND      :SUNSHINE: SKY     :PK WND
================================================================================
1   2   3   4   5  6A  6B    7    8   9   10  11  12  13   14  15   16   17  18
                                     12Z  AVG MX 2MIN
DY MAX MIN AVG DEP HDD CDD  WTR  SNW DPTH SPD SPD DIR MIN PSBL S-S WX    SPD DR
================================================================================

 1  70  39  55   1  10   0 0.00    M    M  8.7 20 230   M    M   1        26 180
 2  71  44  58   3   7   0 0.00    M    M  8.3 15 230   M    M   0        21 210
 3  71  40  56   1   9   0 0.00    M    M  4.2 10 230   M    M   0        16 120
 4  77  37  57   2   8   0 0.00    M    M  5.8 14 180   M    M   0        19 190
 5  79  48  64   8   1   0 0.00    M    M  8.6 18 360   M    M   1        23  50
 6  80  45  63   7   2   0 0.00    M    M  6.0 13 240   M    M   0        17 230
 7  83  49  66  10   0   1 0.00    M    M  9.9 22 360   M    M   2        30  10
 8  83  53  68  11   0   3 0.00    M    M  7.4 17  10   M    M   3        23  20
 9  80  49  65   8   0   0 0.00    M    M  7.9 20  70   M    M   1        24  40
10  84  43  64   7   1   0 0.00    M    M  5.6 15 170   M    M   0        19 160
11  88  47  68  10   0   3 0.00    M    M  6.3 14 350   M    M   0        18 210
12  88  57  73  15   0   8 0.00    M    M  6.8 16 220   M    M   0        21 220
13  82  50  66   8   0   1 0.00    M    M  6.3 13 170   M    M   0        16 150
14  73  48  61   2   4   0 0.02    M    M  7.5 22 240   M    M   4        30 250
15  71  40  56  -3   9   0 0.01    M    M  6.1 14  20   M    M   5 128    24  70
16  73  52  63   4   2   0 0.17    M    M  6.2 17 170   M    M   7 1      21 170
17  71  51  61   1   4   0 0.02    M    M 10.9 21 300   M    M   7 1      26 300
18  72  44  58  -2   7   0 0.00    M    M  9.2 22  70   M    M   0        29  80
19  77  54  66   6   0   1    T    M    M 16.1 25  50   M    M   4        31  60
20  74  51  63   3   2   0 0.00    M    M  9.9 18  70   M    M   6        27  60
21  72  50  61   0   4   0 0.00    M    M  7.8 16 200   M    M   8        22  80
22  75  53  64   3   1   0 0.00    M    M 10.6 23  40   M    M   7        29  70
23  85  49  67   6   0   2 0.00    M    M  9.3 25 330   M    M   2        33 320
24  67  57  62   1   3   0 0.10    M    M  8.2 17 310   M    M   8        22 280
================================================================================
SM 1846 1150        74  19  0.32    M    193.6          M       66
================================================================================
AV 76.9 47.9                               8.1 FASTST   M    M   3    MAX(MPH)
                                 MISC ---->  # 25  50               # 33  320
================================================================================
NOTES:
# LAST OF SEVERAL OCCURRENCES

COLUMN 17 PEAK WIND IN M.P.H.

PRELIMINARY LOCAL CLIMATOLOGICAL DATA (WS FORM: F-6) , PAGE 2

                                          STATION:  MOSES LAKE WA AIRPORT
                                          MONTH:    MAY
                                          YEAR:     2019
                                          LATITUDE:   47 12 N
                                          LONGITUDE: 119 19 W

[TEMPERATURE DATA]      [PRECIPITATION DATA]       SYMBOLS USED IN COLUMN 16

AVERAGE MONTHLY: 62.4   TOTAL FOR MONTH:   0.32    1 = FOG OR MIST
DPTR FM NORMAL:   4.4   DPTR FM NORMAL:   -0.14    2 = FOG REDUCING VISIBILITY
HIGHEST:    88 ON 12,11 GRTST 24HR  0.17 ON 16-16      TO 1/4 MILE OR LESS
LOWEST:     37 ON  4                               3 = THUNDER
                        SNOW, ICE PELLETS, HAIL    4 = ICE PELLETS
                        TOTAL MONTH:    M          5 = HAIL
                        GRTST 24HR    M  ON   M    6 = FREEZING RAIN OR DRIZZLE
                        GRTST DEPTH:  M  ON   M    7 = DUSTSTORM OR SANDSTORM:
                                                       VSBY 1/2 MILE OR LESS
                                                   8 = SMOKE OR HAZE
[NO. OF DAYS WITH]      [WEATHER - DAYS WITH]      9 = BLOWING SNOW
                                                   X = TORNADO
MAX 32 OR BELOW:   0    0.01 INCH OR MORE:   5
MAX 90 OR ABOVE:   0    0.10 INCH OR MORE:   2
MIN 32 OR BELOW:   0    0.50 INCH OR MORE:   0
MIN  0 OR BELOW:   0    1.00 INCH OR MORE:   0

[HDD (BASE 65) ]
TOTAL THIS MO.    74    CLEAR  (SCALE 0-3)  14
DPTR FM NORMAL  -108    PTCLDY (SCALE 4-7)  10
TOTAL FM JUL 1  5720    CLOUDY (SCALE 8-10)  0
DPTR FM NORMAL   -79

[CDD (BASE 65) ]
TOTAL THIS MO.    19
DPTR FM NORMAL     5    [PRESSURE DATA]
TOTAL FM JAN 1    19    HIGHEST SLP M ON M
DPTR FM NORMAL     4    LOWEST  SLP 29.43 ON 16

[REMARKS]
