542
CXUS54 KFWD 220730
CF6MWL
PRELIMINARY LOCAL CLIMATOLOGICAL DATA (WS FORM: F-6)

                                          STATION:   MINERAL WELLS
                                          MONTH:     MARCH
                                          YEAR:      2019
                                          LATITUDE:   32 46 N
                                          LONGITUDE:  98  4 W

  TEMPERATURE IN F:       :PCPN:    SNOW:  WIND      :SUNSHINE: SKY     :PK WND
================================================================================
1   2   3   4   5  6A  6B    7    8   9   10  11  12  13   14  15   16   17  18
                                     12Z  AVG MX 2MIN
DY MAX MIN AVG DEP HDD CDD  WTR  SNW DPTH SPD SPD DIR MIN PSBL S-S WX    SPD DR
================================================================================

 1  47  33  40 -13  25   0 0.00  0.0    0  5.5 12 130   M    M   8 18     14 130
 2  41  37  39 -14  26   0 0.01  0.0    0  6.9 16  30   M    M   9 18     19  30
 3  40  25  33 -20  32   0 0.01  0.0    0 15.1 26 340   M    M   9 18     33 340
 4  32  19  26 -28  39   0 0.00  0.0    0 12.5 22 360   M    M   7        27 350
 5  46  17  32 -22  33   0 0.00  0.0    0  6.1 18 350   M    M   0        22 330
 6  56  20  38 -16  27   0 0.00  0.0    0  8.2 22 160   M    M   0        34 180
 7  75  37  56   2   9   0 0.00  0.0    0 10.9 21 190   M    M   0        27 210
 8  81  57  69  14   0   4 0.00  0.0    0  7.4 18 160   M    M   0        23 170
 9  78  50  64   9   1   0 0.21  0.0    0 10.2 32 280   M    M   2 13     44 280
10  56  44  50  -5  15   0 0.01  0.0    0  8.6 17  40   M    M   6        23  40
11  61  50  56   0   9   0 0.02  0.0    0  7.4 14  80   M    M  10 18     18  70
12  69  55  62   6   3   0 0.01  0.0    0 13.4 35 150   M    M   9 18     47 150
13  76  52  64   8   1   0 1.46  0.0    0 16.3 44 250   M    M   4 1238   59 240
14  67  44  56   0   9   0 0.00  0.0    0 13.8 26 320   M    M   2 8      34 290
15  61  37  49  -8  16   0 0.00  0.0    0 10.6 23 350   M    M   0        30 340
16  62  35  49  -8  16   0 0.00  0.0    0  6.1 16  40   M    M   0        20  40
17  67  32  50  -7  15   0 0.00  0.0    0  4.3 13 150   M    M   0        17 140
18  71  35  53  -5  12   0 0.00  0.0    0  4.7 16 140   M    M   0        21 120
19  72  39  56  -2   9   0 0.00  0.0    0  7.6 23 190   M    M   1        28 200
20  68  42  55  -3  10   0 0.00  0.0    0  6.5 17  40   M    M   3        22 350
21  76  36  56  -2   9   0 0.00  0.0    0  4.2 16 310   M    M   0        23 300
================================================================================
SM 1302  796       316   4  1.73     0.0 186.3          M       70
================================================================================
AV 62.0 37.9                               8.9 FASTST   M    M   3    MAX(MPH)
                                 MISC ---->  # 44 250               # 59  240
================================================================================
NOTES:
# LAST OF SEVERAL OCCURRENCES

COLUMN 17 PEAK WIND IN M.P.H.

PRELIMINARY LOCAL CLIMATOLOGICAL DATA (WS FORM: F-6) , PAGE 2

                                          STATION:  MINERAL WELLS
                                          MONTH:    MARCH
                                          YEAR:     2019
                                          LATITUDE:   32 46 N
                                          LONGITUDE:  98  4 W

[TEMPERATURE DATA]      [PRECIPITATION DATA]       SYMBOLS USED IN COLUMN 16

AVERAGE MONTHLY: 50.0   TOTAL FOR MONTH:   1.73    1 = FOG OR MIST
DPTR FM NORMAL:  -5.6   DPTR FM NORMAL:   -0.45    2 = FOG REDUCING VISIBILITY
HIGHEST:    81 ON  8    GRTST 24HR  1.46 ON 13-13      TO 1/4 MILE OR LESS
LOWEST:     17 ON  5                               3 = THUNDER
                        SNOW, ICE PELLETS, HAIL    4 = ICE PELLETS
                        TOTAL MONTH:   0.0 INCH    5 = HAIL
                        GRTST 24HR     0.0         6 = FREEZING RAIN OR DRIZZLE
                        GRTST DEPTH:   0           7 = DUSTSTORM OR SANDSTORM:
                                                       VSBY 1/2 MILE OR LESS
                                                   8 = SMOKE OR HAZE
[NO. OF DAYS WITH]      [WEATHER - DAYS WITH]      9 = BLOWING SNOW
                                                   X = TORNADO
MAX 32 OR BELOW:   1    0.01 INCH OR MORE:   7
MAX 90 OR ABOVE:   0    0.10 INCH OR MORE:   2
MIN 32 OR BELOW:   5    0.50 INCH OR MORE:   1
MIN  0 OR BELOW:   0    1.00 INCH OR MORE:   1

[HDD (BASE 65) ]
TOTAL THIS MO.   316    CLEAR  (SCALE 0-3)  13
DPTR FM NORMAL   102    PTCLDY (SCALE 4-7)   4
TOTAL FM JUL 1  2457    CLOUDY (SCALE 8-10)  4
DPTR FM NORMAL   145

[CDD (BASE 65) ]
TOTAL THIS MO.     4
DPTR FM NORMAL   -15    [PRESSURE DATA]
TOTAL FM JAN 1    23    HIGHEST SLP M ON M
DPTR FM NORMAL    -1    LOWEST  SLP 29.44 ON 13

[REMARKS]
