000
CXUS55 KBOI 201002
CF6MYL
PRELIMINARY LOCAL CLIMATOLOGICAL DATA (WS FORM: F-6)

                                          STATION:   MCCALL ID
                                          MONTH:     MARCH
                                          YEAR:      2019
                                          LATITUDE:   44 52 N
                                          LONGITUDE: 116  6 W

  TEMPERATURE IN F:       :PCPN:    SNOW:  WIND      :SUNSHINE: SKY     :PK WND
================================================================================
1   2   3   4   5  6A  6B    7    8   9   10  11  12  13   14  15   16   17  18
                                     12Z  AVG MX 2MIN
DY MAX MIN AVG DEP HDD CDD  WTR  SNW DPTH SPD SPD DIR MIN PSBL S-S WX    SPD DR
================================================================================

 1  25   7  16  -9  49   0 0.04    M    M  1.8  8  10   M    M   9 18     11  30
 2  31  11  21  -4  44   0 0.00    M    M  3.9  9 270   M    M   8 12     12 280
 3  28  -5  12 -14  53   0 0.00    M    M  3.2 10 360   M    M   1        14  10
 4  32   7  20  -6  45   0    T    M    M  1.4  7 170   M    M   8         8 180
 5  38  15  27   1  38   0 0.05    M    M  1.8 14 180   M    M   7 1      18 180
 6  40  30  35   9  30   0 0.56    M    M  3.8 20 170   M    M  10 1      24 170
 7  34  18  26  -1  39   0 0.25    M    M  5.9 15 190   M    M   5 1      20 190
 8  33   7  20  -7  45   0 0.07    M    M  3.7 13 260   M    M   5 12     17 270
 9  29  -4  13 -14  52   0    T    M    M  1.3  8 240   M    M   6 18      9 240
10  33   0  17 -11  48   0 0.00    M    M  2.8 12  10   M    M   0        14  10
11  36   0  18 -10  47   0 0.00    M    M  2.4 12 160   M    M   0        13 160
12  33   7  20  -8  45   0 0.06    M    M  3.3 16 270   M    M   8 18     23 290
13  33  11  22  -6  43   0    T    M    M  6.6 20 330   M    M   6 18     27 320
14  32  -3  15 -14  50   0 0.00    M    M  3.5 10  30   M    M   0        13  30
15  42  13  28  -1  37   0 0.00    M    M  1.7  7 180   M    M   4         8 160
16  44   7  26  -3  39   0 0.00    M    M  1.8  8  20   M    M   0        10  30
17  48  13  31   2  34   0 0.00    M    M  2.9 12 280   M    M   0        16 270
18  49  16  33   3  32   0 0.00    M    M  3.3 10 280   M    M   0        13 360
19  49  14  32   2  33   0 0.00    M    M  3.5 10 280   M    M   0        13 270
================================================================================
SM  689  164       803   0  1.03    M     58.6          M       77
================================================================================
AV 36.3  8.6                               3.1 FASTST   M    M   4    MAX(MPH)
                                 MISC ---->  # 20 170               # 27  320
================================================================================
NOTES:
# LAST OF SEVERAL OCCURRENCES

COLUMN 17 PEAK WIND IN M.P.H.

PRELIMINARY LOCAL CLIMATOLOGICAL DATA (WS FORM: F-6) , PAGE 2

                                          STATION:  MCCALL ID
                                          MONTH:    MARCH
                                          YEAR:     2019
                                          LATITUDE:   44 52 N
                                          LONGITUDE: 116  6 W

[TEMPERATURE DATA]      [PRECIPITATION DATA]       SYMBOLS USED IN COLUMN 16

AVERAGE MONTHLY: 22.5   TOTAL FOR MONTH:   1.03    1 = FOG OR MIST
DPTR FM NORMAL:  -5.1   DPTR FM NORMAL:   -0.18    2 = FOG REDUCING VISIBILITY
HIGHEST:    49 ON 19,18 GRTST 24HR  0.56 ON  6- 6      TO 1/4 MILE OR LESS
LOWEST:     -5 ON  3                               3 = THUNDER
                        SNOW, ICE PELLETS, HAIL    4 = ICE PELLETS
                        TOTAL MONTH:    M          5 = HAIL
                        GRTST 24HR    M  ON   M    6 = FREEZING RAIN OR DRIZZLE
                        GRTST DEPTH:  M  ON   M    7 = DUSTSTORM OR SANDSTORM:
                                                       VSBY 1/2 MILE OR LESS
                                                   8 = SMOKE OR HAZE
[NO. OF DAYS WITH]      [WEATHER - DAYS WITH]      9 = BLOWING SNOW
                                                   X = TORNADO
MAX 32 OR BELOW:   6    0.01 INCH OR MORE:   6
MAX 90 OR ABOVE:   0    0.10 INCH OR MORE:   2
MIN 32 OR BELOW:  19    0.50 INCH OR MORE:   1
MIN  0 OR BELOW:   5    1.00 INCH OR MORE:   0

[HDD (BASE 65) ]
TOTAL THIS MO.   803    CLEAR  (SCALE 0-3)   8
DPTR FM NORMAL    91    PTCLDY (SCALE 4-7)   8
TOTAL FM JUL 1  6943    CLOUDY (SCALE 8-10)  3
DPTR FM NORMAL  -444

[CDD (BASE 65) ]
TOTAL THIS MO.     0
DPTR FM NORMAL     0    [PRESSURE DATA]
TOTAL FM JAN 1     0    HIGHEST SLP M ON M
DPTR FM NORMAL     0    LOWEST  SLP 29.59 ON  6

[REMARKS]
