000
CXUS55 KBOI 231002
CF6MYL
PRELIMINARY LOCAL CLIMATOLOGICAL DATA (WS FORM: F-6)

                                          STATION:   MCCALL ID
                                          MONTH:     MAY
                                          YEAR:      2019
                                          LATITUDE:   44 52 N
                                          LONGITUDE: 116  6 W

  TEMPERATURE IN F:       :PCPN:    SNOW:  WIND      :SUNSHINE: SKY     :PK WND
================================================================================
1   2   3   4   5  6A  6B    7    8   9   10  11  12  13   14  15   16   17  18
                                     12Z  AVG MX 2MIN
DY MAX MIN AVG DEP HDD CDD  WTR  SNW DPTH SPD SPD DIR MIN PSBL S-S WX    SPD DR
================================================================================

 1  49  21  35  -7  30   0 0.00    M    M  4.1 18 200   M    M   1        26 190
 2  54  26  40  -2  25   0 0.00    M    M  4.5 17 270   M    M   2        25 240
 3  62  37  50   8  15   0 0.00    M    M  3.8 17 190   M    M   0        27 150
 4  66  30  48   5  17   0 0.00    M    M  3.4 13 280   M    M   0        21  90
 5  69  35  52   9  13   0 0.00    M    M  4.5 15 260   M    M   1        21 310
 6  65  40  53  10  12   0 0.00    M    M 10.3 21 360   M    M   1        30  10
 7  63  40  52   8  13   0 0.00    M    M 10.2 25  30   M    M   2        33  20
 8  62  33  48   4  17   0 0.00    M    M  7.7 25 360   M    M   3        33  10
 9  61  39  50   6  15   0 0.00    M    M 10.2 18 350   M    M   1        24 350
10  67  30  49   5  16   0 0.00    M    M  3.9 12 350   M    M   0        16 340
11  73  34  54   9  11   0 0.00    M    M  3.2 15 250   M    M   0        19 240
12  75  38  57  12   8   0 0.00    M    M  4.0 16 260   M    M   0        23 250
13  75  38  57  12   8   0 0.00    M    M  5.1 21 150   M    M   0        22 200
14  71  39  55   9  10   0    T    M    M  6.5 23 300   M    M   1        28 310
15  59  44  52   6  13   0 0.09    M    M  3.8 15 190   M    M   9 1      20 190
16  62  40  51   5  14   0 0.18    M    M  6.0 25 190   M    M   8 1      33 200
17  45  39  42  -4  23   0 0.52    M    M  4.6 12 300   M    M  10 1      15 160
18  55  38  47   0  18   0 0.12    M    M  3.5 10  60   M    M   8 1      13 280
19  60  39  50   3  15   0 0.07    M    M  5.5 23 200   M    M   6        30 200
20  55  41  48   1  17   0 0.64    M    M  3.4 13 190   M    M  10 1      16 270
21  47  37  42  -5  23   0 0.26    M    M  6.9 17 180   M    M   9 1      21 180
22  56  40  48   0  17   0 0.00    M    M  7.8 16  60   M    M   8        24  40
================================================================================
SM 1351  798       350   0  1.88    M    122.9          M       80
================================================================================
AV 61.4 36.3                               5.6 FASTST   M    M   4    MAX(MPH)
                                 MISC ---->  # 25  30               # 33   20
================================================================================
NOTES:
# LAST OF SEVERAL OCCURRENCES

COLUMN 17 PEAK WIND IN M.P.H.

PRELIMINARY LOCAL CLIMATOLOGICAL DATA (WS FORM: F-6) , PAGE 2

                                          STATION:  MCCALL ID
                                          MONTH:    MAY
                                          YEAR:     2019
                                          LATITUDE:   44 52 N
                                          LONGITUDE: 116  6 W

[TEMPERATURE DATA]      [PRECIPITATION DATA]       SYMBOLS USED IN COLUMN 16

AVERAGE MONTHLY: 48.8   TOTAL FOR MONTH:   1.88    1 = FOG OR MIST
DPTR FM NORMAL:   4.0   DPTR FM NORMAL:    0.34    2 = FOG REDUCING VISIBILITY
HIGHEST:    75 ON 13,12 GRTST 24HR  0.64 ON 20-20      TO 1/4 MILE OR LESS
LOWEST:     21 ON  1                               3 = THUNDER
                        SNOW, ICE PELLETS, HAIL    4 = ICE PELLETS
                        TOTAL MONTH:    M          5 = HAIL
                        GRTST 24HR    M  ON   M    6 = FREEZING RAIN OR DRIZZLE
                        GRTST DEPTH:  M  ON   M    7 = DUSTSTORM OR SANDSTORM:
                                                       VSBY 1/2 MILE OR LESS
                                                   8 = SMOKE OR HAZE
[NO. OF DAYS WITH]      [WEATHER - DAYS WITH]      9 = BLOWING SNOW
                                                   X = TORNADO
MAX 32 OR BELOW:   0    0.01 INCH OR MORE:   7
MAX 90 OR ABOVE:   0    0.10 INCH OR MORE:   5
MIN 32 OR BELOW:   4    0.50 INCH OR MORE:   2
MIN  0 OR BELOW:   0    1.00 INCH OR MORE:   0

[HDD (BASE 65) ]
TOTAL THIS MO.   350    CLEAR  (SCALE 0-3)  14
DPTR FM NORMAL   -95    PTCLDY (SCALE 4-7)   3
TOTAL FM JUL 1  8416    CLOUDY (SCALE 8-10)  5
DPTR FM NORMAL  -664

[CDD (BASE 65) ]
TOTAL THIS MO.     0
DPTR FM NORMAL     0    [PRESSURE DATA]
TOTAL FM JAN 1     0    HIGHEST SLP M ON M
DPTR FM NORMAL     0    LOWEST  SLP 29.51 ON M

[REMARKS]
