915
CXUS56 KSTO 211425
CF6MYV
PRELIMINARY LOCAL CLIMATOLOGICAL DATA (WS FORM: F-6)

                                          STATION:   MARYSVILLE AIRPORT CA
                                          MONTH:     MAY
                                          YEAR:      2019
                                          LATITUDE:   39  5 N
                                          LONGITUDE: 121 34 W

  TEMPERATURE IN F:       :PCPN:    SNOW:  WIND      :SUNSHINE: SKY     :PK WND
================================================================================
1   2   3   4   5  6A  6B    7    8   9   10  11  12  13   14  15   16   17  18
                                     12Z  AVG MX 2MIN
DY MAX MIN AVG DEP HDD CDD  WTR  SNW DPTH SPD SPD DIR MIN PSBL S-S WX    SPD DR
================================================================================

 1  79  46  63   0   2   0 0.00  0.0    0  4.4  9 140   M    M   0        11 150
 2  81  44  63   0   2   0 0.00  0.0    0  3.5 13 240   M    M   0        16 230
 3  83  46  65   1   0   0 0.00  0.0    0  3.3  8 110   M    M   0        11 240
 4  82  48  65   1   0   0 0.00  0.0    0  4.7 13 150   M    M   0        15 150
 5  79  47  63  -1   2   0 0.00  0.0    0  9.9 22 160   M    M   0        29  90
 6  74  50  62  -2   3   0 0.00  0.0    0 11.0 18 160   M    M   1        23 150
 7  78  49  64   0   1   0 0.00  0.0    0  6.5 14 150   M    M   0        17 150
 8  82  50  66   1   0   1 0.00  0.0    0  5.4 13 160   M    M   1 1      15 170
 9  82  53  68   3   0   3 0.00  0.0    0  6.9 17 170   M    M   1 18     22 170
10  89  49  69   4   0   4 0.00  0.0    0  9.7 17 140   M    M   0        23 360
11  83  53  68   2   0   3 0.00  0.0    0  6.5 14 130   M    M   0        20 130
12  85  52  69   3   0   4 0.00  0.0    0  7.7 15 150   M    M   0        22 130
13  85  53  69   3   0   4 0.00  0.0    0 10.1 16 150   M    M   0        22 150
14  75  54  65  -1   0   0 0.00  0.0    0 11.7 20 160   M    M   0        24 150
15  67  57  62  -4   3   0 0.90  0.0    0 12.6 30 160   M    M   8 1      40 150
16  64  52  58  -9   7   0 0.15  0.0    0 14.9 25 180   M    M   8 1      32 200
17  69  51  60  -7   5   0 0.00  0.0    0  9.0 16 150   M    M   5        22 150
18  59  50  55 -12  10   0 0.83  0.0    0  9.3 23 210   M    M   5 1      28 210
19  63  45  54 -13  11   0 0.44  0.0    0  8.9 18 230   M    M   6 1      25 180
20  70  40  55 -13  10   0 0.01  0.0    0  7.3 20 180   M    M   1 1      25 170
================================================================================
SM 1529  989        56  19  2.33     0.0 163.3          M       36
================================================================================
AV 76.5 49.5                               8.2 FASTST   M    M   2    MAX(MPH)
                                 MISC ---->  # 30 160               # 40  150
================================================================================
NOTES:
# LAST OF SEVERAL OCCURRENCES

COLUMN 17 PEAK WIND IN M.P.H.

PRELIMINARY LOCAL CLIMATOLOGICAL DATA (WS FORM: F-6) , PAGE 2

                                          STATION:  MARYSVILLE AIRPORT CA
                                          MONTH:    MAY
                                          YEAR:     2019
                                          LATITUDE:   39  5 N
                                          LONGITUDE: 121 34 W

[TEMPERATURE DATA]      [PRECIPITATION DATA]       SYMBOLS USED IN COLUMN 16

AVERAGE MONTHLY: 63.0   TOTAL FOR MONTH:   2.33    1 = FOG OR MIST
DPTR FM NORMAL:  -2.4   DPTR FM NORMAL:    1.51    2 = FOG REDUCING VISIBILITY
HIGHEST:    89 ON 10    GRTST 24HR  0.90 ON 15-15      TO 1/4 MILE OR LESS
LOWEST:     40 ON 20                               3 = THUNDER
                        SNOW, ICE PELLETS, HAIL    4 = ICE PELLETS
                        TOTAL MONTH:   0.0 INCH    5 = HAIL
                        GRTST 24HR     0.0         6 = FREEZING RAIN OR DRIZZLE
                        GRTST DEPTH:   0           7 = DUSTSTORM OR SANDSTORM:
                                                       VSBY 1/2 MILE OR LESS
                                                   8 = SMOKE OR HAZE
[NO. OF DAYS WITH]      [WEATHER - DAYS WITH]      9 = BLOWING SNOW
                                                   X = TORNADO
MAX 32 OR BELOW:   0    0.01 INCH OR MORE:   5
MAX 90 OR ABOVE:   0    0.10 INCH OR MORE:   4
MIN 32 OR BELOW:   0    0.50 INCH OR MORE:   2
MIN  0 OR BELOW:   0    1.00 INCH OR MORE:   0

[HDD (BASE 65) ]
TOTAL THIS MO.    56    CLEAR  (SCALE 0-3)  15
DPTR FM NORMAL    10    PTCLDY (SCALE 4-7)   3
TOTAL FM JUL 1  2351    CLOUDY (SCALE 8-10)  2
DPTR FM NORMAL  -370

[CDD (BASE 65) ]
TOTAL THIS MO.    19
DPTR FM NORMAL   -35    [PRESSURE DATA]
TOTAL FM JAN 1    65    HIGHEST SLP M ON M
DPTR FM NORMAL    -7    LOWEST  SLP 29.65 ON  9

[REMARKS]
