000
CXUS51 KOKX 250703
CF6NYC
PRELIMINARY LOCAL CLIMATOLOGICAL DATA (WS FORM: F-6)

                                          STATION:   CENTRAL PARK NY
                                          MONTH:     MAY
                                          YEAR:      2019
                                          LATITUDE:   40 46 N
                                          LONGITUDE:  73 58 W

  TEMPERATURE IN F:       :PCPN:    SNOW:  WIND      :SUNSHINE: SKY     :PK WND
================================================================================
1   2   3   4   5  6A  6B    7    8   9   10  11  12  13   14  15   16   17  18
                                     12Z  AVG MX 2MIN
DY MAX MIN AVG DEP HDD CDD  WTR  SNW DPTH SPD SPD DIR MIN PSBL S-S WX    SPD DR
================================================================================

 1  56  50  53  -5  12   0 0.00  0.0    0  2.5  9 140   M    M  10 1      16 140
 2  78  50  64   6   1   0 0.01  0.0    0  2.6 12 130   M    M   7 18     21 140
 3  56  50  53  -6  12   0 0.06  0.0    0  2.4  9  40   M    M  10 138    13  90
 4  71  53  62   3   3   0 0.11  0.0    0  1.2  7  50   M    M   8 18     11  80
 5  58  51  55  -4  10   0 1.31  0.0    0  7.2 17  50   M    M  10 1      26  50
 6  74  51  63   3   2   0 0.00  0.0    0  4.1 13  40   M    M   5        19  40
 7  70  52  61   1   4   0 0.11  0.0    0  1.3  9 360   M    M   6 1      15 150
 8  71  55  63   3   2   0 0.00  0.0    0  4.5 10  30   M    M   4 1      17  50
 9  61  53  57  -3   8   0 0.00  0.0    0  5.5 16  50   M    M   8        25  50
10  73  56  65   4   0   0 0.04  0.0    0  1.5 10 130   M    M   7 1      21 140
11  69  56  63   2   2   0 0.04  0.0    0  3.2 10 280   M    M   5 1      17 300
12  59  43  51 -10  14   0 1.32  0.0    0  8.4 18  60   M    M  10 1      31  50
13  48  42  45 -17  20   0 0.70  0.0    0  5.5 15  50   M    M  10 1      23  50
14  52  44  48 -14  17   0 0.30  0.0    0  2.3  8 280   M    M  10 1      13 280
15  69  44  57  -5   8   0 0.01  0.0    0  3.7 10 250   M    M   5 1      20 300
16  73  52  63   1   2   0 0.12  0.0    0  2.7 13 280   M    M   4 1      19 270
17  76  60  68   5   0   3 0.03  0.0    0  4.9 13 250   M    M   4 1      21 230
18  75  56  66   3   0   1 0.00  0.0    0  2.7  9 140   M    M   0        16 140
19  76  60  68   5   0   3 0.06  0.0    0  3.0 12 140   M    M   2 13     22 150
20  85  66  76  12   0  11    T  0.0    0  5.4 18 240   M    M   3 13     32 210
21  71  56  64   0   1   0 0.00  0.0    0  5.9 15 290   M    M   1        29 300
22  74  54  64   0   1   0 0.00  0.0    0  4.2 13  50   M    M   0        17  70
23  72  55  64   0   1   0 0.48  0.0    0  4.0 14 240   M    M   5 1      20 230
24  73  61  67   2   0   2 0.00  0.0    0  7.6 18 300   M    M   2        32 320
================================================================================
SM 1640 1270       120  20  4.70     0.0  96.3          M      136
================================================================================
AV 68.3 52.9                               4.0 FASTST   M    M   6    MAX(MPH)
                                 MISC ---->  # 18  60               # 32  210
================================================================================
NOTES:
# LAST OF SEVERAL OCCURRENCES

COLUMN 17 PEAK WIND IN M.P.H.

PRELIMINARY LOCAL CLIMATOLOGICAL DATA (WS FORM: F-6) , PAGE 2

                                          STATION:  CENTRAL PARK NY
                                          MONTH:    MAY
                                          YEAR:     2019
                                          LATITUDE:   40 46 N
                                          LONGITUDE:  73 58 W

[TEMPERATURE DATA]      [PRECIPITATION DATA]       SYMBOLS USED IN COLUMN 16

AVERAGE MONTHLY: 60.6   TOTAL FOR MONTH:   4.70    1 = FOG OR MIST
DPTR FM NORMAL:  -0.8   DPTR FM NORMAL:    1.55    2 = FOG REDUCING VISIBILITY
HIGHEST:    85 ON 20    GRTST 24HR  1.32 ON 12-12      TO 1/4 MILE OR LESS
LOWEST:     42 ON 13                               3 = THUNDER
                        SNOW, ICE PELLETS, HAIL    4 = ICE PELLETS
                        TOTAL MONTH:   0.0 INCH    5 = HAIL
                        GRTST 24HR     0.0         6 = FREEZING RAIN OR DRIZZLE
                        GRTST DEPTH:   0           7 = DUSTSTORM OR SANDSTORM:
                                                       VSBY 1/2 MILE OR LESS
                                                   8 = SMOKE OR HAZE
[NO. OF DAYS WITH]      [WEATHER - DAYS WITH]      9 = BLOWING SNOW
                                                   X = TORNADO
MAX 32 OR BELOW:   0    0.01 INCH OR MORE:  15
MAX 90 OR ABOVE:   0    0.10 INCH OR MORE:   8
MIN 32 OR BELOW:   0    0.50 INCH OR MORE:   3
MIN  0 OR BELOW:   0    1.00 INCH OR MORE:   2

[HDD (BASE 65) ]
TOTAL THIS MO.   120    CLEAR  (SCALE 0-3)   5
DPTR FM NORMAL    -1    PTCLDY (SCALE 4-7)  13
TOTAL FM JUL 1  4599    CLOUDY (SCALE 8-10)  6
DPTR FM NORMAL  -115

[CDD (BASE 65) ]
TOTAL THIS MO.    20
DPTR FM NORMAL   -15    [PRESSURE DATA]
TOTAL FM JAN 1    31    HIGHEST SLP M ON M
DPTR FM NORMAL   -16    LOWEST  SLP 29.68 ON 20

[REMARKS]
