000
CXUS55 KPSR 221005
CF6NYL
PRELIMINARY LOCAL CLIMATOLOGICAL DATA (WS FORM: F-6)

                                          STATION:   YUMA AZ
                                          MONTH:     MAY
                                          YEAR:      2019
                                          LATITUDE:   32 39 N
                                          LONGITUDE: 114 37 W

  TEMPERATURE IN F:       :PCPN:    SNOW:  WIND      :SUNSHINE: SKY     :PK WND
================================================================================
1   2   3   4   5  6A  6B    7    8   9   10  11  12  13   14  15   16   17  18
                                     12Z  AVG MX 2MIN
DY MAX MIN AVG DEP HDD CDD  WTR  SNW DPTH SPD SPD DIR MIN PSBL S-S WX    SPD DR
================================================================================

 1  87  58  73  -4   0   8 0.00  0.0    0  5.2 13 340   M    M   1        18 310
 2  88  61  75  -3   0  10 0.00  0.0    0  3.9 10 230   M    M   3        12 280
 3  93  62  78   0   0  13 0.00  0.0    0  4.1 10 210   M    M   0        16 230
 4  96  65  81   3   0  16 0.00  0.0    0  6.0 14 270   M    M   0        17 270
 5  93  66  80   2   0  15 0.00  0.0    0  9.6 28 300   M    M   0        34 300
 6  83  65  74  -5   0   9 0.00  0.0    0 11.9 23 290   M    M   4        31 300
 7  86  59  73  -6   0   8 0.00  0.0    0  9.1 21 270   M    M   1        27 260
 8  87  63  75  -4   0  10 0.00  0.0    0  5.3 13 180   M    M   0        16 190
 9  86  66  76  -4   0  11 0.00  0.0    0 10.6 23 160   M    M   3        27 160
10  83  61  72  -8   0   7 0.00  0.0    0 10.2 22 150   M    M   3 3      26 150
11  83  64  74  -6   0   9 0.00  0.0    0  6.1 16 190   M    M   3        18 190
12  90  66  78  -2   0  13 0.00  0.0    0  6.5 14 180   M    M   1 3      17 210
13  94  69  82   1   0  17 0.00  0.0    0  9.7 18 150   M    M   0        23 200
14  98  70  84   3   0  19 0.00  0.0    0  4.2  9 190   M    M   1         M  M
15  98  70  84   3   0  19 0.00  0.0    0  8.3 18 310   M    M   3        25 320
16  89  61  75  -6   0  10 0.00  0.0    0 15.0 30 290   M    M   3 8      38 290
17  83  57  70 -12   0   5 0.00  0.0    0 10.0 18 270   M    M   1        25 280
18  88  60  74  -8   0   9 0.00  0.0    0  6.1 20 200   M    M   0 8      22 200
19  82  62  72 -10   0   7 0.00  0.0    0 12.3 29 290   M    M   1        39 280
20  79  59  69 -13   0   4    T  0.0    0 15.0 23 270   M    M   2        33 280
21  81  56  69 -14   0   4 0.00  0.0    0 14.9 33 290   M    M   2 78     44 290
================================================================================
SM 1847 1320         0 223    T      0.0 184.0          M       32
================================================================================
AV 88.0 62.9                               8.8 FASTST   M    M   2    MAX(MPH)
                                 MISC ---->  # 33 290               # 44  290
================================================================================
NOTES:
# LAST OF SEVERAL OCCURRENCES

COLUMN 17 PEAK WIND IN M.P.H.

PRELIMINARY LOCAL CLIMATOLOGICAL DATA (WS FORM: F-6) , PAGE 2

                                          STATION:  YUMA AZ
                                          MONTH:    MAY
                                          YEAR:     2019
                                          LATITUDE:   32 39 N
                                          LONGITUDE: 114 37 W

[TEMPERATURE DATA]      [PRECIPITATION DATA]       SYMBOLS USED IN COLUMN 16

AVERAGE MONTHLY: 75.4   TOTAL FOR MONTH:      T    1 = FOG OR MIST
DPTR FM NORMAL:  -4.6   DPTR FM NORMAL:   -0.06    2 = FOG REDUCING VISIBILITY
HIGHEST:    98 ON 15,14 GRTST 24HR    T  ON 20-20      TO 1/4 MILE OR LESS
LOWEST:     56 ON 21                               3 = THUNDER
                        SNOW, ICE PELLETS, HAIL    4 = ICE PELLETS
                        TOTAL MONTH:   0.0 INCH    5 = HAIL
                        GRTST 24HR     0.0         6 = FREEZING RAIN OR DRIZZLE
                        GRTST DEPTH:   0           7 = DUSTSTORM OR SANDSTORM:
                                                       VSBY 1/2 MILE OR LESS
                                                   8 = SMOKE OR HAZE
[NO. OF DAYS WITH]      [WEATHER - DAYS WITH]      9 = BLOWING SNOW
                                                   X = TORNADO
MAX 32 OR BELOW:   0    0.01 INCH OR MORE:   0
MAX 90 OR ABOVE:   7    0.10 INCH OR MORE:   0
MIN 32 OR BELOW:   0    0.50 INCH OR MORE:   0
MIN  0 OR BELOW:   0    1.00 INCH OR MORE:   0

[HDD (BASE 65) ]
TOTAL THIS MO.     0    CLEAR  (SCALE 0-3)  20
DPTR FM NORMAL     0    PTCLDY (SCALE 4-7)   1
TOTAL FM JUL 1   814    CLOUDY (SCALE 8-10)  0
DPTR FM NORMAL   128

[CDD (BASE 65) ]
TOTAL THIS MO.   223
DPTR FM NORMAL   -93    [PRESSURE DATA]
TOTAL FM JAN 1   655    HIGHEST SLP M ON M
DPTR FM NORMAL   -67    LOWEST  SLP 29.52 ON 21

[REMARKS]
