000
CXUS56 KMTR 261000
CF6OAK
PRELIMINARY LOCAL CLIMATOLOGICAL DATA (WS FORM: F-6)

                                          STATION:   OAKLAND AIRPORT
                                          MONTH:     MAY
                                          YEAR:      2019
                                          LATITUDE:   37 43 N
                                          LONGITUDE: 122 13 W

  TEMPERATURE IN F:       :PCPN:    SNOW:  WIND      :SUNSHINE: SKY     :PK WND
================================================================================
1   2   3   4   5  6A  6B    7    8   9   10  11  12  13   14  15   16   17  18
                                     12Z  AVG MX 2MIN
DY MAX MIN AVG DEP HDD CDD  WTR  SNW DPTH SPD SPD DIR MIN PSBL S-S WX    SPD DR
================================================================================

 1  71  48  60   1   5   0 0.00  0.0    0  7.9 22 290   M    M   3        24 290
 2  72  49  61   2   4   0 0.00  0.0    0  8.5 18 290   M    M   3        21 270
 3  70  50  60   1   5   0 0.00  0.0    0  9.2 18 290   M    M   2        22 290
 4  66  51  59   0   6   0 0.00  0.0    0  9.7 21 280   M    M   6        23 280
 5  64  53  59   0   6   0    T  0.0    0 13.7 22 240   M    M   8        25 250
 6  64  55  60   1   5   0    T  0.0    0 11.8 20 260   M    M   9        24 240
 7  66  56  61   2   4   0 0.00  0.0    0 10.0 20 270   M    M   7        24 260
 8  67  56  62   3   3   0 0.00  0.0    0 10.4 20 290   M    M   7        23 290
 9  65  56  61   2   4   0 0.00  0.0    0 11.2 17 280   M    M   9        21 280
10  68  56  62   3   3   0 0.00  0.0    0 10.6 20 290   M    M   6        23 270
11  68  56  62   3   3   0 0.00  0.0    0 11.4 22 280   M    M   6        24 270
12  65  56  61   2   4   0 0.00  0.0    0 12.0 18 270   M    M   7        22 270
13  67  55  61   2   4   0 0.00  0.0    0 11.6 23 270   M    M   8        26 280
14  66  57  62   3   3   0 0.00  0.0    0  9.2 17 270   M    M  10        21 240
15  67  56  62   3   3   0 0.41  0.0    0 17.0 33 160   M    M  10 1      41 160
16  62  53  58  -1   7   0 0.17  0.0    0 18.9 29 270   M    M   8        39 260
17  65  54  60   1   5   0    T  0.0    0 13.6 21 290   M    M   6        26 290
18  59  52  56  -3   9   0 0.69  0.0    0 13.5 33 130   M    M   9 1      39 120
19  62  52  57  -3   8   0 0.24  0.0    0  9.9 24 190   M    M   8        28 190
20  65  48  57  -3   8   0    T    M    0  9.2 17 190   M    M   6        22 260
21  65  54  60   0   5   0 0.21  0.0    0 21.0 32 280   M    M   6 18     37 280
22  69  52  61   1   4   0 0.00  0.0    0 11.3 21 290   M    M   5        25 290
23  69  55  62   2   3   0 0.00  0.0    0  9.0 18 290   M    M   5 18     22 210
24  68  56  62   2   3   0 0.00  0.0    0 11.2 21 280   M    M   7        24 280
25  68  55  62   2   3   0 0.01  0.0    0 14.0 28 260   M    M   6        33 260
================================================================================
SM 1658 1341       117   0  1.73     0.0 295.8          M      167
================================================================================
AV 66.3 53.6                              11.8 FASTST   M    M   7    MAX(MPH)
                                 MISC ---->  # 33 160               # 41  160
================================================================================
NOTES:
# LAST OF SEVERAL OCCURRENCES

COLUMN 17 PEAK WIND IN M.P.H.

PRELIMINARY LOCAL CLIMATOLOGICAL DATA (WS FORM: F-6) , PAGE 2

                                          STATION:  OAKLAND AIRPORT
                                          MONTH:    MAY
                                          YEAR:     2019
                                          LATITUDE:   37 43 N
                                          LONGITUDE: 122 13 W

[TEMPERATURE DATA]      [PRECIPITATION DATA]       SYMBOLS USED IN COLUMN 16

AVERAGE MONTHLY: 60.0   TOTAL FOR MONTH:   1.73    1 = FOG OR MIST
DPTR FM NORMAL:   0.7   DPTR FM NORMAL:    1.13    2 = FOG REDUCING VISIBILITY
HIGHEST:    72 ON  2    GRTST 24HR  0.69 ON 18-18      TO 1/4 MILE OR LESS
LOWEST:     48 ON 20, 1                            3 = THUNDER
                        SNOW, ICE PELLETS, HAIL    4 = ICE PELLETS
                        TOTAL MONTH:   0.0 INCH    5 = HAIL
                        GRTST 24HR     0.0         6 = FREEZING RAIN OR DRIZZLE
                        GRTST DEPTH:   0           7 = DUSTSTORM OR SANDSTORM:
                                                       VSBY 1/2 MILE OR LESS
                                                   8 = SMOKE OR HAZE
[NO. OF DAYS WITH]      [WEATHER - DAYS WITH]      9 = BLOWING SNOW
                                                   X = TORNADO
MAX 32 OR BELOW:   0    0.01 INCH OR MORE:   6
MAX 90 OR ABOVE:   0    0.10 INCH OR MORE:   5
MIN 32 OR BELOW:   0    0.50 INCH OR MORE:   1
MIN  0 OR BELOW:   0    1.00 INCH OR MORE:   0

[HDD (BASE 65) ]
TOTAL THIS MO.   117    CLEAR  (SCALE 0-3)   2
DPTR FM NORMAL   -35    PTCLDY (SCALE 4-7)  17
TOTAL FM JUL 1  2277    CLOUDY (SCALE 8-10)  6
DPTR FM NORMAL  -461

[CDD (BASE 65) ]
TOTAL THIS MO.     0
DPTR FM NORMAL     0    [PRESSURE DATA]
TOTAL FM JAN 1     9    HIGHEST SLP M ON M
DPTR FM NORMAL     3    LOWEST  SLP 29.65 ON 15

[REMARKS]
