000
CXUS56 KMTR 220900
CF6OAK
PRELIMINARY LOCAL CLIMATOLOGICAL DATA (WS FORM: F-6)
STATION: OAKLAND AIRPORT
MONTH: APRIL
YEAR: 2024
LATITUDE: 37 43 N
LONGITUDE: 122 13 W
TEMPERATURE IN F: :PCPN: SNOW: WIND :SUNSHINE: SKY :PK WND
================================================================================
1 2 3 4 5 6A 6B 7 8 9 10 11 12 13 14 15 16 17 18
12Z AVG MX 2MIN
DY MAX MIN AVG DEP HDD CDD WTR SNW DPTH SPD SPD DIR MIN PSBL S-S WX SPD DR
================================================================================
1 69 44 57 1 8 0 0.00 M M 5.8 16 280 M M 1 8 21 230
2 68 47 58 2 7 0 0.00 M M 7.8 17 300 M M 1 22 300
3 59 50 55 -1 10 0 0.00 M M 14.4 36 300 M M 8 46 280
4 55 42 49 -7 16 0 0.60 M M 11.4 25 220 M M 8 1 39 230
5 58 39 49 -7 16 0 0.00 M M 10.0 33 300 M M 4 43 280
6 59 40 50 -7 15 0 0.00 M M 8.6 18 280 M M 4 23 240
7 62 40 51 -6 14 0 0.00 M M 7.8 20 290 M M 2 32 310
8 66 42 54 -3 11 0 0.00 M M 6.3 18 280 M M 1 30 300
9 70 46 58 1 7 0 0.00 M M 6.9 16 300 M M 1 20 310
10 74 48 61 4 4 0 0.00 M M 5.3 13 310 M M 5 1 16 310
11 72 51 62 5 3 0 0.00 M M 7.5 18 290 M M 1 32 310
12 62 50 56 -1 9 0 0.00 M M 15.1 25 200 M M 5 34 240
13 58 47 53 -4 12 0 0.41 M M 14.5 28 180 M M 9 1 40 140
14 60 45 53 -4 12 0 0.06 M M 9.6 25 290 M M 7 1 33 280
15 63 51 57 0 8 0 0.00 M M 5.6 16 280 M M 6 19 290
16 71 48 60 3 5 0 0.00 M M 6.3 16 290 M M 4 19 290
17 75 51 63 5 2 0 0.00 M M 6.1 14 310 M M 5 18 310
18 70 52 61 3 4 0 0.00 M M 8.5 22 300 M M 4 34 310
19 63 51 57 -1 8 0 0.00 M M 8.4 18 300 M M 4 33 310
20 66 51 59 1 6 0 0.00 M M 8.5 15 280 M M 4 20 280
21 73 51 62 4 3 0 0.00 M M 6.8 17 290 M M 3 20 300
================================================================================
SM 1373 986 180 0 1.07 M 181.2 M 87
================================================================================
AV 65.4 47.0 8.6 FASTST M M 4 MAX(MPH)
MISC ----> 36 300 46 280
================================================================================
NOTES:
# LAST OF SEVERAL OCCURRENCES
COLUMN 17 PEAK WIND IN M.P.H.
PRELIMINARY LOCAL CLIMATOLOGICAL DATA (WS FORM: F-6) , PAGE 2
STATION: OAKLAND AIRPORT
MONTH: APRIL
YEAR: 2024
LATITUDE: 37 43 N
LONGITUDE: 122 13 W
[TEMPERATURE DATA] [PRECIPITATION DATA] SYMBOLS USED IN COLUMN 16
AVERAGE MONTHLY: 56.2 TOTAL FOR MONTH: 1.07 1 = FOG OR MIST
DPTR FM NORMAL: -0.8 DPTR FM NORMAL: -0.05 2 = FOG REDUCING VISIBILITY
HIGHEST: 75 ON 17 GRTST 24HR 0.60 ON 4- 4 TO 1/4 MILE OR LESS
LOWEST: 39 ON 5 3 = THUNDER
SNOW, ICE PELLETS, HAIL 4 = ICE PELLETS
TOTAL MONTH: M 5 = HAIL
GRTST 24HR M ON M 6 = FREEZING RAIN OR DRIZZLE
GRTST DEPTH: M ON M 7 = DUSTSTORM OR SANDSTORM:
VSBY 1/2 MILE OR LESS
8 = SMOKE OR HAZE
[NO. OF DAYS WITH] [WEATHER - DAYS WITH] 9 = BLOWING SNOW
X = TORNADO
MAX 32 OR BELOW: 0 0.01 INCH OR MORE: 3
MAX 90 OR ABOVE: 0 0.10 INCH OR MORE: 2
MIN 32 OR BELOW: 0 0.50 INCH OR MORE: 1
MIN 0 OR BELOW: 0 1.00 INCH OR MORE: 0
[HDD (BASE 65) ]
TOTAL THIS MO. 180 CLEAR (SCALE 0-3) 7
DPTR FM NORMAL 9 PTCLDY (SCALE 4-7) 12
TOTAL FM JUL 1 1984 CLOUDY (SCALE 8-10) 2
DPTR FM NORMAL -382
[CDD (BASE 65) ]
TOTAL THIS MO. 0
DPTR FM NORMAL 0 [PRESSURE DATA]
TOTAL FM JAN 1 0 HIGHEST SLP M ON M
DPTR FM NORMAL -1 LOWEST SLP 29.72 ON 4
[REMARKS]