193
CXUS54 KMAF 221100
CF6ODO
PRELIMINARY LOCAL CLIMATOLOGICAL DATA (WS FORM: F-6)

                                          STATION:   Odessa Schleymeyer
                                          MONTH:     MARCH
                                          YEAR:      2019
                                          LATITUDE:   31 55 N
                                          LONGITUDE: 102 23 W

  TEMPERATURE IN F:       :PCPN:    SNOW:  WIND      :SUNSHINE: SKY     :PK WND
================================================================================
1   2   3   4   5  6A  6B    7    8   9   10  11  12  13   14  15   16   17  18
                                     12Z  AVG MX 2MIN
DY MAX MIN AVG DEP HDD CDD  WTR  SNW DPTH SPD SPD DIR MIN PSBL S-S WX    SPD DR
================================================================================

 1  83  42  63  10   2   0 0.00  0.0    0  5.9 15 230   M    M   1 12     19 230
 2  61  40  51  -2  14   0 0.00  0.0    0 10.7 18  50   M    M   6 128    21  50
 3   M   M   M   M   M   M 0.00  0.0    0   M   M   M   M    M   0         M  M
 4  34  22  28 -26  37   0 0.00  0.0    0  7.2  9  70   M    M   1         M  M
 5  46  19  33 -21  32   0 0.00  0.0    0  6.9 13 110   M    M   0        20 110
 6  60  28  44 -10  21   0 0.00  0.0    0 13.3 23 170   M    M   0        27 180
 7  77  41  59   4   6   0 0.00  0.0    0 10.8 17 200   M    M   0        21 210
 8  82  54  68  13   0   3 0.09  0.0    0 10.6 37 290   M    M   1 18     46 280
 9  70  46  58   3   7   0 0.01    M    0 10.2 22 290   M    M   1        28 280
10  61  21  41 -15  24   0    T    M    0 11.1 24  80   M    M   0        28  60
11  51  42  47  -9  18   0    T    M    0  8.4 15  90   M    M   9 128    19 100
12  68  49  59   3   6   0 0.95    M    0 18.6 40 160   M    M  10 1238   53 150
13  67  45  56   0   9   0 0.00  0.0    0 17.9 45 250   M    M   0 8      57 250
14  63  40  52  -5  13   0 0.00  0.0    0 11.9 24  60   M    M   0        29 290
15  53  34  44 -13  21   0 0.00  0.0    0 11.4 21  70   M    M   1        25  70
16  55  34  45 -12  20   0 0.00  0.0    0  9.2 18 140   M    M   6        22 150
17  62  39  51  -7  14   0 0.00  0.0    0  5.4 15 120   M    M   3        19 130
18  64  38  51  -7  14   0 0.00  0.0    0  6.8 17 120   M    M   2 8      21 130
19  68  43  56  -2   9   0 0.00  0.0    0  9.6 18 190   M    M   2        23 190
20  62  44  53  -5  12   0 0.00  0.0    0  9.7 20  70   M    M   8        22  70
21  68  44  56  -2   9   0 0.00  0.0    0 10.3 22 140   M    M   2        28 140
================================================================================
SM 1255  765       288   3  1.05     0.0 205.9          M       53
================================================================================
AV 62.8 38.3                              10.3 FASTST   M    M   3    MAX(MPH)
                                 MISC ---->  # 45 250               # 57  250
================================================================================
NOTES:
# LAST OF SEVERAL OCCURRENCES

COLUMN 17 PEAK WIND IN M.P.H.

PRELIMINARY LOCAL CLIMATOLOGICAL DATA (WS FORM: F-6) , PAGE 2

                                          STATION:  Odessa Schleymeyer
                                          MONTH:    MARCH
                                          YEAR:     2019
                                          LATITUDE:   31 55 N
                                          LONGITUDE: 102 23 W

[TEMPERATURE DATA]      [PRECIPITATION DATA]       SYMBOLS USED IN COLUMN 16

AVERAGE MONTHLY: 50.5   TOTAL FOR MONTH:   1.05    1 = FOG OR MIST
DPTR FM NORMAL:  -5.3   DPTR FM NORMAL:    0.64    2 = FOG REDUCING VISIBILITY
HIGHEST:    83 ON  1    GRTST 24HR  0.95 ON 12-12      TO 1/4 MILE OR LESS
LOWEST:     19 ON  5                               3 = THUNDER
                        SNOW, ICE PELLETS, HAIL    4 = ICE PELLETS
                        TOTAL MONTH:   0.0 INCH    5 = HAIL
                        GRTST 24HR     0.0         6 = FREEZING RAIN OR DRIZZLE
                        GRTST DEPTH:   0           7 = DUSTSTORM OR SANDSTORM:
                                                       VSBY 1/2 MILE OR LESS
                                                   8 = SMOKE OR HAZE
[NO. OF DAYS WITH]      [WEATHER - DAYS WITH]      9 = BLOWING SNOW
                                                   X = TORNADO
MAX 32 OR BELOW:   0    0.01 INCH OR MORE:   3
MAX 90 OR ABOVE:   0    0.10 INCH OR MORE:   1
MIN 32 OR BELOW:   4    0.50 INCH OR MORE:   1
MIN  0 OR BELOW:   0    1.00 INCH OR MORE:   0

[HDD (BASE 65) ]
TOTAL THIS MO.   288    CLEAR  (SCALE 0-3)  16
DPTR FM NORMAL    86    PTCLDY (SCALE 4-7)   3
TOTAL FM JUL 1  2444    CLOUDY (SCALE 8-10)  2
DPTR FM NORMAL   135

[CDD (BASE 65) ]
TOTAL THIS MO.     3
DPTR FM NORMAL    -5    [PRESSURE DATA]
TOTAL FM JAN 1     7    HIGHEST SLP M ON M
DPTR FM NORMAL    -4    LOWEST  SLP 29.36 ON 12

[REMARKS]
