000
CXUS53 KGID 220730
CF6ODX
PRELIMINARY LOCAL CLIMATOLOGICAL DATA (WS FORM: F-6)

                                          STATION:   ORD NE
                                          MONTH:     MAY
                                          YEAR:      2019
                                          LATITUDE:   41 37 N
                                          LONGITUDE:  98 57 W

  TEMPERATURE IN F:       :PCPN:    SNOW:  WIND      :SUNSHINE: SKY     :PK WND
================================================================================
1   2   3   4   5  6A  6B    7    8   9   10  11  12  13   14  15   16   17  18
                                     12Z  AVG MX 2MIN
DY MAX MIN AVG DEP HDD CDD  WTR  SNW DPTH SPD SPD DIR MIN PSBL S-S WX    SPD DR
================================================================================

 1  46  35  41 -13  24   0    T    M    M  6.3 14 350   M    M  10 1      18 360
 2  63  28  46  -8  19   0 0.00    M    M  5.7 15 180   M    M   3 12     21 160
 3  68  39  54  -1  11   0 0.21    M    M  8.3 21 200   M    M   4 3      27 190
 4  76  35  56   1   9   0 0.08    M    M  7.3 26 200   M    M   2 3      33 190
 5  67  44  56   1   9   0    T    M    M  8.7 20  20   M    M   6        24  20
 6  52  43  48  -8  17   0 0.50    M    M  9.1 17  20   M    M  10        27  30
 7  50  42  46 -10  19   0 0.07    M    M  9.6 15  90   M    M  10 1      23  80
 8  51  40  46 -10  19   0 0.99    M    M 14.5 30 350   M    M  10 1      42 360
 9  53  32  43 -14  22   0 0.00    M    M 13.2 25 360   M    M   7        34 360
10  61  28  45 -12  20   0 0.00    M    M  5.6 14 180   M    M   3        21 300
11  63  37  50  -8  15   0    T    M    M  9.9 24 310   M    M   4        33 310
12  65  41  53  -5  12   0 0.01    M    M  9.3 21 340   M    M   7        27 310
13  79  33  56  -2   9   0 0.00    M    M  6.7 17 200   M    M   1 12     24 170
14  83  47  65   6   0   0    T    M    M  4.6 13  40   M    M   1        17  20
15  86  55  71  12   0   6    T    M    M  8.6 20 200   M    M   2        30 310
16  90  53  72  13   0   7    T    M    M  8.8 26  10   M    M   0        36  10
17  84  54  69   9   0   4 0.13    M    M 13.9 40 190   M    M   1 13     55 190
18  67  48  58  -2   7   0    T    M    M 12.9 23 330   M    M   5 3      29 320
19  54  45  50 -10  15   0 0.00    M    M 17.0 24 320   M    M  10        38 330
20  47  42  45 -16  20   0 0.20    M    M 11.6 23 100   M    M  10 1      32 110
21  48  44  46 -15  19   0 1.37    M    M 14.0 25  90   M    M  10 1      36  90
================================================================================
SM 1353  865       266  17  3.56    M    205.6          M      116
================================================================================
AV 64.4 41.2                               9.8 FASTST   M    M   6    MAX(MPH)
                                 MISC ---->  # 40 190               # 55  190
================================================================================
NOTES:
# LAST OF SEVERAL OCCURRENCES

COLUMN 17 PEAK WIND IN M.P.H.

PRELIMINARY LOCAL CLIMATOLOGICAL DATA (WS FORM: F-6) , PAGE 2

                                          STATION:  ORD NE
                                          MONTH:    MAY
                                          YEAR:     2019
                                          LATITUDE:   41 37 N
                                          LONGITUDE:  98 57 W

[TEMPERATURE DATA]      [PRECIPITATION DATA]       SYMBOLS USED IN COLUMN 16

AVERAGE MONTHLY: 52.8   TOTAL FOR MONTH:   3.56    1 = FOG OR MIST
DPTR FM NORMAL:  -4.7   DPTR FM NORMAL:    1.19    2 = FOG REDUCING VISIBILITY
HIGHEST:    90 ON 16    GRTST 24HR  1.37 ON 21-21      TO 1/4 MILE OR LESS
LOWEST:     28 ON 10, 2                            3 = THUNDER
                        SNOW, ICE PELLETS, HAIL    4 = ICE PELLETS
                        TOTAL MONTH:    M          5 = HAIL
                        GRTST 24HR    M  ON   M    6 = FREEZING RAIN OR DRIZZLE
                        GRTST DEPTH:  M  ON   M    7 = DUSTSTORM OR SANDSTORM:
                                                       VSBY 1/2 MILE OR LESS
                                                   8 = SMOKE OR HAZE
[NO. OF DAYS WITH]      [WEATHER - DAYS WITH]      9 = BLOWING SNOW
                                                   X = TORNADO
MAX 32 OR BELOW:   0    0.01 INCH OR MORE:   9
MAX 90 OR ABOVE:   1    0.10 INCH OR MORE:   6
MIN 32 OR BELOW:   3    0.50 INCH OR MORE:   3
MIN  0 OR BELOW:   0    1.00 INCH OR MORE:   1

[HDD (BASE 65) ]
TOTAL THIS MO.   266    CLEAR  (SCALE 0-3)   8
DPTR FM NORMAL    90    PTCLDY (SCALE 4-7)   6
TOTAL FM JUL 1  7145    CLOUDY (SCALE 8-10)  7
DPTR FM NORMAL   616

[CDD (BASE 65) ]
TOTAL THIS MO.    17
DPTR FM NORMAL    -2    [PRESSURE DATA]
TOTAL FM JAN 1    17    HIGHEST SLP M ON M
DPTR FM NORMAL    -4    LOWEST  SLP 29.28 ON 21

[REMARKS]
