000
CXUS53 KGID 260730
CF6ODX
PRELIMINARY LOCAL CLIMATOLOGICAL DATA (WS FORM: F-6)

                                          STATION:   ORD NE
                                          MONTH:     MARCH
                                          YEAR:      2019
                                          LATITUDE:   41 37 N
                                          LONGITUDE:  98 57 W

  TEMPERATURE IN F:       :PCPN:    SNOW:  WIND      :SUNSHINE: SKY     :PK WND
================================================================================
1   2   3   4   5  6A  6B    7    8   9   10  11  12  13   14  15   16   17  18
                                     12Z  AVG MX 2MIN
DY MAX MIN AVG DEP HDD CDD  WTR  SNW DPTH SPD SPD DIR MIN PSBL S-S WX    SPD DR
================================================================================

 1  33  14  24  -8  41   0 0.00    M    M 13.8 30 330   M    M   7        38 330
 2  18   2  10 -22  55   0 0.05    M    M 13.8 22 360   M    M  10        29  20
 3   5  -6   0 -32  65   0 0.00    M    M 15.0 23 320   M    M   4        29 310
 4  17  -5   6 -27  59   0 0.00    M    M 15.0 25 320   M    M   0        40 330
 5  22  -4   9 -24  56   0 0.00    M    M 11.7 23 320   M    M   1        30 320
 6  30  -7  12 -22  53   0 0.15    M    M  3.1 12 140   M    M   6        16 150
 7  25  19  22 -12  43   0 0.45    M    M  7.5 15  80   M    M  10 12     21  90
 8  32  24  28  -6  37   0 0.00    M    M  9.0 20 120   M    M  10 12     29 130
 9  35  23  29  -6  36   0 0.11    M    M 19.7 44 330   M    M   8 16     58 320
10  38  11  25 -10  40   0 0.00    M    M  6.6 15 340   M    M   2        20 310
11  40  11  26 -10  39   0    T    M    M  6.2 15 140   M    M   2 1      21 140
12  43  35  39   3  26   0    T    M    M  5.4 14 180   M    M  10 12     20 180
13  56  31  44   8  21   0 2.13    M    M 14.1 41 340   M    M   9 1236   55 340
14  36  30  33  -4  32   0 0.20    M    M 35.2 48 330   M    M   7 69     67 330
15  44  26  35  -2  30   0 0.00    M    M 10.8 22 320   M    M   0        28 320
16  48  25  37  -1  28   0 0.00    M    M  9.5 25 320   M    M   0        34 320
17  55  23  39   1  26   0 0.00    M    M  6.1 20 360   M    M   2        25 360
18  44  23  34  -5  31   0 0.00    M    M  5.0 15 210   M    M   3        20 200
19  42  32  37  -2  28   0 0.36    M    M  4.2 16 340   M    M  10 1      20 340
20  56  26  41   2  24   0 0.00    M    M 10.6 22 340   M    M   1        30 350
21  64  25  45   5  20   0 0.00    M    M  3.2 12 240   M    M   0 1      16 250
22  62  27  45   5  20   0 0.00    M    M  6.0 15 140   M    M   1        22 130
23  51  38  45   4  20   0 0.09    M    M  8.2 17 110   M    M  10 1      24 120
24  56  41  49   8  16   0 0.02    M    M 10.2 17  10   M    M   9 1      26  20
25  50  35  43   2  22   0    T    M    M  7.0 13  10   M    M  10 1      16  10
================================================================================
SM 1002  499       868   0  3.56    M    256.9          M      132
================================================================================
AV 40.1 20.0                              10.3 FASTST   M    M   5    MAX(MPH)
                                 MISC ---->  # 48 330               # 67  330
================================================================================
NOTES:
# LAST OF SEVERAL OCCURRENCES

COLUMN 17 PEAK WIND IN M.P.H.

PRELIMINARY LOCAL CLIMATOLOGICAL DATA (WS FORM: F-6) , PAGE 2

                                          STATION:  ORD NE
                                          MONTH:    MARCH
                                          YEAR:     2019
                                          LATITUDE:   41 37 N
                                          LONGITUDE:  98 57 W

[TEMPERATURE DATA]      [PRECIPITATION DATA]       SYMBOLS USED IN COLUMN 16

AVERAGE MONTHLY: 30.0   TOTAL FOR MONTH:   3.56    1 = FOG OR MIST
DPTR FM NORMAL:  -6.5   DPTR FM NORMAL:    2.67    2 = FOG REDUCING VISIBILITY
HIGHEST:    64 ON 21    GRTST 24HR  2.13 ON 13-13      TO 1/4 MILE OR LESS
LOWEST:     -7 ON  6                               3 = THUNDER
                        SNOW, ICE PELLETS, HAIL    4 = ICE PELLETS
                        TOTAL MONTH:    M          5 = HAIL
                        GRTST 24HR    M  ON   M    6 = FREEZING RAIN OR DRIZZLE
                        GRTST DEPTH:  M  ON   M    7 = DUSTSTORM OR SANDSTORM:
                                                       VSBY 1/2 MILE OR LESS
                                                   8 = SMOKE OR HAZE
[NO. OF DAYS WITH]      [WEATHER - DAYS WITH]      9 = BLOWING SNOW
                                                   X = TORNADO
MAX 32 OR BELOW:   7    0.01 INCH OR MORE:   9
MAX 90 OR ABOVE:   0    0.10 INCH OR MORE:   6
MIN 32 OR BELOW:  21    0.50 INCH OR MORE:   1
MIN  0 OR BELOW:   4    1.00 INCH OR MORE:   1

[HDD (BASE 65) ]
TOTAL THIS MO.   868    CLEAR  (SCALE 0-3)  11
DPTR FM NORMAL   156    PTCLDY (SCALE 4-7)   4
TOTAL FM JUL 1  6263    CLOUDY (SCALE 8-10) 10
DPTR FM NORMAL   534

[CDD (BASE 65) ]
TOTAL THIS MO.     0
DPTR FM NORMAL     0    [PRESSURE DATA]
TOTAL FM JAN 1     0    HIGHEST SLP 30.16 ON 14
DPTR FM NORMAL     0    LOWEST  SLP 28.97 ON 13

[REMARKS]
