000
CXUS53 KOAX 222016
CF6OFK
PRELIMINARY LOCAL CLIMATOLOGICAL DATA (WS FORM: F-6)

                                          STATION:   NORFOLK NE
                                          MONTH:     MARCH
                                          YEAR:      2019
                                          LATITUDE:   41 58 N
                                          LONGITUDE:  97 26 W

  TEMPERATURE IN F:       :PCPN:    SNOW:  WIND      :SUNSHINE: SKY     :PK WND
================================================================================
1   2   3   4   5  6A  6B    7    8   9   10  11  12  13   14  15   16   17  18
                                     12Z  AVG MX 2MIN
DY MAX MIN AVG DEP HDD CDD  WTR  SNW DPTH SPD SPD DIR MIN PSBL S-S WX    SPD DR
================================================================================

 1  28   9  19 -12  46   0 0.00  0.0    5 11.8 26 330   M    M   6        34 330
 2  13  -1   6 -26  59   0 0.02  0.5    5 13.9 22 340   M    M   8 189    29 340
 3   2  -9  -3 -35  68   0 0.00  0.0    5 15.2 23 300   M    M   1        31 300
 4  13  -7   3 -30  62   0 0.00  0.0    5 15.6 25 290   M    M   0        35 290
 5  19   3  11 -22  54   0    T    T    4 13.2 26 330   M    M   3 89     34 320
 6  31  -7  12 -21  53   0 0.00  0.0    4  4.1 12  80   M    M   3        16  70
 7  22  15  19 -15  46   0 0.16  2.0    6  9.0 16  90   M    M  10 1      23  80
 8  31  21  26  -8  39   0 0.00  0.0    5  9.5 22 120   M    M  10 1      28 120
 9  34  25  30  -5  35   0 0.20    T    4 18.5 38 310   M    M  10 16     53 300
10  33  18  26  -9  39   0 0.00  0.0    4  9.7 25 320   M    M   3        35 320
11  36  19  28  -7  37   0    T  0.0    4  6.3 16 170   M    M   4        22 170
12  40  34  37   1  28   0 0.01  0.0    1  9.3 20 170   M    M  10 12     28 180
13  53  36  45   9  20   0 1.85  0.0    0 11.0 23 140   M    M  10 123    31 130
14  38  30  34  -3  31   0 0.41    T    0 31.7 49 330   M    M  10 16     63 330
15  42  24  33  -4  32   0 0.00  0.0    0   M   M   M   M    M   M         M  M
16  47  23  35  -2  30   0 0.00  0.0    0   M   M   M   M    M   M         M  M
17  48  20  34  -4  31   0 0.00  0.0    0   M   M   M   M    M   M         M  M
18  46  22  34  -4  31   0 0.00  0.0    0   M   M   M   M    M   M         M  M
19  46  33  40   1  25   0    T  0.0    0   M   M   M   M    M   M         M  M
20  53  28  41   2  24   0 0.00  0.0    0   M   M   M   M    M   M         M  M
21  59  25  42   3  23   0 0.00  0.0    0   M  12 340   M    M   M        16 310
================================================================================
SM  734  361       813   0  2.65     2.5 178.8          M       88
================================================================================
AV 35.0 17.2                              12.8 FASTST   M    M   6    MAX(MPH)
                                 MISC ---->  # 49 330               # 63  330
================================================================================
NOTES:
# LAST OF SEVERAL OCCURRENCES

COLUMN 17 PEAK WIND IN M.P.H.

PRELIMINARY LOCAL CLIMATOLOGICAL DATA (WS FORM: F-6) , PAGE 2

                                          STATION:  NORFOLK NE
                                          MONTH:    MARCH
                                          YEAR:     2019
                                          LATITUDE:   41 58 N
                                          LONGITUDE:  97 26 W

[TEMPERATURE DATA]      [PRECIPITATION DATA]       SYMBOLS USED IN COLUMN 16

AVERAGE MONTHLY: 26.1   TOTAL FOR MONTH:   2.65    1 = FOG OR MIST
DPTR FM NORMAL:  -9.3   DPTR FM NORMAL:    1.59    2 = FOG REDUCING VISIBILITY
HIGHEST:    59 ON 21    GRTST 24HR  1.85 ON 13-13      TO 1/4 MILE OR LESS
LOWEST:     -9 ON  3                               3 = THUNDER
                        SNOW, ICE PELLETS, HAIL    4 = ICE PELLETS
                        TOTAL MONTH:   2.5 INCHES  5 = HAIL
                        GRTST 24HR   2.0 ON  7- 7  6 = FREEZING RAIN OR DRIZZLE
                        GRTST DEPTH:   6 ON  7     7 = DUSTSTORM OR SANDSTORM:
                                                       VSBY 1/2 MILE OR LESS
                                                   8 = SMOKE OR HAZE
[NO. OF DAYS WITH]      [WEATHER - DAYS WITH]      9 = BLOWING SNOW
                                                   X = TORNADO
MAX 32 OR BELOW:   8    0.01 INCH OR MORE:   6
MAX 90 OR ABOVE:   0    0.10 INCH OR MORE:   4
MIN 32 OR BELOW:  18    0.50 INCH OR MORE:   1
MIN  0 OR BELOW:   4    1.00 INCH OR MORE:   1

[HDD (BASE 65) ]
TOTAL THIS MO.   813    CLEAR  (SCALE 0-3)   4
DPTR FM NORMAL   191    PTCLDY (SCALE 4-7)   4
TOTAL FM JUL 1  6372    CLOUDY (SCALE 8-10)  6
DPTR FM NORMAL   657

[CDD (BASE 65) ]
TOTAL THIS MO.     0
DPTR FM NORMAL     0    [PRESSURE DATA]
TOTAL FM JAN 1     0    HIGHEST SLP M ON M
DPTR FM NORMAL     0    LOWEST  SLP 28.94 ON 14

[REMARKS]
