000
CXUS51 KAKQ 260833
CF6OFP
PRELIMINARY LOCAL CLIMATOLOGICAL DATA (WS FORM: F-6)

                                          STATION:   RICHMOND/HANOVER
                                          MONTH:     MAY
                                          YEAR:      2019
                                          LATITUDE:   37 42 N
                                          LONGITUDE:  77 26 W

  TEMPERATURE IN F:       :PCPN:    SNOW:  WIND      :SUNSHINE: SKY     :PK WND
================================================================================
1   2   3   4   5  6A  6B    7    8   9   10  11  12  13   14  15   16   17  18
                                     12Z  AVG MX 2MIN
DY MAX MIN AVG DEP HDD CDD  WTR  SNW DPTH SPD SPD DIR MIN PSBL S-S WX    SPD DR
================================================================================

 1  86  62  74  12   0   9 0.00  0.0    0  4.6 13 200   M    M   5 128    17 180
 2  89  65  77  14   0  12 0.00  0.0    0  7.0 16 210   M    M   1        25 200
 3  87  64  76  13   0  11 0.00  0.0    0  8.8 17 170   M    M   1        24 180
 4  88  68  78  15   0  13 0.07  0.0    0  4.8 13 220   M    M   2 1      15 220
 5  79  60  70   6   0   5 0.89  0.0    0  4.9 16 290   M    M   8 18     20 350
 6  76  56  66   2   0   1 0.00  0.0    0  2.6 10 360   M    M   6        24  30
 7  81  56  69   5   0   4 0.00  0.0    0  5.1 13 170   M    M   2 18     17 200
 8  84  62  73   9   0   8 0.04  0.0    0  4.6 13 160   M    M   5 1      20 160
 9  83  63  73   8   0   8 0.00  0.0    0  5.5 15 160   M    M   5 18     21 180
10  84  66  75  10   0  10 0.00  0.0    0 10.1 18 190   M    M   5 8      25 180
11  75  63  69   4   0   4 0.13  0.0    0  2.7  9  80   M    M   9 18     16  30
12  71  55  63  -2   2   0 0.19  0.0    0  3.8 14 300   M    M  10 128    19 310
13  64  51  58  -8   7   0 0.18  0.0    0  3.4  8  30   M    M   9 18     13  10
14  66  47  57  -9   8   0 0.01  0.0    0  4.6 21 310   M    M   7 128    28 300
15  74  43  59  -7   6   0 0.00  0.0    0  5.1 13 300   M    M   2        19 290
16  81  49  65  -1   0   0 0.00  0.0    0  5.5 14 260   M    M   1        18 300
17  85  56  71   4   0   6 0.12  0.0    0  5.1 15 280   M    M   2 18     20 250
18  90  62  76   9   0  11 0.00  0.0    0  2.3  9 110   M    M   1 128    13  90
19  93  65  79  12   0  14 0.00  0.0    0  7.7 18 210   M    M   1 18     26 210
20  90  64  77  10   0  12 0.06  0.0    0  8.5 22 240   M    M   2 1      33 280
21  77  53  65  -3   0   0 0.00  0.0    0  2.9 12 310   M    M   0 1      22 150
22  78  49  64  -4   1   0 0.00  0.0    0  3.0  9  90   M    M   0        13  90
23  89  58  74   6   0   9 0.00  0.0    0 10.1 20 200   M    M   0        26 230
24  89  66  78   9   0  13 0.00  0.0    0  4.7 12 230   M    M   0        16  50
25  89  61  75   6   0  10    T  0.0    0  4.7 14 170   M    M   2        19 170
================================================================================
SM 2048 1464        24 160  1.69     0.0 132.1          M       86
================================================================================
AV 81.9 58.6                               5.3 FASTST   M    M   3    MAX(MPH)
                                 MISC ---->  # 22 240               # 33  280
================================================================================
NOTES:
# LAST OF SEVERAL OCCURRENCES

COLUMN 17 PEAK WIND IN M.P.H.

PRELIMINARY LOCAL CLIMATOLOGICAL DATA (WS FORM: F-6) , PAGE 2

                                          STATION:  RICHMOND/HANOVER
                                          MONTH:    MAY
                                          YEAR:     2019
                                          LATITUDE:   37 42 N
                                          LONGITUDE:  77 26 W

[TEMPERATURE DATA]      [PRECIPITATION DATA]       SYMBOLS USED IN COLUMN 16

AVERAGE MONTHLY: 70.2   TOTAL FOR MONTH:   1.69    1 = FOG OR MIST
DPTR FM NORMAL:   4.6   DPTR FM NORMAL:   -1.47    2 = FOG REDUCING VISIBILITY
HIGHEST:    93 ON 19    GRTST 24HR  0.89 ON  5- 5      TO 1/4 MILE OR LESS
LOWEST:     43 ON 15                               3 = THUNDER
                        SNOW, ICE PELLETS, HAIL    4 = ICE PELLETS
                        TOTAL MONTH:   0.0 INCH    5 = HAIL
                        GRTST 24HR     0.0         6 = FREEZING RAIN OR DRIZZLE
                        GRTST DEPTH:   0           7 = DUSTSTORM OR SANDSTORM:
                                                       VSBY 1/2 MILE OR LESS
                                                   8 = SMOKE OR HAZE
[NO. OF DAYS WITH]      [WEATHER - DAYS WITH]      9 = BLOWING SNOW
                                                   X = TORNADO
MAX 32 OR BELOW:   0    0.01 INCH OR MORE:   9
MAX 90 OR ABOVE:   3    0.10 INCH OR MORE:   5
MIN 32 OR BELOW:   0    0.50 INCH OR MORE:   1
MIN  0 OR BELOW:   0    1.00 INCH OR MORE:   0

[HDD (BASE 65) ]
TOTAL THIS MO.    24    CLEAR  (SCALE 0-3)  15
DPTR FM NORMAL   -45    PTCLDY (SCALE 4-7)   6
TOTAL FM JUL 1  3683    CLOUDY (SCALE 8-10)  4
DPTR FM NORMAL  -109

[CDD (BASE 65) ]
TOTAL THIS MO.   160
DPTR FM NORMAL    77    [PRESSURE DATA]
TOTAL FM JAN 1   221    HIGHEST SLP M ON M
DPTR FM NORMAL    96    LOWEST  SLP 29.59 ON  5

[REMARKS]
