000
CXUS51 KAKQ 180833
CF6OFP
PRELIMINARY LOCAL CLIMATOLOGICAL DATA (WS FORM: F-6)

                                          STATION:   RICHMOND/HANOVER
                                          MONTH:     MARCH
                                          YEAR:      2019
                                          LATITUDE:   37 42 N
                                          LONGITUDE:  77 26 W

  TEMPERATURE IN F:       :PCPN:    SNOW:  WIND      :SUNSHINE: SKY     :PK WND
================================================================================
1   2   3   4   5  6A  6B    7    8   9   10  11  12  13   14  15   16   17  18
                                     12Z  AVG MX 2MIN
DY MAX MIN AVG DEP HDD CDD  WTR  SNW DPTH SPD SPD DIR MIN PSBL S-S WX    SPD DR
================================================================================

 1  40  35  38  -6  27   0 0.85  0.0    0  4.3 10  90   M    M  10 1      20 100
 2  49  35  42  -2  23   0 0.00  0.0    0  2.3  9 300   M    M   8 1      12 300
 3  47  39  43  -2  22   0 0.58    M    M  3.4 13 120   M    M  10 18     19 130
 4  49  32  41  -4  24   0 0.02    M    0  6.0 16 300   M    M   9 1      23 320
 5  44  23  34 -11  31   0 0.00  0.0    0  4.3 15 220   M    M   0        21 300
 6  38  22  30 -15  35   0 0.00  0.0    0  5.6 18 290   M    M   0        25 300
 7  45  20  33 -13  32   0 0.00  0.0    0  3.6 15 290   M    M   0        21 300
 8  45  30  38  -8  27   0 0.08    M    0  2.1  9 200   M    M  10 1      14 180
 9  41  34  38  -8  27   0 0.08    M    0  2.8  8 100   M    M  10 18     14  10
10  64  40  52   5  13   0 0.14    M    0  6.1 17 210   M    M   5 1      25 230
11  63  37  50   3  15   0 0.00  0.0    0  5.7 14 300   M    M   1        25  10
12  58  31  45  -2  20   0 0.00  0.0    0  3.5 15 290   M    M   0        21 320
13  64  26  45  -2  20   0 0.00  0.0    0  4.5 15 180   M    M   0        20 190
14  77  47  62  14   3   0 0.00  0.0    0 11.1 21 180   M    M   0        28 180
15  75  61  68  20   0   3 0.05  0.0    0 13.7 24 210   M    M   4 3      34 210
16  60  38  49   1  16   0 0.00  0.0    0  8.1 20 300   M    M   0        27 300
17  56  29  43  -6  22   0 0.00  0.0    0  3.5 14 290   M    M   1        18 210
================================================================================
SM  915  579       357   3  1.80     0.0  90.6          M       68
================================================================================
AV 53.8 34.1                               5.3 FASTST   M    M   4    MAX(MPH)
                                 MISC ---->  # 24 210               # 34  210
================================================================================
NOTES:
# LAST OF SEVERAL OCCURRENCES

COLUMN 17 PEAK WIND IN M.P.H.

PRELIMINARY LOCAL CLIMATOLOGICAL DATA (WS FORM: F-6) , PAGE 2

                                          STATION:  RICHMOND/HANOVER
                                          MONTH:    MARCH
                                          YEAR:     2019
                                          LATITUDE:   37 42 N
                                          LONGITUDE:  77 26 W

[TEMPERATURE DATA]      [PRECIPITATION DATA]       SYMBOLS USED IN COLUMN 16

AVERAGE MONTHLY: 43.9   TOTAL FOR MONTH:   1.80    1 = FOG OR MIST
DPTR FM NORMAL:  -2.4   DPTR FM NORMAL:   -0.27    2 = FOG REDUCING VISIBILITY
HIGHEST:    77 ON 14    GRTST 24HR  0.85 ON  1- 1      TO 1/4 MILE OR LESS
LOWEST:     20 ON  7                               3 = THUNDER
                        SNOW, ICE PELLETS, HAIL    4 = ICE PELLETS
                        TOTAL MONTH:   0.0 INCH    5 = HAIL
                        GRTST 24HR     0.0         6 = FREEZING RAIN OR DRIZZLE
                        GRTST DEPTH:   0           7 = DUSTSTORM OR SANDSTORM:
                                                       VSBY 1/2 MILE OR LESS
                                                   8 = SMOKE OR HAZE
[NO. OF DAYS WITH]      [WEATHER - DAYS WITH]      9 = BLOWING SNOW
                                                   X = TORNADO
MAX 32 OR BELOW:   0    0.01 INCH OR MORE:   7
MAX 90 OR ABOVE:   0    0.10 INCH OR MORE:   3
MIN 32 OR BELOW:   8    0.50 INCH OR MORE:   2
MIN  0 OR BELOW:   0    1.00 INCH OR MORE:   0

[HDD (BASE 65) ]
TOTAL THIS MO.   357    CLEAR  (SCALE 0-3)   9
DPTR FM NORMAL    36    PTCLDY (SCALE 4-7)   3
TOTAL FM JUL 1  3287    CLOUDY (SCALE 8-10)  5
DPTR FM NORMAL    11

[CDD (BASE 65) ]
TOTAL THIS MO.     3
DPTR FM NORMAL     3    [PRESSURE DATA]
TOTAL FM JAN 1     3    HIGHEST SLP M ON M
DPTR FM NORMAL     3    LOWEST  SLP 29.57 ON  4

[REMARKS]
