000
CXUS55 KCAE 211400
CF6OGB
PRELIMINARY LOCAL CLIMATOLOGICAL DATA (WS FORM: F-6)

                                          STATION:   ORANGEBURG AIRPORT SC
                                          MONTH:     MARCH
                                          YEAR:      2019
                                          LATITUDE:   33 27 N
                                          LONGITUDE:  80 51 W

  TEMPERATURE IN F:       :PCPN:    SNOW:  WIND      :SUNSHINE: SKY     :PK WND
================================================================================
1   2   3   4   5  6A  6B    7    8   9   10  11  12  13   14  15   16   17  18
                                     12Z  AVG MX 2MIN
DY MAX MIN AVG DEP HDD CDD  WTR  SNW DPTH SPD SPD DIR MIN PSBL S-S WX    SPD DR
================================================================================

 1  66  54  60   7   5   0 0.19    M    M  5.9 21 230   M    M   8 12     27 220
 2  74  59  67  14   0   2 0.00    M    M  6.3 14 240   M    M   7        18 270
 3  76  57  67  14   0   2 0.90    M    M  8.0 28 220   M    M   9 13     40 200
 4  66  43  55   1  10   0 0.01    M    M  6.9 17 290   M    M   9 18     23 320
 5  49  37  43 -11  22   0 0.26    M    M  6.5 17 290   M    M   7 1      24 300
 6  50  29  40 -14  25   0 0.00    M    M  5.1 13  20   M    M   0        18 250
 7  60  28  44 -10  21   0 0.00    M    M  2.1 10 230   M    M   1 1      13 240
 8  68  47  58   3   7   0    T    M    M  6.1 23 240   M    M  10        28 240
 9  72  51  62   7   3   0 0.07    M    M  3.8 13  40   M    M   6 1      16  40
10  80  58  69  14   0   4 0.00    M    M  8.5 21 260   M    M   6 1      26 260
11  70  54  62   7   3   0 0.04    M    M  3.0 12  60   M    M   7        16  20
12  68  45  57   1   8   0 0.00    M    M  4.2 15  50   M    M   0        21  40
13  71  38  55  -1  10   0 0.00    M    M  4.6 14 200   M    M   0        18 190
14  77  48  63   7   2   0 0.00    M    M  6.3 20 180   M    M   2 1      24 210
15  82  60  71  15   0   6 0.01    M    M 11.5 22 230   M    M   2 3      29 200
16  62  43  53  -4  12   0 0.00    M    M  5.6 15  20   M    M   1        19 360
17  62  41  52  -5  13   0 0.00    M    M  4.6 16  40   M    M   0        23  30
18  68  36  52  -5  13   0 0.00    M    M  4.7 16  30   M    M   0 1      21  20
19  58  38  48 -10  17   0 0.00    M    M  8.7 17  40   M    M   0        25  60
20  58  36  47 -11  18   0 0.00    M    M  8.3 17  30   M    M   7 8      24  30
================================================================================
SM 1337  902       189  14  1.48    M    120.7          M       82
================================================================================
AV 66.9 45.1                               6.0 FASTST   M    M   4    MAX(MPH)
                                 MISC ---->  # 28 220               # 40  200
================================================================================
NOTES:
# LAST OF SEVERAL OCCURRENCES

COLUMN 17 PEAK WIND IN M.P.H.

PRELIMINARY LOCAL CLIMATOLOGICAL DATA (WS FORM: F-6) , PAGE 2

                                          STATION:  ORANGEBURG AIRPORT SC
                                          MONTH:    MARCH
                                          YEAR:     2019
                                          LATITUDE:   33 27 N
                                          LONGITUDE:  80 51 W

[TEMPERATURE DATA]      [PRECIPITATION DATA]       SYMBOLS USED IN COLUMN 16

AVERAGE MONTHLY: 56.0   TOTAL FOR MONTH:   1.48    1 = FOG OR MIST
DPTR FM NORMAL:   0.7   DPTR FM NORMAL:   -1.13    2 = FOG REDUCING VISIBILITY
HIGHEST:    82 ON 15    GRTST 24HR  0.90 ON  3- 3      TO 1/4 MILE OR LESS
LOWEST:     28 ON  7                               3 = THUNDER
                        SNOW, ICE PELLETS, HAIL    4 = ICE PELLETS
                        TOTAL MONTH:    M          5 = HAIL
                        GRTST 24HR    M  ON   M    6 = FREEZING RAIN OR DRIZZLE
                        GRTST DEPTH:  M  ON   M    7 = DUSTSTORM OR SANDSTORM:
                                                       VSBY 1/2 MILE OR LESS
                                                   8 = SMOKE OR HAZE
[NO. OF DAYS WITH]      [WEATHER - DAYS WITH]      9 = BLOWING SNOW
                                                   X = TORNADO
MAX 32 OR BELOW:   0    0.01 INCH OR MORE:   7
MAX 90 OR ABOVE:   0    0.10 INCH OR MORE:   3
MIN 32 OR BELOW:   2    0.50 INCH OR MORE:   1
MIN  0 OR BELOW:   0    1.00 INCH OR MORE:   0

[HDD (BASE 65) ]
TOTAL THIS MO.   189    CLEAR  (SCALE 0-3)  10
DPTR FM NORMAL   -15    PTCLDY (SCALE 4-7)   6
TOTAL FM JUL 1  1850    CLOUDY (SCALE 8-10)  4
DPTR FM NORMAL  -286

[CDD (BASE 65) ]
TOTAL THIS MO.    14
DPTR FM NORMAL     2    [PRESSURE DATA]
TOTAL FM JAN 1    26    HIGHEST SLP M ON M
DPTR FM NORMAL    11    LOWEST  SLP 29.62 ON  3

[REMARKS]
