000
CXHW52 PHFO 251250
CF6OGG
PRELIMINARY LOCAL CLIMATOLOGICAL DATA (WS FORM: F-6)

                                          STATION:   KAHULUI HI
                                          MONTH:     MAY
                                          YEAR:      2019
                                          LATITUDE:   20 53 N
                                          LONGITUDE: 156 26 W

  TEMPERATURE IN F:       :PCPN:    SNOW:  WIND      :SUNSHINE: SKY     :PK WND
================================================================================
1   2   3   4   5  6A  6B    7    8   9   10  11  12  13   14  15   16   17  18
                                     12Z  AVG MX 2MIN
DY MAX MIN AVG DEP HDD CDD  WTR  SNW DPTH SPD SPD DIR MIN PSBL S-S WX    SPD DR
================================================================================

 1  87  72  80   5   0  15 0.00  0.0    M 15.5 28  30   M    M   M        31  40
 2  83  72  78   3   0  13 0.21  0.0    M 11.6 22  40   M    M   M 18     28  60
 3  84  70  77   2   0  12    T  0.0    M  8.1 20 200   M    M   M 8      24 200
 4  88  70  79   4   0  14 0.38  0.0    M 16.1 36 200   M    M   M 18     46 200
 5  82  62  72  -3   0   7 0.01  0.0    M 11.7 23 310   M    M   M        32 320
 6  84  58  71  -4   0   6 0.00  0.0    M  7.5 16  10   M    M   M        20 350
 7  85  63  74  -1   0   9 0.00  0.0    M  6.6 14  40   M    M   M        20  10
 8  86  64  75   0   0  10 0.00  0.0    M  6.7 14  30   M    M   M        19  20
 9  86  64  75   0   0  10 0.00  0.0    M  8.6 16  20   M    M   M        21  20
10  86  65  76   1   0  11 0.00  0.0    M  8.9 16  30   M    M   M        23  20
11  86  67  77   2   0  12    T  0.0    M  8.5 16  10   M    M   M        22  10
12  87  65  76   1   0  11 0.01  0.0    M  8.1 18  40   M    M   M        21  30
13  88  70  79   3   0  14 0.00  0.0    M 11.0 23  30   M    M   M        27  20
14  87  69  78   2   0  13    T  0.0    M 11.5 22  30   M    M   M        24  30
15  88  75  82   6   0  17 0.28  0.0    M 16.5 28  40   M    M   M 8      33  40
16   M   M   M   M   M   M    M    M    M   M   M   M   M    M   M         M  M
17  88  70  79   3   0  14    T  0.0    M 14.3 28  30   M    M   M 8      31  40
18  91  73  82   6   0  17 0.00  0.0    M 16.0 30  40   M    M   M        37  50
19  92  68  80   4   0  15 0.00  0.0    M 12.1 29  70   M    M   M        37  70
20  93  68  81   5   0  16 0.00  0.0    M  7.3 22  30   M    M   M        26  30
21  92  70  81   5   0  16 0.00  0.0    M  6.7 14  30   M    M   M        19 360
22  96  67  82   6   0  17 0.00  0.0    M  8.2 25  30   M    M   M        31  20
23  95  70  83   7   0  18 0.00  0.0    M  8.0 21  20   M    M   M        25  60
24  94  69  82   6   0  17 0.00  0.0    M 11.9 26  60   M    M   M        39  50
================================================================================
SM 2028 1561         0 304  0.89     0.0 241.4          M        M
================================================================================
AV 88.2 67.9                              10.5 FASTST   M    M   0    MAX(MPH)
                                 MISC ---->  # 36 200               # 46  200
================================================================================
NOTES:
# LAST OF SEVERAL OCCURRENCES

COLUMN 17 PEAK WIND IN M.P.H.

PRELIMINARY LOCAL CLIMATOLOGICAL DATA (WS FORM: F-6) , PAGE 2

                                          STATION:  KAHULUI HI
                                          MONTH:    MAY
                                          YEAR:     2019
                                          LATITUDE:   20 53 N
                                          LONGITUDE: 156 26 W

[TEMPERATURE DATA]      [PRECIPITATION DATA]       SYMBOLS USED IN COLUMN 16

AVERAGE MONTHLY: 78.0   TOTAL FOR MONTH:   0.89    1 = FOG OR MIST
DPTR FM NORMAL:   2.5   DPTR FM NORMAL:    0.24    2 = FOG REDUCING VISIBILITY
HIGHEST:    96 ON 22    GRTST 24HR  0.38 ON  4- 4      TO 1/4 MILE OR LESS
LOWEST:     58 ON  6                               3 = THUNDER
                        SNOW, ICE PELLETS, HAIL    4 = ICE PELLETS
                        TOTAL MONTH:   0.0 INCH    5 = HAIL
                        GRTST 24HR     0.0         6 = FREEZING RAIN OR DRIZZLE
                        GRTST DEPTH:  M  ON   M    7 = DUSTSTORM OR SANDSTORM:
                                                       VSBY 1/2 MILE OR LESS
                                                   8 = SMOKE OR HAZE
[NO. OF DAYS WITH]      [WEATHER - DAYS WITH]      9 = BLOWING SNOW
                                                   X = TORNADO
MAX 32 OR BELOW:   0    0.01 INCH OR MORE:   5
MAX 90 OR ABOVE:   7    0.10 INCH OR MORE:   3
MIN 32 OR BELOW:   0    0.50 INCH OR MORE:   0
MIN  0 OR BELOW:   0    1.00 INCH OR MORE:   0

[HDD (BASE 65) ]
TOTAL THIS MO.     0    CLEAR  (SCALE 0-3)   0
DPTR FM NORMAL     0    PTCLDY (SCALE 4-7)   0
TOTAL FM JUL 1     0    CLOUDY (SCALE 8-10)  0
DPTR FM NORMAL     0

[CDD (BASE 65) ]
TOTAL THIS MO.   304
DPTR FM NORMAL    53    [PRESSURE DATA]
TOTAL FM JAN 1  1433    HIGHEST SLP M ON M
DPTR FM NORMAL   256    LOWEST  SLP 29.77 ON  5

[REMARKS]
