000
CXHW52 PHFO 231250
CF6OGG
PRELIMINARY LOCAL CLIMATOLOGICAL DATA (WS FORM: F-6)

                                          STATION:   KAHULUI HI
                                          MONTH:     MARCH
                                          YEAR:      2019
                                          LATITUDE:   20 53 N
                                          LONGITUDE: 156 26 W

  TEMPERATURE IN F:       :PCPN:    SNOW:  WIND      :SUNSHINE: SKY     :PK WND
================================================================================
1   2   3   4   5  6A  6B    7    8   9   10  11  12  13   14  15   16   17  18
                                     12Z  AVG MX 2MIN
DY MAX MIN AVG DEP HDD CDD  WTR  SNW DPTH SPD SPD DIR MIN PSBL S-S WX    SPD DR
================================================================================

 1  78  61  70  -2   0   5 0.00  0.0    M  8.8 16  30   M    M   M        21 350
 2  81  60  71  -1   0   6 0.01  0.0    M  9.5 21  40   M    M   M 8      24  40
 3  81  67  74   2   0   9 0.02  0.0    M 12.1 23  30   M    M   M        26  30
 4  77  68  73   1   0   8    T  0.0    M 14.3 24  40   M    M   M        29  40
 5  79  65  72   0   0   7    T  0.0    M 11.1 23  40   M    M   M 8      29  40
 6  76  67  72   0   0   7 0.13  0.0    M 14.6 24  50   M    M   M 18     33  50
 7  80  70  75   3   0  10 0.02  0.0    M 17.1 29  40   M    M   M        36  60
 8  81  70  76   3   0  11 0.02  0.0    M 18.3 28  50   M    M   M        37  40
 9  81  68  75   2   0  10 0.03  0.0    M 16.0 29  50   M    M   M        38  60
10  83  71  77   4   0  12    T  0.0    M 20.1 32  50   M    M   M        42  60
11  83  71  77   4   0  12 0.00  0.0    M 16.1 29  70   M    M   M        43  70
12  82  66  74   1   0   9 0.03  0.0    M 14.2 25  40   M    M   M 8      30  40
13  84  69  77   4   0  12 0.19  0.0    0 15.6 26  60   M    M   M 1      33  60
14  88  61  75   2   0  10 0.00  0.0    0 11.3 25  40   M    M   M        31  40
15  83  63  73   0   0   8 0.00  0.0    0 11.2 18  10   M    M   M        23  20
16  82  63  73   0   0   8 0.03  0.0    0  6.9 13 360   M    M   M        18 360
17  81  65  73   0   0   8 0.08  0.0    M 12.2 18  10   M    M   M 18     23 360
18  80  58  69  -4   0   4 0.00  0.0    M 10.9 22  40   M    M   M        26  30
19  85  63  74   1   0   9 0.00  0.0    M  9.1 22  40   M    M   M        25  90
20  85  61  73   0   0   8 0.00  0.0    M  7.6 22  30   M    M   M        25  40
21  85  60  73   0   0   8    T  0.0    M 11.8 24  30   M    M   M 8      28  30
22  85  70  78   5   0  13 0.02  0.0    M 14.6 25  40   M    M   M        31  40
================================================================================
SM 1800 1437         0 194  0.58     0.0 283.4          M        M
================================================================================
AV 81.8 65.3                              12.9 FASTST   M    M   0    MAX(MPH)
                                 MISC ---->  # 32  50               # 43   70
================================================================================
NOTES:
# LAST OF SEVERAL OCCURRENCES

COLUMN 17 PEAK WIND IN M.P.H.

PRELIMINARY LOCAL CLIMATOLOGICAL DATA (WS FORM: F-6) , PAGE 2

                                          STATION:  KAHULUI HI
                                          MONTH:    MARCH
                                          YEAR:     2019
                                          LATITUDE:   20 53 N
                                          LONGITUDE: 156 26 W

[TEMPERATURE DATA]      [PRECIPITATION DATA]       SYMBOLS USED IN COLUMN 16

AVERAGE MONTHLY: 73.6   TOTAL FOR MONTH:   0.58    1 = FOG OR MIST
DPTR FM NORMAL:   0.9   DPTR FM NORMAL:   -1.13    2 = FOG REDUCING VISIBILITY
HIGHEST:    88 ON 14    GRTST 24HR  0.19 ON 13-13      TO 1/4 MILE OR LESS
LOWEST:     58 ON 18                               3 = THUNDER
                        SNOW, ICE PELLETS, HAIL    4 = ICE PELLETS
                        TOTAL MONTH:   0.0 INCH    5 = HAIL
                        GRTST 24HR     0.0         6 = FREEZING RAIN OR DRIZZLE
                        GRTST DEPTH:   0           7 = DUSTSTORM OR SANDSTORM:
                                                       VSBY 1/2 MILE OR LESS
                                                   8 = SMOKE OR HAZE
[NO. OF DAYS WITH]      [WEATHER - DAYS WITH]      9 = BLOWING SNOW
                                                   X = TORNADO
MAX 32 OR BELOW:   0    0.01 INCH OR MORE:  11
MAX 90 OR ABOVE:   0    0.10 INCH OR MORE:   2
MIN 32 OR BELOW:   0    0.50 INCH OR MORE:   0
MIN  0 OR BELOW:   0    1.00 INCH OR MORE:   0

[HDD (BASE 65) ]
TOTAL THIS MO.     0    CLEAR  (SCALE 0-3)   0
DPTR FM NORMAL     0    PTCLDY (SCALE 4-7)   0
TOTAL FM JUL 1     0    CLOUDY (SCALE 8-10)  0
DPTR FM NORMAL     0

[CDD (BASE 65) ]
TOTAL THIS MO.   194
DPTR FM NORMAL    26    [PRESSURE DATA]
TOTAL FM JAN 1   643    HIGHEST SLP M ON M
DPTR FM NORMAL    66    LOWEST  SLP 29.97 ON 17

[REMARKS]
