000
CXUS55 KEAX 260736
CF6OJC
PRELIMINARY LOCAL CLIMATOLOGICAL DATA (WS FORM: F-6)

                                          STATION:   Johnson County Executive KS
                                          MONTH:     MARCH
                                          YEAR:      2019
                                          LATITUDE:   38 50 N
                                          LONGITUDE:  94 44 W

  TEMPERATURE IN F:       :PCPN:    SNOW:  WIND      :SUNSHINE: SKY     :PK WND
================================================================================
1   2   3   4   5  6A  6B    7    8   9   10  11  12  13   14  15   16   17  18
                                     12Z  AVG MX 2MIN
DY MAX MIN AVG DEP HDD CDD  WTR  SNW DPTH SPD SPD DIR MIN PSBL S-S WX    SPD DR
================================================================================

 1  34  23  29 -10  36   0 0.00    M    M  4.4 16 360   M    M   8        23 360
 2  31  21  26 -14  39   0 0.00    M    M 12.4 18  30   M    M   4 8      24 360
 3  21   2  12 -28  53   0    M    M    M 15.5 26  10   M    M   5 18     35  10
 4  16  -1   8 -32  57   0 0.00    M    M  9.2 16 270   M    M   0        24 260
 5  24   4  14 -27  51   0 0.00    M    M  9.2 20 330   M    M   0        28 330
 6  34   7  21 -20  44   0 0.00    M    M  6.7 14 180   M    M   0        19 170
 7  38  28  33  -9  32   0 0.00    M    M 11.0 17 100   M    M   6        25 100
 8  44  32  38  -4  27   0 0.00    M    M  8.6 17 100   M    M   9 12     25 120
 9  60  32  46   4  19   0 0.43    M    M 15.6 32 310   M    M  10 13     48 320
10  47  29  38  -5  27   0 0.00    M    M  7.2 16 300   M    M   0        24 310
11  54  29  42  -1  23   0 0.00    M    M  6.1 10  80   M    M   1        15  80
12  52  41  47   3  18   0 0.45    M    M 13.1 24 170   M    M  10 13     33 160
13  61  50  56  12   9   0 0.19    M    M 20.5 35 170   M    M   8 13     45 180
14  58  35  47   3  18   0    T    M    M 17.7 30 230   M    M   9 1      49 210
15  49  31  40  -5  25   0 0.00    M    M 12.1 23 310   M    M   2        38 290
16  59  25  42  -3  23   0 0.00    M    M  6.8 20 260   M    M   0        28 250
17  55  30  43  -2  22   0 0.00    M    M  5.5 10  50   M    M   2        14 360
18  55  34  45  -1  20   0 0.00    M    M  4.8 13  70   M    M   3        17  10
19  61  39  50   4  15   0 0.08    M    M  9.1 20 140   M    M   7 1      28 150
20  57  41  49   3  16   0 0.00    M    M  9.7 20 260   M    M   6 1      30 310
21  57  34  46  -1  19   0 0.00    M    M  6.2 14 320   M    M   0        20 330
22  66  34  50   3  15   0 0.00    M    M  4.1 12  90   M    M   0        17  80
23  58  47  53   5  12   0 0.01    M    M 11.1 22 170   M    M   7 1      33 180
24  57  46  52   4  13   0 0.00    M    M  9.4 16 340   M    M   9 1      26 150
25  53  43  48   0  17   0 0.00    M    M  8.2 16 360   M    M   9 1      22  10
================================================================================
SM 1201  736       650   0  1.16    M    244.2          M      115
================================================================================
AV 48.0 29.4                               9.8 FASTST   M    M   5    MAX(MPH)
                                 MISC ---->  # 35 170               # 49  210
================================================================================
NOTES:
# LAST OF SEVERAL OCCURRENCES

COLUMN 17 PEAK WIND IN M.P.H.

PRELIMINARY LOCAL CLIMATOLOGICAL DATA (WS FORM: F-6) , PAGE 2

                                          STATION:  Johnson County Executive KS
                                          MONTH:    MARCH
                                          YEAR:     2019
                                          LATITUDE:   38 50 N
                                          LONGITUDE:  94 44 W

[TEMPERATURE DATA]      [PRECIPITATION DATA]       SYMBOLS USED IN COLUMN 16

AVERAGE MONTHLY: 38.7   TOTAL FOR MONTH:   1.16    1 = FOG OR MIST
DPTR FM NORMAL:  -5.1   DPTR FM NORMAL:   -0.98    2 = FOG REDUCING VISIBILITY
HIGHEST:    66 ON 22    GRTST 24HR  0.45 ON 12-12      TO 1/4 MILE OR LESS
LOWEST:     -1 ON  4                               3 = THUNDER
                        SNOW, ICE PELLETS, HAIL    4 = ICE PELLETS
                        TOTAL MONTH:    M          5 = HAIL
                        GRTST 24HR    M  ON   M    6 = FREEZING RAIN OR DRIZZLE
                        GRTST DEPTH:  M  ON   M    7 = DUSTSTORM OR SANDSTORM:
                                                       VSBY 1/2 MILE OR LESS
                                                   8 = SMOKE OR HAZE
[NO. OF DAYS WITH]      [WEATHER - DAYS WITH]      9 = BLOWING SNOW
                                                   X = TORNADO
MAX 32 OR BELOW:   4    0.01 INCH OR MORE:   5
MAX 90 OR ABOVE:   0    0.10 INCH OR MORE:   3
MIN 32 OR BELOW:  14    0.50 INCH OR MORE:   0
MIN  0 OR BELOW:   1    1.00 INCH OR MORE:   0

[HDD (BASE 65) ]
TOTAL THIS MO.   650    CLEAR  (SCALE 0-3)  11
DPTR FM NORMAL   120    PTCLDY (SCALE 4-7)   8
TOTAL FM JUL 1  4931    CLOUDY (SCALE 8-10)  6
DPTR FM NORMAL   508

[CDD (BASE 65) ]
TOTAL THIS MO.     0
DPTR FM NORMAL     0    [PRESSURE DATA]
TOTAL FM JAN 1     0    HIGHEST SLP  0.00 ON M
DPTR FM NORMAL     0    LOWEST  SLP  0.00 ON M

[REMARKS]
