000
CXUS55 KEAX 170736
CF6OJC
PRELIMINARY LOCAL CLIMATOLOGICAL DATA (WS FORM: F-6)

                                          STATION:   Johnson County Executive KS
                                          MONTH:     JUNE
                                          YEAR:      2019
                                          LATITUDE:   38 50 N
                                          LONGITUDE:  94 44 W

  TEMPERATURE IN F:       :PCPN:    SNOW:  WIND      :SUNSHINE: SKY     :PK WND
================================================================================
1   2   3   4   5  6A  6B    7    8   9   10  11  12  13   14  15   16   17  18
                                     12Z  AVG MX 2MIN
DY MAX MIN AVG DEP HDD CDD  WTR  SNW DPTH SPD SPD DIR MIN PSBL S-S WX    SPD DR
================================================================================

 1  87  61  74   4   0   9 0.22    M    M  4.7 16  10   M    M   0 35     20 360
 2  79  62  71   1   0   6 0.00    M    M  5.5 13  60   M    M   0        17  70
 3  82  60  71   1   0   6    T    M    M  8.9 21 170   M    M   1        32 200
 4  83  66  75   5   0  10 0.00    M    M  8.9 16 180   M    M   5        24 200
 5  88  68  78   7   0  13 0.05    M    M  8.1 20  90   M    M   1 13     31  90
 6  82  65  74   3   0   9 0.37    M    M  6.8 18 200   M    M   5 13     26 190
 7  87  67  77   6   0  12 0.00    M    M  7.1 17  30   M    M   1        25  40
 8  85  65  75   3   0  10 0.00    M    M  4.4 12  50   M    M   0        17  80
 9  79  63  71  -1   0   6 0.00    M    M 11.0 21 350   M    M   2        34 360
10  78  54  66  -6   0   1 0.00    M    M  7.8 21 360   M    M   0        29  20
11  78  53  66  -6   0   1 0.11    M    M  6.3 16 320   M    M   2        31 160
12  77  57  67  -6   0   2 0.09    M    M  9.2 30  20   M    M   5 138    43 330
13  78  51  65  -8   0   0 0.00    M    M  6.5 12 170   M    M   1        18 170
14  81  61  71  -2   0   6    T    M    M 12.6 23 190   M    M   5        36 200
15  85   M   M   M   M   M 0.53    M    M  9.5 20 190   M    M   3 138    29 250
16  86  67  77   3   0  12 0.00    M    M  5.3 18 200   M    M   2        27 190
================================================================================
SM 1315  920         0 103  1.37    M    122.6          M       33
================================================================================
AV 82.2 61.3                               7.7 FASTST   M    M   2    MAX(MPH)
                                 MISC ---->  # 30  20               # 43  330
================================================================================
NOTES:
# LAST OF SEVERAL OCCURRENCES

COLUMN 17 PEAK WIND IN M.P.H.

PRELIMINARY LOCAL CLIMATOLOGICAL DATA (WS FORM: F-6) , PAGE 2

                                          STATION:  Johnson County Executive KS
                                          MONTH:    JUNE
                                          YEAR:     2019
                                          LATITUDE:   38 50 N
                                          LONGITUDE:  94 44 W

[TEMPERATURE DATA]      [PRECIPITATION DATA]       SYMBOLS USED IN COLUMN 16

AVERAGE MONTHLY: 71.8   TOTAL FOR MONTH:   1.37    1 = FOG OR MIST
DPTR FM NORMAL:   0.1   DPTR FM NORMAL:   -2.03    2 = FOG REDUCING VISIBILITY
HIGHEST:    88 ON  5    GRTST 24HR  0.53 ON 15-15      TO 1/4 MILE OR LESS
LOWEST:     51 ON 13                               3 = THUNDER
                        SNOW, ICE PELLETS, HAIL    4 = ICE PELLETS
                        TOTAL MONTH:    M          5 = HAIL
                        GRTST 24HR    M  ON   M    6 = FREEZING RAIN OR DRIZZLE
                        GRTST DEPTH:  M  ON   M    7 = DUSTSTORM OR SANDSTORM:
                                                       VSBY 1/2 MILE OR LESS
                                                   8 = SMOKE OR HAZE
[NO. OF DAYS WITH]      [WEATHER - DAYS WITH]      9 = BLOWING SNOW
                                                   X = TORNADO
MAX 32 OR BELOW:   0    0.01 INCH OR MORE:   6
MAX 90 OR ABOVE:   0    0.10 INCH OR MORE:   4
MIN 32 OR BELOW:   0    0.50 INCH OR MORE:   1
MIN  0 OR BELOW:   0    1.00 INCH OR MORE:   0

[HDD (BASE 65) ]
TOTAL THIS MO.     0    CLEAR  (SCALE 0-3)  12
DPTR FM NORMAL    -6    PTCLDY (SCALE 4-7)   4
TOTAL FM JUL 1  5429    CLOUDY (SCALE 8-10)  0
DPTR FM NORMAL   497

[CDD (BASE 65) ]
TOTAL THIS MO.   103
DPTR FM NORMAL   -11    [PRESSURE DATA]
TOTAL FM JAN 1   188    HIGHEST SLP  0.00 ON M
DPTR FM NORMAL   -30    LOWEST  SLP  0.00 ON M

[REMARKS]
