000
CXUS56 KSGX 191445
CF6OKB
PRELIMINARY LOCAL CLIMATOLOGICAL DATA (WS FORM: F-6)

                                          STATION:   OCEANSIDE AIRPORT CA
                                          MONTH:     MAY
                                          YEAR:      2019
                                          LATITUDE:   33 13 N
                                          LONGITUDE: 117 21 W

  TEMPERATURE IN F:       :PCPN:    SNOW:  WIND      :SUNSHINE: SKY     :PK WND
================================================================================
1   2   3   4   5  6A  6B    7    8   9   10  11  12  13   14  15   16   17  18
                                     12Z  AVG MX 2MIN
DY MAX MIN AVG DEP HDD CDD  WTR  SNW DPTH SPD SPD DIR MIN PSBL S-S WX    SPD DR
================================================================================

 1  68  51  60   0   5   0 0.00  0.0    0  5.4 17 260   M    M   5        22 240
 2  69  48  59  -1   6   0 0.00  0.0    0  4.9 16 270   M    M   3 1      20 250
 3  68  54  61   1   4   0 0.00  0.0    0  4.1 13 250   M    M   7 18     16 250
 4  70  50  60  -1   5   0 0.00  0.0    0  4.1 14 250   M    M   6 1      19 240
 5  70  49  60  -1   5   0    T    M    0  5.0 15 240   M    M   7 1      21 250
 6  69  50  60  -1   5   0 0.07  0.0    0  5.6 17 260   M    M   4 1      22 250
 7  68  54  61   0   4   0 0.06  0.0    0  5.0 14 250   M    M   7 1      25 260
 8  67  57  62   1   3   0 0.00  0.0    0  4.0 12 270   M    M  10        18 180
 9  67  58  63   2   2   0 0.08  0.0    0  2.7 12 240   M    M  10 1      19 240
10  67  56  62   1   3   0 0.03  0.0    0  3.3 14 210   M    M   8 18     18 210
11  72  54  63   2   2   0 0.03  0.0    0  4.4 18 280   M    M   5 1      24 250
12  72  53  63   2   2   0 0.00  0.0    0  4.7 14 260   M    M   7        20 230
13  71  62  67   6   0   2 0.00  0.0    0  4.7 12 240   M    M  10 18     19 360
14  71  61  66   4   0   1 0.00  0.0    0  4.4 15 260   M    M   8        19 260
15  67  54  61  -1   4   0 0.00  0.0    0  4.8 13 240   M    M  10 8      22 160
16  68  53  61  -1   4   0 0.19  0.0    0  8.2 21 210   M    M   6 18     32 210
17  69  49  59  -3   6   0 0.00  0.0    0  5.5 16 250   M    M   4        21 250
18  71  45  58  -4   7   0    T    M    0  6.2 14 250   M    M   1        19 200
================================================================================
SM 1244  958        67   3  0.46     0.0  87.0          M      118
================================================================================
AV 69.1 53.2                               4.8 FASTST   M    M   7    MAX(MPH)
                                 MISC ---->  # 21 210               # 32  210
================================================================================
NOTES:
# LAST OF SEVERAL OCCURRENCES

COLUMN 17 PEAK WIND IN M.P.H.

PRELIMINARY LOCAL CLIMATOLOGICAL DATA (WS FORM: F-6) , PAGE 2

                                          STATION:  OCEANSIDE AIRPORT CA
                                          MONTH:    MAY
                                          YEAR:     2019
                                          LATITUDE:   33 13 N
                                          LONGITUDE: 117 21 W

[TEMPERATURE DATA]      [PRECIPITATION DATA]       SYMBOLS USED IN COLUMN 16

AVERAGE MONTHLY: 61.2   TOTAL FOR MONTH:   0.46    1 = FOG OR MIST
DPTR FM NORMAL:   0.1   DPTR FM NORMAL:    0.23    2 = FOG REDUCING VISIBILITY
HIGHEST:    72 ON 12,11 GRTST 24HR  0.19 ON 16-16      TO 1/4 MILE OR LESS
LOWEST:     45 ON 18                               3 = THUNDER
                        SNOW, ICE PELLETS, HAIL    4 = ICE PELLETS
                        TOTAL MONTH:   0.0 INCH    5 = HAIL
                        GRTST 24HR     0.0         6 = FREEZING RAIN OR DRIZZLE
                        GRTST DEPTH:   0           7 = DUSTSTORM OR SANDSTORM:
                                                       VSBY 1/2 MILE OR LESS
                                                   8 = SMOKE OR HAZE
[NO. OF DAYS WITH]      [WEATHER - DAYS WITH]      9 = BLOWING SNOW
                                                   X = TORNADO
MAX 32 OR BELOW:   0    0.01 INCH OR MORE:   6
MAX 90 OR ABOVE:   0    0.10 INCH OR MORE:   1
MIN 32 OR BELOW:   0    0.50 INCH OR MORE:   0
MIN  0 OR BELOW:   0    1.00 INCH OR MORE:   0

[HDD (BASE 65) ]
TOTAL THIS MO.    67    CLEAR  (SCALE 0-3)   2
DPTR FM NORMAL    -7    PTCLDY (SCALE 4-7)  11
TOTAL FM JUL 1  1801    CLOUDY (SCALE 8-10)  5
DPTR FM NORMAL  -167

[CDD (BASE 65) ]
TOTAL THIS MO.     3
DPTR FM NORMAL     3    [PRESSURE DATA]
TOTAL FM JAN 1     3    HIGHEST SLP M ON M
DPTR FM NORMAL     0    LOWEST  SLP 29.71 ON 10

[REMARKS]
