000
CXUS54 KOUN 220700
CF6OKC
PRELIMINARY LOCAL CLIMATOLOGICAL DATA (WS FORM: F-6)

                                          STATION:   OKLAHOMA CITY
                                          MONTH:     MARCH
                                          YEAR:      2019
                                          LATITUDE:   35 24 N
                                          LONGITUDE:  97 36 W

  TEMPERATURE IN F:       :PCPN:    SNOW:  WIND      :SUNSHINE: SKY     :PK WND
================================================================================
1   2   3   4   5  6A  6B    7    8   9   10  11  12  13   14  15   16   17  18
                                     12Z  AVG MX 2MIN
DY MAX MIN AVG DEP HDD CDD  WTR  SNW DPTH SPD SPD DIR MIN PSBL S-S WX    SPD DR
================================================================================

 1  38  25  32 -16  33   0 0.00  0.0    0  3.6 10  60   M    M   9 1      13  60
 2  35  27  31 -17  34   0 0.00  0.0    0 10.8 17  60   M    M   9 1      23  30
 3  31  12  22 -26  43   0 0.02    T    T 19.6 28  10   M    M   9 146    36 360
 4  24   9  17 -32  48   0    T    T    T 12.6 21 360   M    M   8        26 360
 5  43  11  27 -22  38   0 0.00  0.0    0  8.8 16 350   M    M   2        22 330
 6  54  18  36 -13  29   0 0.00  0.0    0 12.6 26 180   M    M   3        35 170
 7  60  37  49  -1  16   0 0.00  0.0    0 13.2 23 190   M    M   9        30 180
 8  52  42  47  -3  18   0    T  0.0    0  8.1 17 350   M    M  10 1      21 360
 9  71  46  59   9   6   0 0.20  0.0    0 19.4 38 300   M    M   4 13     52 280
10  46  37  42  -8  23   0 0.51  0.0    0 11.2 23  50   M    M   9 1      27  30
11  59  38  49  -2  16   0 0.08  0.0    0  5.8 14 360   M    M  10 1      17 360
12  58  50  54   3  11   0 0.04  0.0    0 13.6 21 130   M    M  10 123    27 160
13  68  48  58   7   7   0 1.24  0.0    0 27.9 44 200   M    M   7 138    57 220
14  52  40  46  -6  19   0 0.00  0.0    0 20.1 31 290   M    M   5        38 300
15  54  34  44  -8  21   0 0.00  0.0    0 14.1 25  10   M    M   1        40 330
16  61  28  45  -7  20   0 0.00  0.0    0  3.2  9  20   M    M   2        13  10
17  67  32  50  -2  15   0 0.00  0.0    0  6.4 14 240   M    M   0        18 230
18  68  38  53   0  12   0 0.00  0.0    0  4.5 12 150   M    M   1        15 140
19  71  37  54   1  11   0 0.00  0.0    0 12.5 29 200   M    M   4        36 220
20  61  40  51  -2  14   0 0.02  0.0    0 10.1 22 310   M    M   5        26 310
21  66  39  53  -1  12   0 0.00  0.0    0  7.6 15 340   M    M   3        19 350
================================================================================
SM 1139  688       446   0  2.11    T    245.7          M      120
================================================================================
AV 54.2 32.8                              11.7 FASTST   M    M   6    MAX(MPH)
                                 MISC ---->  # 44 200               # 57  220
================================================================================
NOTES:
# LAST OF SEVERAL OCCURRENCES

COLUMN 17 PEAK WIND IN M.P.H.

PRELIMINARY LOCAL CLIMATOLOGICAL DATA (WS FORM: F-6) , PAGE 2

                                          STATION:  OKLAHOMA CITY
                                          MONTH:    MARCH
                                          YEAR:     2019
                                          LATITUDE:   35 24 N
                                          LONGITUDE:  97 36 W

[TEMPERATURE DATA]      [PRECIPITATION DATA]       SYMBOLS USED IN COLUMN 16

AVERAGE MONTHLY: 43.5   TOTAL FOR MONTH:   2.11    1 = FOG OR MIST
DPTR FM NORMAL:  -7.2   DPTR FM NORMAL:    0.09    2 = FOG REDUCING VISIBILITY
HIGHEST:    71 ON 19, 9 GRTST 24HR  1.24 ON 13-13      TO 1/4 MILE OR LESS
LOWEST:      9 ON  4                               3 = THUNDER
                        SNOW, ICE PELLETS, HAIL    4 = ICE PELLETS
                        TOTAL MONTH:    T          5 = HAIL
                        GRTST 24HR    T  ON  4- 4  6 = FREEZING RAIN OR DRIZZLE
                        GRTST DEPTH:   0           7 = DUSTSTORM OR SANDSTORM:
                                                       VSBY 1/2 MILE OR LESS
                                                   8 = SMOKE OR HAZE
[NO. OF DAYS WITH]      [WEATHER - DAYS WITH]      9 = BLOWING SNOW
                                                   X = TORNADO
MAX 32 OR BELOW:   2    0.01 INCH OR MORE:   7
MAX 90 OR ABOVE:   0    0.10 INCH OR MORE:   3
MIN 32 OR BELOW:   8    0.50 INCH OR MORE:   2
MIN  0 OR BELOW:   0    1.00 INCH OR MORE:   1

[HDD (BASE 65) ]
TOTAL THIS MO.   446    CLEAR  (SCALE 0-3)   7
DPTR FM NORMAL   141    PTCLDY (SCALE 4-7)   6
TOTAL FM JUL 1  3601    CLOUDY (SCALE 8-10)  8
DPTR FM NORMAL   546

[CDD (BASE 65) ]
TOTAL THIS MO.     0
DPTR FM NORMAL     0    [PRESSURE DATA]
TOTAL FM JAN 1     0    HIGHEST SLP M ON M
DPTR FM NORMAL    -1    LOWEST  SLP 29.25 ON 13

[REMARKS]
