000
CXUS55 KGGW 220800
CF6OLF
PRELIMINARY LOCAL CLIMATOLOGICAL DATA (WS FORM: F-6)

                                          STATION:   WOLF POINT MT
                                          MONTH:     MARCH
                                          YEAR:      2019
                                          LATITUDE:   48  5 N
                                          LONGITUDE: 105 35 W

  TEMPERATURE IN F:       :PCPN:    SNOW:  WIND      :SUNSHINE: SKY     :PK WND
================================================================================
1   2   3   4   5  6A  6B    7    8   9   10  11  12  13   14  15   16   17  18
                                     12Z  AVG MX 2MIN
DY MAX MIN AVG DEP HDD CDD  WTR  SNW DPTH SPD SPD DIR MIN PSBL S-S WX    SPD DR
================================================================================

 1  16  -6   5 -18  60   0    T    M    0  7.8 20 350   M    M   8 8      24 350
 2  -6 -21 -13 -37  78   0 0.00  0.0    0 11.7 20 330   M    M   0        24 340
 3   0 -22 -11 -35  76   0 0.00  0.0    0 17.3 29 280   M    M   2 8      35 270
 4  11 -12   0 -25  65   0 0.00  0.0    0 19.8 30 280   M    M   5 8      38 290
 5  15  -7   4 -21  61   0 0.00  0.0    0 13.3 25 260   M    M   4        30 250
 6   8 -11  -1 -27  66   0 0.00  0.0    0  6.6 14  70   M    M   1        18  80
 7  24   2  13 -13  52   0 0.00  0.0    0  7.9 17  80   M    M   5        20  70
 8  31   5  18  -9  47   0 0.00  0.0    0  2.4  8 320   M    M   8        10 220
 9  21   0  11 -16  54   0 0.00  0.0    0  7.6 20 260   M    M   0        21 260
10  24   2  13 -15  52   0    T    M    0  4.8  9 250   M    M   7 18     11 260
11  30  -2  14 -14  51   0 0.00  0.0    0  3.0  7  90   M    M   2 12      9  80
12  36  -2  17 -12  48   0 0.00  0.0    0  4.2 14 260   M    M   2 128    17 270
13  37   9  23  -6  42   0 0.00  0.0    0 11.5 24 360   M    M   2 18     31  10
14  35  16  26  -4  39   0 0.00  0.0    0 10.5 17 260   M    M   1        22 260
15  33   5  19 -11  46   0 0.00  0.0    0  4.6 16 260   M    M   5 12     20 250
16  36  12  24  -7  41   0 0.00  0.0    0  5.4 14 260   M    M   0 18     17 260
17  36   6  21 -10  44   0 0.00  0.0    0  3.6  9 260   M    M   0 18     10 250
18  39   9  24  -8  41   0 0.00  0.0    0  8.1 23 260   M    M   1 128    28 260
19  40  17  29  -3  36   0 0.00  0.0    0  8.9 15 240   M    M   2 12     18 260
20  45  25  35   3  30   0 0.00  0.0    0  5.8 13 260   M    M   0 1      16 250
21  47  20  34   1  31   0 0.00  0.0    0  4.6 13  80   M    M   1 12     15  80
================================================================================
SM  558   45      1060   0    T      0.0 169.4          M       56
================================================================================
AV 26.6  2.1                               8.1 FASTST   M    M   3    MAX(MPH)
                                 MISC ---->  # 30 280               # 38  290
================================================================================
NOTES:
# LAST OF SEVERAL OCCURRENCES

COLUMN 17 PEAK WIND IN M.P.H.

PRELIMINARY LOCAL CLIMATOLOGICAL DATA (WS FORM: F-6) , PAGE 2

                                          STATION:  WOLF POINT MT
                                          MONTH:    MARCH
                                          YEAR:     2019
                                          LATITUDE:   48  5 N
                                          LONGITUDE: 105 35 W

[TEMPERATURE DATA]      [PRECIPITATION DATA]       SYMBOLS USED IN COLUMN 16

AVERAGE MONTHLY: 14.4   TOTAL FOR MONTH:      T    1 = FOG OR MIST
DPTR FM NORMAL: -13.8   DPTR FM NORMAL:   -0.27    2 = FOG REDUCING VISIBILITY
HIGHEST:    47 ON 21    GRTST 24HR    T  ON 10-10      TO 1/4 MILE OR LESS
LOWEST:    -22 ON  3                               3 = THUNDER
                        SNOW, ICE PELLETS, HAIL    4 = ICE PELLETS
                        TOTAL MONTH:   0.0 INCH    5 = HAIL
                        GRTST 24HR     0.0         6 = FREEZING RAIN OR DRIZZLE
                        GRTST DEPTH:   0           7 = DUSTSTORM OR SANDSTORM:
                                                       VSBY 1/2 MILE OR LESS
                                                   8 = SMOKE OR HAZE
[NO. OF DAYS WITH]      [WEATHER - DAYS WITH]      9 = BLOWING SNOW
                                                   X = TORNADO
MAX 32 OR BELOW:  11    0.01 INCH OR MORE:   0
MAX 90 OR ABOVE:   0    0.10 INCH OR MORE:   0
MIN 32 OR BELOW:  21    0.50 INCH OR MORE:   0
MIN  0 OR BELOW:   9    1.00 INCH OR MORE:   0

[HDD (BASE 65) ]
TOTAL THIS MO.  1060    CLEAR  (SCALE 0-3)  14
DPTR FM NORMAL   288    PTCLDY (SCALE 4-7)   7
TOTAL FM JUL 1  7861    CLOUDY (SCALE 8-10)  0
DPTR FM NORMAL   467

[CDD (BASE 65) ]
TOTAL THIS MO.     0
DPTR FM NORMAL     0    [PRESSURE DATA]
TOTAL FM JAN 1     0    HIGHEST SLP M ON M
DPTR FM NORMAL     0    LOWEST  SLP 29.65 ON 12

[REMARKS]
