930
CXUS55 KGGW 260800
CF6OLF
PRELIMINARY LOCAL CLIMATOLOGICAL DATA (WS FORM: F-6)

                                          STATION:   WOLF POINT MT
                                          MONTH:     MAY
                                          YEAR:      2019
                                          LATITUDE:   48  5 N
                                          LONGITUDE: 105 35 W

  TEMPERATURE IN F:       :PCPN:    SNOW:  WIND      :SUNSHINE: SKY     :PK WND
================================================================================
1   2   3   4   5  6A  6B    7    8   9   10  11  12  13   14  15   16   17  18
                                     12Z  AVG MX 2MIN
DY MAX MIN AVG DEP HDD CDD  WTR  SNW DPTH SPD SPD DIR MIN PSBL S-S WX    SPD DR
================================================================================

 1  53  23  38 -12  27   0 0.00  0.0    0  4.0 12 160   M    M   0        18 160
 2  63  34  49  -1  16   0    T    M    0  9.2 32 290   M    M   2        37 280
 3  68  25  47  -3  18   0    T    M    0  9.7 25 260   M    M   3        31 240
 4  46  35  41  -9  24   0    T    M    0  6.3 20  10   M    M  10        24  10
 5  50  35  43  -8  22   0 0.00  0.0    0  5.9 14  60   M    M   8        18  80
 6  55  33  44  -7  21   0 0.00  0.0    0  5.0 12  90   M    M   9        14 110
 7  53  35  44  -7  21   0    T    M    0  4.2 13 120   M    M   6        19 110
 8  60  28  44  -8  21   0 0.00  0.0    0  8.9 20  20   M    M   3 1      26  40
 9  61  26  44  -8  21   0 0.00  0.0    0  6.5 21  40   M    M   5        30 310
10  71  40  56   4   9   0    T    M    0 10.7 29 340   M    M   6 3      36 340
11  60  32  46  -7  19   0    T    M    0 11.7 22 340   M    M   5        28 320
12  78  28  53   0  12   0 0.02    M    0  5.9 22 350   M    M   0 3      27 340
13  77  49  63  10   2   0 0.00  0.0    0  6.8 18  10   M    M   3        23 360
14  76  42  59   5   6   0 0.01    M    0  9.1 20  90   M    M   2        25  70
15  81  45  63   9   2   0 0.00  0.0    0 13.8 31  10   M    M   1        38 360
16  64  45  55   1  10   0    T    M    0 16.5 23  70   M    M   8        30  60
17  52  35  44 -11  21   0 1.10    M    0 17.2 30  90   M    M  10 1      35  80
18  50  35  43 -12  22   0 0.13    M    0 10.9 26  60   M    M   7 1      32  60
19  56  35  46  -9  19   0 0.00  0.0    0  6.4 17  90   M    M   3        21  60
20  63  37  50  -6  15   0 0.00  0.0    0  8.3 20 120   M    M   8        28 140
21  62  44  53  -3  12   0 0.01    M    0  9.9 21  90   M    M   7        27  90
22  71  40  56   0   9   0 0.00  0.0    0 11.5 28  60   M    M   2        36  50
23  70  37  54  -2  11   0 0.00  0.0    0  5.6 15  80   M    M   2        19 120
24  62  39  51  -6  14   0 0.10    M    0  7.7 21  40   M    M   5 1      27  30
25  74  36  55  -2  10   0 0.00  0.0    0  4.6 15 230   M    M   2 1      19 200
================================================================================
SM 1576  893       384   0  1.37     0.0 216.3          M      117
================================================================================
AV 63.0 35.7                               8.7 FASTST   M    M   5    MAX(MPH)
                                 MISC ---->  # 32 290               # 38  360
================================================================================
NOTES:
# LAST OF SEVERAL OCCURRENCES

COLUMN 17 PEAK WIND IN M.P.H.

PRELIMINARY LOCAL CLIMATOLOGICAL DATA (WS FORM: F-6) , PAGE 2

                                          STATION:  WOLF POINT MT
                                          MONTH:    MAY
                                          YEAR:     2019
                                          LATITUDE:   48  5 N
                                          LONGITUDE: 105 35 W

[TEMPERATURE DATA]      [PRECIPITATION DATA]       SYMBOLS USED IN COLUMN 16

AVERAGE MONTHLY: 49.4   TOTAL FOR MONTH:   1.37    1 = FOG OR MIST
DPTR FM NORMAL:  -3.9   DPTR FM NORMAL:    0.15    2 = FOG REDUCING VISIBILITY
HIGHEST:    81 ON 15    GRTST 24HR  1.10 ON 17-17      TO 1/4 MILE OR LESS
LOWEST:     23 ON  1                               3 = THUNDER
                        SNOW, ICE PELLETS, HAIL    4 = ICE PELLETS
                        TOTAL MONTH:   0.0 INCH    5 = HAIL
                        GRTST 24HR     0.0         6 = FREEZING RAIN OR DRIZZLE
                        GRTST DEPTH:   0           7 = DUSTSTORM OR SANDSTORM:
                                                       VSBY 1/2 MILE OR LESS
                                                   8 = SMOKE OR HAZE
[NO. OF DAYS WITH]      [WEATHER - DAYS WITH]      9 = BLOWING SNOW
                                                   X = TORNADO
MAX 32 OR BELOW:   0    0.01 INCH OR MORE:   6
MAX 90 OR ABOVE:   0    0.10 INCH OR MORE:   3
MIN 32 OR BELOW:   6    0.50 INCH OR MORE:   1
MIN  0 OR BELOW:   0    1.00 INCH OR MORE:   1

[HDD (BASE 65) ]
TOTAL THIS MO.   384    CLEAR  (SCALE 0-3)   9
DPTR FM NORMAL    86    PTCLDY (SCALE 4-7)  12
TOTAL FM JUL 1  9076    CLOUDY (SCALE 8-10)  4
DPTR FM NORMAL   453

[CDD (BASE 65) ]
TOTAL THIS MO.     0
DPTR FM NORMAL     0    [PRESSURE DATA]
TOTAL FM JAN 1     0    HIGHEST SLP M ON M
DPTR FM NORMAL     0    LOWEST  SLP 29.58 ON 12

[REMARKS]
