000
CXUS55 KSEW 250930
CF6OLM
PRELIMINARY LOCAL CLIMATOLOGICAL DATA (WS FORM: F-6)

                                          STATION:   OLYMPIA WA AIRPORT
                                          MONTH:     MARCH
                                          YEAR:      2019
                                          LATITUDE:   46 58 N
                                          LONGITUDE: 122 54 W

  TEMPERATURE IN F:       :PCPN:    SNOW:  WIND      :SUNSHINE: SKY     :PK WND
================================================================================
1   2   3   4   5  6A  6B    7    8   9   10  11  12  13   14  15   16   17  18
                                     12Z  AVG MX 2MIN
DY MAX MIN AVG DEP HDD CDD  WTR  SNW DPTH SPD SPD DIR MIN PSBL S-S WX    SPD DR
================================================================================

 1  51  30  41  -1  24   0 0.00  0.0    0  3.4 12 360   M    M   6        16  30
 2  51  24  38  -4  27   0 0.00  0.0    0  6.5 16  60   M    M   5        19  60
 3  47  22  35  -8  30   0 0.00  0.0    0  4.9 14  30   M    M   1        20  20
 4  46  16  31 -12  34   0 0.00  0.0    0  3.2 13  20   M    M   0 1      18  20
 5  48  16  32 -11  33   0 0.00  0.0    0  5.2 14 350   M    M   0        17 350
 6  37  24  31 -12  34   0 0.13    M    M  2.7 10 210   M    M   7 1      13 210
 7  43  29  36  -7  29   0 0.14    M    0  7.6 17 190   M    M   7 1      22 230
 8  43  27  35  -8  30   0 0.05    M    0  1.9  9  10   M    M   7 1      11  10
 9  47  25  36  -8  29   0 0.00  0.0    0  2.4 10  20   M    M   6 12     15  60
10  53  20  37  -7  28   0 0.00  0.0    0  1.9  9  20   M    M   1 1      13 320
11  51  24  38  -6  27   0 0.38  0.0    0  6.7 17 240   M    M   5 1      28 210
12  53  31  42  -2  23   0 0.16  0.0    0  7.0 20 290   M    M   6 1      26 280
13  53  26  40  -4  25   0    T  0.0    0  1.3 12 220   M    M   5 1      14 250
14  54  31  43  -1  22   0 0.00  0.0    0  2.9 12 220   M    M   5 1      19 270
15  61  29  45   1  20   0 0.00  0.0    0  2.3  9  90   M    M   1 12     17  30
16  63  32  48   3  17   0 0.00  0.0    0  1.5  6  10   M    M   0         9 320
17  66  30  48   3  17   0 0.00  0.0    0  4.3 15  30   M    M   0 1      19  30
18  74  29  52   7  13   0 0.00  0.0    0  4.2 15  30   M    M   0 1      20  30
19  78  28  53   8  12   0 0.00  0.0    0  3.8 13  30   M    M   0        17  20
20  79  30  55  10  10   0 0.00  0.0    0  3.2 14  10   M    M   0        17  20
21  59  34  47   2  18   0 0.00  0.0    0  4.8 12 250   M    M   5        15 210
22  61  30  46   1  19   0 0.03    M    0  5.5 23 190   M    M   5 12     30 200
23  59  34  47   1  18   0 0.01    M    0  3.1 10  20   M    M   5 12     14 220
24  60  31  46   0  19   0 0.00  0.0    0  1.8 10  70   M    M   4 12     13 100
================================================================================
SM 1337  652       558   0  0.90     0.0  92.1          M       81
================================================================================
AV 55.7 27.2                               3.8 FASTST   M    M   3    MAX(MPH)
                                 MISC ---->  # 23 190               # 30  200
================================================================================
NOTES:
# LAST OF SEVERAL OCCURRENCES

COLUMN 17 PEAK WIND IN M.P.H.

PRELIMINARY LOCAL CLIMATOLOGICAL DATA (WS FORM: F-6) , PAGE 2

                                          STATION:  OLYMPIA WA AIRPORT
                                          MONTH:    MARCH
                                          YEAR:     2019
                                          LATITUDE:   46 58 N
                                          LONGITUDE: 122 54 W

[TEMPERATURE DATA]      [PRECIPITATION DATA]       SYMBOLS USED IN COLUMN 16

AVERAGE MONTHLY: 41.4   TOTAL FOR MONTH:   0.90    1 = FOG OR MIST
DPTR FM NORMAL:  -2.6   DPTR FM NORMAL:   -3.30    2 = FOG REDUCING VISIBILITY
HIGHEST:    79 ON 20    GRTST 24HR  0.38 ON 11-11      TO 1/4 MILE OR LESS
LOWEST:     16 ON  5, 4                            3 = THUNDER
                        SNOW, ICE PELLETS, HAIL    4 = ICE PELLETS
                        TOTAL MONTH:   0.0 INCH    5 = HAIL
                        GRTST 24HR     0.0         6 = FREEZING RAIN OR DRIZZLE
                        GRTST DEPTH:   0           7 = DUSTSTORM OR SANDSTORM:
                                                       VSBY 1/2 MILE OR LESS
                                                   8 = SMOKE OR HAZE
[NO. OF DAYS WITH]      [WEATHER - DAYS WITH]      9 = BLOWING SNOW
                                                   X = TORNADO
MAX 32 OR BELOW:   0    0.01 INCH OR MORE:   7
MAX 90 OR ABOVE:   0    0.10 INCH OR MORE:   4
MIN 32 OR BELOW:  22    0.50 INCH OR MORE:   0
MIN  0 OR BELOW:   0    1.00 INCH OR MORE:   0

[HDD (BASE 65) ]
TOTAL THIS MO.   558    CLEAR  (SCALE 0-3)  10
DPTR FM NORMAL    55    PTCLDY (SCALE 4-7)  14
TOTAL FM JUL 1  4285    CLOUDY (SCALE 8-10)  0
DPTR FM NORMAL    60

[CDD (BASE 65) ]
TOTAL THIS MO.     0
DPTR FM NORMAL     0    [PRESSURE DATA]
TOTAL FM JAN 1     0    HIGHEST SLP M ON M
DPTR FM NORMAL     0    LOWEST  SLP 29.62 ON  6

[REMARKS]
