000
CXUS53 KOAX 231000
CF6OMA
PRELIMINARY LOCAL CLIMATOLOGICAL DATA (WS FORM: F-6)

                                          STATION:   OMAHA NE
                                          MONTH:     MARCH
                                          YEAR:      2019
                                          LATITUDE:   41 17 N
                                          LONGITUDE:  95 54 W

  TEMPERATURE IN F:       :PCPN:    SNOW:  WIND      :SUNSHINE: SKY     :PK WND
================================================================================
1   2   3   4   5  6A  6B    7    8   9   10  11  12  13   14  15   16   17  18
                                     12Z  AVG MX 2MIN
DY MAX MIN AVG DEP HDD CDD  WTR  SNW DPTH SPD SPD DIR MIN PSBL S-S WX    SPD DR
================================================================================

 1  32   9  21 -12  44   0 0.00  0.0    7  8.3 24 330   M    M   7        30 320
 2  17   8  13 -21  52   0 0.07  0.9    7 13.6 24 350   M    M   9 189    30 350
 3   9  -5   2 -32  63   0    T    T    8 16.4 28 340   M    M   5 89     37 340
 4  15  -4   6 -28  59   0 0.00  0.0    8 13.3 21 260   M    M   0        27 270
 5  21   7  14 -21  51   0 0.00  0.0    6 13.0 29 330   M    M   2        36 350
 6  31   4  18 -17  47   0 0.00  0.0    6  6.5 13 140   M    M   6        13 140
 7  29  20  25 -11  40   0 0.17  2.0    7  8.1 16  90   M    M  10 1      22  80
 8  37  17  27  -9  38   0 0.00  0.0    7  6.8 23 130   M    M  10 18     29 130
 9  38  30  34  -3  31   0 0.54  0.0    5 18.3 36 310   M    M  10 1      46 310
10  38  22  30  -7  35   0 0.00  0.0    3  9.1 31 310   M    M   6        40 310
11  41  22  32  -5  33   0 0.00  0.0    3  4.7 13 140   M    M   6 18     15 110
12  44  34  39   1  26   0 0.41  0.0    1 10.6 18 170   M    M  10 12     23 170
13  60  39  50  12  15   0 0.78  0.0    0 17.6 31 140   M    M   7 123    40 160
14  53  34  44   5  21   0 0.18    T    0 23.6 37 330   M    M  10 1      55 340
15  47  29  38  -1  27   0 0.00  0.0    0 14.9 29 330   M    M   M        37 320
16  54  25  40   0  25   0 0.00  0.0    0  9.9 22 340   M    M   M        27 350
17  49  25  37  -3  28   0 0.00  0.0    0  4.6 13 340   M    M   M        17 340
18  46  20  33  -7  32   0 0.00  0.0    0  6.0 14 350   M    M   M 18     17 350
19  43  35  39  -2  26   0 0.13  0.0    0  4.7 12 170   M    M   M 2      14 170
20  60  34  47   6  18   0 0.00  0.0    0 13.5 23 350   M    M   M 18     30 350
21  57  34  46   4  19   0 0.00  0.0    0  6.5 18 350   M    M   M        24 350
22  61  33  47   5  18   0 0.00  0.0    0  7.7 16 100   M    M   4 1      23 100
================================================================================
SM  882  472       748   0  2.28     2.9 237.7          M      102
================================================================================
AV 40.1 21.5                              10.8 FASTST   M    M   7    MAX(MPH)
                                 MISC ---->  # 37 330               # 55  340
================================================================================
NOTES:
# LAST OF SEVERAL OCCURRENCES

COLUMN 17 PEAK WIND IN M.P.H.

PRELIMINARY LOCAL CLIMATOLOGICAL DATA (WS FORM: F-6) , PAGE 2

                                          STATION:  OMAHA NE
                                          MONTH:    MARCH
                                          YEAR:     2019
                                          LATITUDE:   41 17 N
                                          LONGITUDE:  95 54 W

[TEMPERATURE DATA]      [PRECIPITATION DATA]       SYMBOLS USED IN COLUMN 16

AVERAGE MONTHLY: 30.8   TOTAL FOR MONTH:   2.28    1 = FOG OR MIST
DPTR FM NORMAL:  -6.9   DPTR FM NORMAL:    1.01    2 = FOG REDUCING VISIBILITY
HIGHEST:    61 ON 22    GRTST 24HR  0.78 ON 13-13      TO 1/4 MILE OR LESS
LOWEST:     -5 ON  3                               3 = THUNDER
                        SNOW, ICE PELLETS, HAIL    4 = ICE PELLETS
                        TOTAL MONTH:   2.9 INCHES  5 = HAIL
                        GRTST 24HR   2.0 ON  7- 7  6 = FREEZING RAIN OR DRIZZLE
                        GRTST DEPTH:   8 ON  4, 3  7 = DUSTSTORM OR SANDSTORM:
                                                       VSBY 1/2 MILE OR LESS
                                                   8 = SMOKE OR HAZE
[NO. OF DAYS WITH]      [WEATHER - DAYS WITH]      9 = BLOWING SNOW
                                                   X = TORNADO
MAX 32 OR BELOW:   7    0.01 INCH OR MORE:   7
MAX 90 OR ABOVE:   0    0.10 INCH OR MORE:   6
MIN 32 OR BELOW:  15    0.50 INCH OR MORE:   2
MIN  0 OR BELOW:   2    1.00 INCH OR MORE:   0

[HDD (BASE 65) ]
TOTAL THIS MO.   748    CLEAR  (SCALE 0-3)   2
DPTR FM NORMAL   146    PTCLDY (SCALE 4-7)   7
TOTAL FM JUL 1  5811    CLOUDY (SCALE 8-10)  6
DPTR FM NORMAL   411

[CDD (BASE 65) ]
TOTAL THIS MO.     0
DPTR FM NORMAL     0    [PRESSURE DATA]
TOTAL FM JAN 1     0    HIGHEST SLP M ON M
DPTR FM NORMAL     0    LOWEST  SLP 28.99 ON 14

[REMARKS]
