000
CXUS53 KOAX 221000
CF6OMA
PRELIMINARY LOCAL CLIMATOLOGICAL DATA (WS FORM: F-6)

                                          STATION:   OMAHA NE
                                          MONTH:     MAY
                                          YEAR:      2019
                                          LATITUDE:   41 17 N
                                          LONGITUDE:  95 54 W

  TEMPERATURE IN F:       :PCPN:    SNOW:  WIND      :SUNSHINE: SKY     :PK WND
================================================================================
1   2   3   4   5  6A  6B    7    8   9   10  11  12  13   14  15   16   17  18
                                     12Z  AVG MX 2MIN
DY MAX MIN AVG DEP HDD CDD  WTR  SNW DPTH SPD SPD DIR MIN PSBL S-S WX    SPD DR
================================================================================

 1  55  45  50  -8  15   0 0.01  0.0    0  9.9 17  10   M    M  10 1      22 360
 2  65  44  55  -3  10   0    T  0.0    0  7.4 14  10   M    M   6        19 350
 3  68  46  57  -1   8   0    T  0.0    0  7.8 16 150   M    M   7        24 160
 4  75  48  62   4   3   0 0.04  0.0    0  8.1 24  10   M    M   4 13     30 360
 5  80  55  68   9   0   3 0.01  0.0    0  8.3 25 150   M    M   7 3      31 150
 6  68  51  60   1   5   0 0.20  0.0    0 13.0 20  10   M    M   7 8      27  60
 7  60  47  54  -6  11   0 0.09  0.0    0 10.3 22  40   M    M  10 18     28  50
 8  55  42  49 -11  16   0 1.31  0.0    0 13.2 28 340   M    M   9 1      36 320
 9  54  40  47 -13  18   0 0.00  0.0    0 14.9 30 340   M    M  10        39 340
10  65  40  53  -7  12   0 0.00  0.0    0  4.2 14 320   M    M   6 1      22 300
11  65  49  57  -4   8   0 0.52  0.0    0 10.6 22 170   M    M   9 1      30 160
12  64  48  56  -5   9   0 0.04  0.0    0  6.4 15  30   M    M   7        21  50
13  71  46  59  -2   6   0 0.00  0.0    0  9.7 18 150   M    M   5        26 160
14  84  58  71   9   0   6 0.07  0.0    0  8.2 20 170   M    M   5 3      25 180
15  86  59  73  11   0   8 0.00  0.0    0  7.0 17 170   M    M   5        23 190
16  95  68  82  20   0  17    T  0.0    0  8.5 20  10   M    M   5 38     27  10
17  90  67  79  16   0  14 0.09  0.0    0 17.0 35 160   M    M   9 3      43 170
18  78  60  69   6   0   4 0.37  0.0    0 12.3 33 130   M    M   9 13     40 130
19  60  50  55  -8  10   0    T  0.0    0 15.0 25 310   M    M  10        34 320
20  55  44  50 -14  15   0    T  0.0    0 12.3 23  80   M    M   9        33  70
21  58  49  54 -10  11   0 0.91  0.0    0 16.6 38  90   M    M   9 13     50  80
================================================================================
SM 1451 1056       157  52  3.66     0.0 220.7          M      158
================================================================================
AV 69.1 50.3                              10.5 FASTST   M    M   8    MAX(MPH)
                                 MISC ---->  # 38  90               # 50   80
================================================================================
NOTES:
# LAST OF SEVERAL OCCURRENCES

COLUMN 17 PEAK WIND IN M.P.H.

PRELIMINARY LOCAL CLIMATOLOGICAL DATA (WS FORM: F-6) , PAGE 2

                                          STATION:  OMAHA NE
                                          MONTH:    MAY
                                          YEAR:     2019
                                          LATITUDE:   41 17 N
                                          LONGITUDE:  95 54 W

[TEMPERATURE DATA]      [PRECIPITATION DATA]       SYMBOLS USED IN COLUMN 16

AVERAGE MONTHLY: 59.7   TOTAL FOR MONTH:   3.66    1 = FOG OR MIST
DPTR FM NORMAL:  -1.1   DPTR FM NORMAL:    0.49    2 = FOG REDUCING VISIBILITY
HIGHEST:    95 ON 16    GRTST 24HR  1.31 ON  8- 8      TO 1/4 MILE OR LESS
LOWEST:     40 ON 10, 9                            3 = THUNDER
                        SNOW, ICE PELLETS, HAIL    4 = ICE PELLETS
                        TOTAL MONTH:   0.0 INCH    5 = HAIL
                        GRTST 24HR     0.0         6 = FREEZING RAIN OR DRIZZLE
                        GRTST DEPTH:   0           7 = DUSTSTORM OR SANDSTORM:
                                                       VSBY 1/2 MILE OR LESS
                                                   8 = SMOKE OR HAZE
[NO. OF DAYS WITH]      [WEATHER - DAYS WITH]      9 = BLOWING SNOW
                                                   X = TORNADO
MAX 32 OR BELOW:   0    0.01 INCH OR MORE:  12
MAX 90 OR ABOVE:   2    0.10 INCH OR MORE:   5
MIN 32 OR BELOW:   0    0.50 INCH OR MORE:   3
MIN  0 OR BELOW:   0    1.00 INCH OR MORE:   1

[HDD (BASE 65) ]
TOTAL THIS MO.   157    CLEAR  (SCALE 0-3)   0
DPTR FM NORMAL    35    PTCLDY (SCALE 4-7)  11
TOTAL FM JUL 1  6433    CLOUDY (SCALE 8-10) 10
DPTR FM NORMAL   309

[CDD (BASE 65) ]
TOTAL THIS MO.    52
DPTR FM NORMAL    20    [PRESSURE DATA]
TOTAL FM JAN 1    61    HIGHEST SLP M ON M
DPTR FM NORMAL    13    LOWEST  SLP 29.34 ON 21

[REMARKS]
