000
CXAK56 PAFG 230940
CF6OME
PRELIMINARY LOCAL CLIMATOLOGICAL DATA (WS FORM: F-6)

                                          STATION:   NOME AK
                                          MONTH:     MARCH
                                          YEAR:      2019
                                          LATITUDE:   64 30 N
                                          LONGITUDE: 165 26 W

  TEMPERATURE IN F:       :PCPN:    SNOW:  WIND      :SUNSHINE: SKY     :PK WND
================================================================================
1   2   3   4   5  6A  6B    7    8   9   10  11  12  13   14  15   16   17  18
                                     12Z  AVG MX 2MIN
DY MAX MIN AVG DEP HDD CDD  WTR  SNW DPTH SPD SPD DIR MIN PSBL S-S WX    SPD DR
================================================================================

 1  31  27  29  20  36   0 0.23  2.2   53 14.9 23 110   M    M  10 16     28 110
 2  29  23  26  17  39   0    T  0.1   52  6.5 16 230   M    M  10 12     18 230
 3  27  22  25  16  40   0    T    T   52 16.5 25 110   M    M   8 1      32 110
 4  30  27  29  20  36   0 0.37  3.7   52 17.3 25 120   M    M  10 1      33 130
 5  31  28  30  21  35   0 0.14  1.4   55 15.3 24 120   M    M  10 1      30 120
 6  28  24  26  17  39   0 0.09  0.9   56  7.7 13  50   M    M  10 12     17  50
 7  27  22  25  15  40   0 0.02  0.3   56 14.5 20  40   M    M  10 1      24  50
 8  28  25  27  17  38   0 0.05  0.7   57 14.0 18  70   M    M  10 1      22  70
 9  31  26  29  19  36   0 0.16  1.6   59 18.9 29  70   M    M   9 12     35  70
10  34  24  29  19  36   0 0.03  0.3   58 15.0 26  70   M    M  10 1      33  70
11  28  15  22  12  43   0    T  0.1   58 15.3 24 350   M    M  10 1      28 350
12  20  13  17   7  48   0 0.01  0.3   58 11.8 23  40   M    M  10 1      27  40
13  32  20  26  16  39   0 0.06  0.8   58 17.3 24  70   M    M   8 12     31  70
14  27  15  21  11  44   0 0.03  0.6   58  8.1 18  70   M    M   2 18     22  70
15  26   9  18   8  47   0 0.02  0.2   58 10.4 18 130   M    M   8 1      25 120
16  27   2  15   5  50   0 0.11  2.0   58  5.0 15 330   M    M   6 18     16 330
17  23  -2  11   1  54   0 0.01  0.5   60  9.6 21 220   M    M   9 1      24 220
18  14  -2   6  -4  59   0 0.00  0.0   60  7.1 15 360   M    M  10        16  10
19  13  -4   5  -5  60   0    T    T   59  4.6 12  70   M    M   4 1      14  80
20  16  -1   8  -2  57   0    T    T   58 10.9 23  20   M    M   3 1      33  30
21  30   6  18   7  47   0 0.02  0.2   58 18.9 30  20   M    M   9 18     34  20
22  40  28  34  23  31   0    T  0.0   58 15.6 30  30   M    M   8        35  30
================================================================================
SM  592  347       954   0  1.35    15.9 275.2          M      184
================================================================================
AV 26.9 15.8                              12.5 FASTST   M    M   8    MAX(MPH)
                                 MISC ---->  # 30  20               # 35   70
================================================================================
NOTES:
# LAST OF SEVERAL OCCURRENCES

COLUMN 17 PEAK WIND IN M.P.H.

PRELIMINARY LOCAL CLIMATOLOGICAL DATA (WS FORM: F-6) , PAGE 2

                                          STATION:  NOME AK
                                          MONTH:    MARCH
                                          YEAR:     2019
                                          LATITUDE:   64 30 N
                                          LONGITUDE: 165 26 W

[TEMPERATURE DATA]      [PRECIPITATION DATA]       SYMBOLS USED IN COLUMN 16

AVERAGE MONTHLY: 21.3   TOTAL FOR MONTH:   1.35    1 = FOG OR MIST
DPTR FM NORMAL:  11.5   DPTR FM NORMAL:    0.88    2 = FOG REDUCING VISIBILITY
HIGHEST:    40 ON 22    GRTST 24HR  0.37 ON  4- 4      TO 1/4 MILE OR LESS
LOWEST:     -4 ON 19                               3 = THUNDER
                        SNOW, ICE PELLETS, HAIL    4 = ICE PELLETS
                        TOTAL MONTH:  15.9 INCHES  5 = HAIL
                        GRTST 24HR   3.7 ON  4- 4  6 = FREEZING RAIN OR DRIZZLE
                        GRTST DEPTH:  60 ON 18,17  7 = DUSTSTORM OR SANDSTORM:
                                                       VSBY 1/2 MILE OR LESS
                                                   8 = SMOKE OR HAZE
[NO. OF DAYS WITH]      [WEATHER - DAYS WITH]      9 = BLOWING SNOW
                                                   X = TORNADO
MAX 32 OR BELOW:  20    0.01 INCH OR MORE:  15
MAX 90 OR ABOVE:   0    0.10 INCH OR MORE:   5
MIN 32 OR BELOW:  22    0.50 INCH OR MORE:   0
MIN  0 OR BELOW:   4    1.00 INCH OR MORE:   0

[HDD (BASE 65) ]
TOTAL THIS MO.   954    CLEAR  (SCALE 0-3)   1
DPTR FM NORMAL  -262    PTCLDY (SCALE 4-7)   7
TOTAL FM JUL 1  9149    CLOUDY (SCALE 8-10) 14
DPTR FM NORMAL -1346

[CDD (BASE 65) ]
TOTAL THIS MO.     0
DPTR FM NORMAL     0    [PRESSURE DATA]
TOTAL FM JAN 1     0    HIGHEST SLP M ON M
DPTR FM NORMAL     0    LOWEST  SLP 29.35 ON M

[REMARKS]
