481
CXUS56 KOTX 240900
CF6OMK
PRELIMINARY LOCAL CLIMATOLOGICAL DATA (WS FORM: F-6)

                                          STATION:   OMAK WA AIRPORT
                                          MONTH:     MARCH
                                          YEAR:      2019
                                          LATITUDE:   48 27 N
                                          LONGITUDE: 119 31 W

  TEMPERATURE IN F:       :PCPN:    SNOW:  WIND      :SUNSHINE: SKY     :PK WND
================================================================================
1   2   3   4   5  6A  6B    7    8   9   10  11  12  13   14  15   16   17  18
                                     12Z  AVG MX 2MIN
DY MAX MIN AVG DEP HDD CDD  WTR  SNW DPTH SPD SPD DIR MIN PSBL S-S WX    SPD DR
================================================================================

 1  33  22  28  -8  37   0 0.00    M    M  3.5 14 300   M    M   9        16 300
 2  36  21  29  -7  36   0 0.00    M    M 11.8 20  10   M    M   8        34 310
 3  32  11  22 -14  43   0 0.00    M    M  9.1 17  10   M    M   4        21  10
 4  32   8  20 -17  45   0 0.00    M    M 10.3 20 360   M    M   0        25 350
 5  30  19  25 -12  40   0    T    M    M 11.4 20 360   M    M  10 8      35 220
 6  33  26  30  -8  35   0 0.33    M    M  8.1 15 170   M    M  10 18     19 170
 7  36  19  28 -10  37   0    T    M    M  9.0 21 180   M    M   6 18     25 180
 8  37  15  26 -12  39   0 0.00    M    M  2.3 10 340   M    M   6        12 350
 9  31   8  20 -19  45   0 0.00    M    M  2.0  8 160   M    M   7        11 160
10  35  11  23 -16  42   0 0.00    M    M  6.0 15 210   M    M   0        19 210
11  30  26  28 -12  37   0    T    M    M 10.9 21 210   M    M   9        26 210
12  35  16  26 -14  39   0 0.05    M    M  5.0 15 340   M    M   7 128    18 340
13  48  15  32  -8  33   0 0.00    M    M  3.1 13 360   M    M   1 8      14 360
14  39  21  30 -11  35   0 0.00    M    M  5.8 15 200   M    M   3        25 110
15  43  25  34  -7  31   0 0.00    M    M  3.7 12 170   M    M   2        13 200
16  46  22  34  -8  31   0 0.00    M    M  3.2  9 170   M    M   0        12 140
17  55  28  42   0  23   0 0.00    M    M  5.4 14  10   M    M   0        17 350
18  61  33  47   5  18   0 0.00    M    M  7.9 17 360   M    M   0        22 330
19  61  33  47   4  18   0 0.00    M    M  6.9 14  10   M    M   0        16  10
20  67  34  51   8  14   0 0.00    M    M  9.2 18 360   M    M   0        22 360
21  67  30  49   5  16   0 0.00    M    M  4.8 12 360   0    0   0         M  M
22  59  29  44   0  21   0 0.00    M    M  5.3 18 210   M    M   0 8      23 200
23  64  36  50   6  15   0 0.00    M    M  4.0 13 200   M    M   1        18  30
================================================================================
SM 1010  508       730   0  0.38    M    148.7            0     83
================================================================================
AV 43.9 22.1                               6.5 FASTST    0   0   4    MAX(MPH)
                                 MISC ---->  # 21 180               # 35  220
================================================================================
NOTES:
# LAST OF SEVERAL OCCURRENCES

COLUMN 17 PEAK WIND IN M.P.H.

PRELIMINARY LOCAL CLIMATOLOGICAL DATA (WS FORM: F-6) , PAGE 2

                                          STATION:  OMAK WA AIRPORT
                                          MONTH:    MARCH
                                          YEAR:     2019
                                          LATITUDE:   48 27 N
                                          LONGITUDE: 119 31 W

[TEMPERATURE DATA]      [PRECIPITATION DATA]       SYMBOLS USED IN COLUMN 16

AVERAGE MONTHLY: 33.0   TOTAL FOR MONTH:   0.38    1 = FOG OR MIST
DPTR FM NORMAL:  -7.0   DPTR FM NORMAL:   -0.54    2 = FOG REDUCING VISIBILITY
HIGHEST:    67 ON 21,20 GRTST 24HR  0.33 ON  6- 6      TO 1/4 MILE OR LESS
LOWEST:      8 ON  9, 4                            3 = THUNDER
                        SNOW, ICE PELLETS, HAIL    4 = ICE PELLETS
                        TOTAL MONTH:    M          5 = HAIL
                        GRTST 24HR    M  ON   M    6 = FREEZING RAIN OR DRIZZLE
                        GRTST DEPTH:  M  ON   M    7 = DUSTSTORM OR SANDSTORM:
                                                       VSBY 1/2 MILE OR LESS
                                                   8 = SMOKE OR HAZE
[NO. OF DAYS WITH]      [WEATHER - DAYS WITH]      9 = BLOWING SNOW
                                                   X = TORNADO
MAX 32 OR BELOW:   5    0.01 INCH OR MORE:   2
MAX 90 OR ABOVE:   0    0.10 INCH OR MORE:   1
MIN 32 OR BELOW:  19    0.50 INCH OR MORE:   0
MIN  0 OR BELOW:   0    1.00 INCH OR MORE:   0

[HDD (BASE 65) ]
TOTAL THIS MO.   730    CLEAR  (SCALE 0-3)  13
DPTR FM NORMAL   155    PTCLDY (SCALE 4-7)   6
TOTAL FM JUL 1  5417    CLOUDY (SCALE 8-10)  4
DPTR FM NORMAL   -19

[CDD (BASE 65) ]
TOTAL THIS MO.     0
DPTR FM NORMAL     0    [PRESSURE DATA]
TOTAL FM JAN 1     0    HIGHEST SLP  0.00 ON 21
DPTR FM NORMAL     0    LOWEST  SLP  0.00 ON 21

[REMARKS]
