000
CXUS56 KOTX 260900
CF6OMK
PRELIMINARY LOCAL CLIMATOLOGICAL DATA (WS FORM: F-6)

                                          STATION:   OMAK WA AIRPORT
                                          MONTH:     MAY
                                          YEAR:      2019
                                          LATITUDE:   48 27 N
                                          LONGITUDE: 119 31 W

  TEMPERATURE IN F:       :PCPN:    SNOW:  WIND      :SUNSHINE: SKY     :PK WND
================================================================================
1   2   3   4   5  6A  6B    7    8   9   10  11  12  13   14  15   16   17  18
                                     12Z  AVG MX 2MIN
DY MAX MIN AVG DEP HDD CDD  WTR  SNW DPTH SPD SPD DIR MIN PSBL S-S WX    SPD DR
================================================================================

 1  65  35  50  -4  15   0 0.00    M    M  5.2 20  10   M    M   3        23 300
 2  70  31  51  -3  14   0 0.00    M    M  5.5 16 220   M    M   0        23 190
 3  72  41  57   3   8   0 0.00    M    M  8.5 15 350   M    M   0        19 360
 4  77  37  57   3   8   0 0.00    M    M  7.8 18 350   M    M   0        23 360
 5  77  49  63   8   2   0 0.00    M    M 11.4 20  20   M    M   1        25  30
 6  78  45  62   7   3   0 0.00    M    M  7.9 16 360   M    M   1        19 360
 7  80  52  66  11   0   1 0.00    M    M 13.4 25  20   M    M   0        30  30
 8  80  52  66  10   0   1 0.00    M    M 12.6 26  20   M    M   2        33  20
 9  78  46  62   6   3   0 0.00    M    M  6.1 15 300   M    M   0        18 300
10  86  42  64   8   1   0 0.00    M    M  3.7 12 170   M    M   1        14 150
11  89  48  69  12   0   4 0.00    M    M  6.1 18 170   M    M   0        24 160
12  85  50  68  11   0   3 0.00    M    M  5.7 15 210   M    M   0        19 210
13  78  49  64   7   1   0 0.00    M    M  7.0 15 360   M    M   0        19 350
14  67  47  57  -1   8   0 0.00    M    M  7.5 23 170   M    M   4        29 170
15  75  37  56  -2   9   0    T    M    M  4.2 14 190   M    M   3        17 190
16  64  54  59   1   6   0 1.32    M    M  7.3 15  10   M    M   9 1      19  30
17  67  47  57  -2   8   0 0.11    M    M  4.8 17 360   M    M   8 1      21 360
18  70  46  58  -1   7   0 0.00    M    M  7.3 18 150   M    M   3        28  90
19  75  49  62   3   3   0 0.00    M    M  9.4 20  10   M    M   3        24  10
20  69  53  61   1   4   0    T    M    M  5.6 14 200   M    M   9        18 190
21  67  52  60   0   5   0 0.00    M    M 11.6 18  10   M    M   8        23 360
22  74  51  63   3   2   0 0.00    M    M  7.8 16 360   M    M   6        20  10
23  80  46  63   3   2   0 0.00    M    M  8.2 20  20   M    M   1        25 350
24  68  55  62   1   3   0 0.11    M    M  4.9 14 300   M    M   7 3      18 160
25  62  54  58  -3   7   0 0.57    M    M  6.0 15 350   M    M   8 1      20 360
================================================================================
SM 1853 1168       119   9  2.11    M    185.5          M       77
================================================================================
AV 74.1 46.7                               7.4 FASTST   M    M   3    MAX(MPH)
                                 MISC ---->  # 26  20               # 33   20
================================================================================
NOTES:
# LAST OF SEVERAL OCCURRENCES

COLUMN 17 PEAK WIND IN M.P.H.

PRELIMINARY LOCAL CLIMATOLOGICAL DATA (WS FORM: F-6) , PAGE 2

                                          STATION:  OMAK WA AIRPORT
                                          MONTH:    MAY
                                          YEAR:     2019
                                          LATITUDE:   48 27 N
                                          LONGITUDE: 119 31 W

[TEMPERATURE DATA]      [PRECIPITATION DATA]       SYMBOLS USED IN COLUMN 16

AVERAGE MONTHLY: 60.4   TOTAL FOR MONTH:   2.11    1 = FOG OR MIST
DPTR FM NORMAL:   3.1   DPTR FM NORMAL:    1.13    2 = FOG REDUCING VISIBILITY
HIGHEST:    89 ON 11    GRTST 24HR  1.32 ON 16-16      TO 1/4 MILE OR LESS
LOWEST:     31 ON  2                               3 = THUNDER
                        SNOW, ICE PELLETS, HAIL    4 = ICE PELLETS
                        TOTAL MONTH:    M          5 = HAIL
                        GRTST 24HR    M  ON   M    6 = FREEZING RAIN OR DRIZZLE
                        GRTST DEPTH:  M  ON   M    7 = DUSTSTORM OR SANDSTORM:
                                                       VSBY 1/2 MILE OR LESS
                                                   8 = SMOKE OR HAZE
[NO. OF DAYS WITH]      [WEATHER - DAYS WITH]      9 = BLOWING SNOW
                                                   X = TORNADO
MAX 32 OR BELOW:   0    0.01 INCH OR MORE:   4
MAX 90 OR ABOVE:   0    0.10 INCH OR MORE:   4
MIN 32 OR BELOW:   1    0.50 INCH OR MORE:   2
MIN  0 OR BELOW:   0    1.00 INCH OR MORE:   1

[HDD (BASE 65) ]
TOTAL THIS MO.   119    CLEAR  (SCALE 0-3)  15
DPTR FM NORMAL   -88    PTCLDY (SCALE 4-7)   7
TOTAL FM JUL 1  6081    CLOUDY (SCALE 8-10)  3
DPTR FM NORMAL  -165

[CDD (BASE 65) ]
TOTAL THIS MO.     9
DPTR FM NORMAL    -6    [PRESSURE DATA]
TOTAL FM JAN 1     9    HIGHEST SLP M ON M
DPTR FM NORMAL    -7    LOWEST  SLP 29.43 ON 16

[REMARKS]
