000
CXUS56 KBOI 251002
CF6ONO
PRELIMINARY LOCAL CLIMATOLOGICAL DATA (WS FORM: F-6)

                                          STATION:   ONTARIO OR
                                          MONTH:     JUNE
                                          YEAR:      2019
                                          LATITUDE:   44  1 N
                                          LONGITUDE: 117  1 W

  TEMPERATURE IN F:       :PCPN:    SNOW:  WIND      :SUNSHINE: SKY     :PK WND
================================================================================
1   2   3   4   5  6A  6B    7    8   9   10  11  12  13   14  15   16   17  18
                                     12Z  AVG MX 2MIN
DY MAX MIN AVG DEP HDD CDD  WTR  SNW DPTH SPD SPD DIR MIN PSBL S-S WX    SPD DR
================================================================================

 1  87  55  71   7   0   6 0.00    M    M  3.3 10 110   M    M   0        15 110
 2  89  56  73   9   0   8 0.00    M    M  2.3  8 180   M    M   0        10  50
 3  91  58  75  11   0  10 0.00    M    M  5.7 18 330   M    M   0        24 330
 4  89  59  74   9   0   9 0.00    M    M  8.3 18 340   M    M   0        23 330
 5  90  52  71   6   0   6    T    M    M  5.2 23 320   M    M   0        30 320
 6  77  53  65   0   0   0 0.16    M    M 12.7 31 320   M    M   3 1      39 340
 7  66  47  57  -8   8   0 0.02    M    M 12.2 32 320   M    M   3 3      39 320
 8  70  42  56 -10   9   0    T    M    M  5.6 13 260   M    M   2         M  M
 9  79  40  60  -6   5   0 0.00    M    M  2.5 10 190   M    M   0        13 110
10  85  45  65  -1   0   0 0.00    M    M  3.1  8 270   M    M   0        10  40
11  92  52  72   6   0   7 0.00    M    M  4.2 12  10   M    M   0        16  20
12  93  58  76   9   0  11    T    M    M  5.9 26 250   M    M   1 38     36 230
13  93  60  77  10   0  12 0.00    M    M  2.6 21 350   M    M   0        28 340
14  93  59  76   9   0  11 0.00    M    M  6.8 17 320   M    M   1        23 330
15  91  56  74   6   0   9 0.00    M    M  5.9 15 260   M    M   0        17 320
16  95  61  78  10   0  13 0.00    M    M  8.2 23 330   M    M   0        29 330
17  95  65  80  12   0  15 0.00    M    M 10.3 23 330   M    M   0        30 330
18  94  66  80  12   0  15 0.00    M    M  9.7 21 340   M    M   0        27 340
19  85  59  72   3   0   7 0.00    M    M 15.0 25 320   M    M   0 8      31 320
20  69  49  59 -10   6   0    T    M    M 12.1 23 310   M    M   3        30 290
21  73  46  60  -9   5   0 0.00    M    M  9.6 23 330   M    M   3        27 320
22  80  46  63  -7   2   0 0.00    M    M  3.3 12 360   M    M   0        15 330
23  82  53  68  -2   0   3 0.00    M    M  8.8 18 300   M    M   0        23 320
24  81  52  67  -3   0   2 0.00    M    M  3.9 14 260   M    M   1        19 110
================================================================================
SM 2039 1289        35 144  0.18    M    167.2          M       17
================================================================================
AV 85.0 53.7                               7.0 FASTST   M    M   1    MAX(MPH)
                                 MISC ---->  # 32 320               # 39  340
================================================================================
NOTES:
# LAST OF SEVERAL OCCURRENCES

COLUMN 17 PEAK WIND IN M.P.H.

PRELIMINARY LOCAL CLIMATOLOGICAL DATA (WS FORM: F-6) , PAGE 2

                                          STATION:  ONTARIO OR
                                          MONTH:    JUNE
                                          YEAR:     2019
                                          LATITUDE:   44  1 N
                                          LONGITUDE: 117  1 W

[TEMPERATURE DATA]      [PRECIPITATION DATA]       SYMBOLS USED IN COLUMN 16

AVERAGE MONTHLY: 69.3   TOTAL FOR MONTH:   0.18    1 = FOG OR MIST
DPTR FM NORMAL:   2.4   DPTR FM NORMAL:   -0.42    2 = FOG REDUCING VISIBILITY
HIGHEST:    95 ON 17,16 GRTST 24HR  0.16 ON  6- 6      TO 1/4 MILE OR LESS
LOWEST:     40 ON  9                               3 = THUNDER
                        SNOW, ICE PELLETS, HAIL    4 = ICE PELLETS
                        TOTAL MONTH:    M          5 = HAIL
                        GRTST 24HR    M  ON   M    6 = FREEZING RAIN OR DRIZZLE
                        GRTST DEPTH:  M  ON   M    7 = DUSTSTORM OR SANDSTORM:
                                                       VSBY 1/2 MILE OR LESS
                                                   8 = SMOKE OR HAZE
[NO. OF DAYS WITH]      [WEATHER - DAYS WITH]      9 = BLOWING SNOW
                                                   X = TORNADO
MAX 32 OR BELOW:   0    0.01 INCH OR MORE:   2
MAX 90 OR ABOVE:  10    0.10 INCH OR MORE:   1
MIN 32 OR BELOW:   0    0.50 INCH OR MORE:   0
MIN  0 OR BELOW:   0    1.00 INCH OR MORE:   0

[HDD (BASE 65) ]
TOTAL THIS MO.    35    CLEAR  (SCALE 0-3)  22
DPTR FM NORMAL   -12    PTCLDY (SCALE 4-7)   2
TOTAL FM JUL 1  4995    CLOUDY (SCALE 8-10)  0
DPTR FM NORMAL -1002

[CDD (BASE 65) ]
TOTAL THIS MO.   144
DPTR FM NORMAL    48    [PRESSURE DATA]
TOTAL FM JAN 1   186    HIGHEST SLP M ON M
DPTR FM NORMAL    54    LOWEST  SLP 29.64 ON  6

[REMARKS]
