000
CXUS52 KMFL 251000
CF6OPF
PRELIMINARY LOCAL CLIMATOLOGICAL DATA (WS FORM: F-6)

                                          STATION:   OPA-LOCKA ARPT
                                          MONTH:     MAY
                                          YEAR:      2019
                                          LATITUDE:   25 53 N
                                          LONGITUDE:  80 17 W

  TEMPERATURE IN F:       :PCPN:    SNOW:  WIND      :SUNSHINE: SKY     :PK WND
================================================================================
1   2   3   4   5  6A  6B    7    8   9   10  11  12  13   14  15   16   17  18
                                     12Z  AVG MX 2MIN
DY MAX MIN AVG DEP HDD CDD  WTR  SNW DPTH SPD SPD DIR MIN PSBL S-S WX    SPD DR
================================================================================

 1  85  72  79   2   0  14 0.32  0.0    0 15.4 30  80   M    M   5 1      39  70
 2  83  70  77   0   0  12 1.24  0.0    0  7.2 31 280   M    M   7 13     40 280
 3  89  74  82   5   0  17 0.11  0.0    0  8.1 26 290   M    M   3 138    38 290
 4  90  74  82   5   0  17    T  0.0    0  8.9 20 140   M    M   1 3      25 130
 5  91  73  82   5   0  17 0.90  0.0    0  9.9 26 150   M    M   2 3      33 150
 6  91  71  81   4   0  16 0.84  0.0    0  4.3 38 300   M    M   3 13     49 300
 7  89  73  81   3   0  16 0.01  0.0    0  4.0 17  80   M    M   2 3      22  90
 8  88  75  82   4   0  17 0.62  0.0    0  8.1 18  90   M    M   4 18     27 100
 9  88  76  82   4   0  17 0.04  0.0    0  8.7 18 110   M    M   3 3      25 130
10  88  74  81   3   0  16 0.23  0.0    0  8.0 17 130   M    M   2 13     23 110
11  89  76  83   5   0  18    T  0.0    0  8.6 17 160   M    M   3        27 150
12  91  76  84   6   0  19 0.23  0.0    0  8.1 25 200   M    M   2 13     32 200
13  92  75  84   6   0  19 0.16  0.0    0  8.3 24 270   M    M   1 3      30 250
14  94  74  84   5   0  19    T  0.0    0  7.4 20 270   M    M   3 3      24 270
15  85  74  80   1   0  15 0.03  0.0    0  4.0 21 360   M    M   6 3      26 360
16  86  75  81   2   0  16    T  0.0    0  9.7 23  80   M    M   5 3      28  50
17  86  70  78  -1   0  13 0.00  0.0    0  7.5 20  70   M    M   1        23  70
18  87  72  80   1   0  15 0.00  0.0    0  9.1 18  70   M    M   2        23 100
19  89  73  81   1   0  16 0.00  0.0    0  5.3 13  90   M    M   2        24 100
20  89  73  81   1   0  16 0.00  0.0    M  7.0 16 100   M    M   4 3      24 100
21  89  73  81   1   0  16 0.00  0.0    0  7.4 17 120   M    M   1        20 110
22  88  73  81   1   0  16 0.02  0.0    0  9.4 21  60   M    M   2        25  70
23  88  77  83   3   0  18 0.00  0.0    0 14.1 23  60   M    M   2        29  60
24  86  74  80   0   0  15 0.00  0.0    0 13.7 22  70   M    M   4        28  90
================================================================================
SM 2121 1767         0 390  4.75     0.0 202.2          M       70
================================================================================
AV 88.4 73.6                               8.4 FASTST   M    M   3    MAX(MPH)
                                 MISC ---->  # 38 300               # 49  300
================================================================================
NOTES:
# LAST OF SEVERAL OCCURRENCES

COLUMN 17 PEAK WIND IN M.P.H.

PRELIMINARY LOCAL CLIMATOLOGICAL DATA (WS FORM: F-6) , PAGE 2

                                          STATION:  OPA-LOCKA ARPT
                                          MONTH:    MAY
                                          YEAR:     2019
                                          LATITUDE:   25 53 N
                                          LONGITUDE:  80 17 W

[TEMPERATURE DATA]      [PRECIPITATION DATA]       SYMBOLS USED IN COLUMN 16

AVERAGE MONTHLY: 81.0   TOTAL FOR MONTH:   4.75    1 = FOG OR MIST
DPTR FM NORMAL:   2.5   DPTR FM NORMAL:    0.80    2 = FOG REDUCING VISIBILITY
HIGHEST:    94 ON 14    GRTST 24HR  1.24 ON  2- 2      TO 1/4 MILE OR LESS
LOWEST:     70 ON 17, 2                            3 = THUNDER
                        SNOW, ICE PELLETS, HAIL    4 = ICE PELLETS
                        TOTAL MONTH:   0.0 INCH    5 = HAIL
                        GRTST 24HR     0.0         6 = FREEZING RAIN OR DRIZZLE
                        GRTST DEPTH:   0           7 = DUSTSTORM OR SANDSTORM:
                                                       VSBY 1/2 MILE OR LESS
                                                   8 = SMOKE OR HAZE
[NO. OF DAYS WITH]      [WEATHER - DAYS WITH]      9 = BLOWING SNOW
                                                   X = TORNADO
MAX 32 OR BELOW:   0    0.01 INCH OR MORE:  13
MAX 90 OR ABOVE:   6    0.10 INCH OR MORE:   9
MIN 32 OR BELOW:   0    0.50 INCH OR MORE:   4
MIN  0 OR BELOW:   0    1.00 INCH OR MORE:   1

[HDD (BASE 65) ]
TOTAL THIS MO.     0    CLEAR  (SCALE 0-3)  15
DPTR FM NORMAL     0    PTCLDY (SCALE 4-7)   9
TOTAL FM JUL 1    58    CLOUDY (SCALE 8-10)  0
DPTR FM NORMAL   -82

[CDD (BASE 65) ]
TOTAL THIS MO.   390
DPTR FM NORMAL    66    [PRESSURE DATA]
TOTAL FM JAN 1  1470    HIGHEST SLP M ON M
DPTR FM NORMAL   349    LOWEST  SLP 29.85 ON  5

[REMARKS]
