000
CXUS52 KMFL 251000
CF6OPF
PRELIMINARY LOCAL CLIMATOLOGICAL DATA (WS FORM: F-6)

                                          STATION:   OPA-LOCKA ARPT
                                          MONTH:     MARCH
                                          YEAR:      2019
                                          LATITUDE:   25 53 N
                                          LONGITUDE:  80 17 W

  TEMPERATURE IN F:       :PCPN:    SNOW:  WIND      :SUNSHINE: SKY     :PK WND
================================================================================
1   2   3   4   5  6A  6B    7    8   9   10  11  12  13   14  15   16   17  18
                                     12Z  AVG MX 2MIN
DY MAX MIN AVG DEP HDD CDD  WTR  SNW DPTH SPD SPD DIR MIN PSBL S-S WX    SPD DR
================================================================================

 1  83  67  75   4   0  10 0.00  0.0    0  4.8 14 130   M    M   2        17 130
 2  86  65  76   5   0  11 0.00  0.0    0  4.5 13 120   M    M   1        18 120
 3  86  68  77   6   0  12 0.00  0.0    0  7.9 18 170   M    M   2        22 160
 4  90  69  80   9   0  15 0.00  0.0    0  8.2 20 260   M    M   0        24 250
 5  86  65  76   5   0  11    T  0.0    0  9.8 23 300   M    M   5 8      29 290
 6  73  53  63  -8   2   0 0.00  0.0    0 13.4 22 360   M    M   2        27 360
 7  76  54  65  -6   0   0 0.00  0.0    0  9.7 21  80   M    M   4        30  80
 8  80  63  72   1   0   7 0.00  0.0    0  8.8 21  90   M    M   5        27  90
 9  85  67  76   5   0  11    T  0.0    0 10.8 20 130   M    M   3        26 140
10  85  72  79   8   0  14 0.06  0.0    0 10.9 20 130   M    M   3        24 120
11  86  68  77   5   0  12 0.00  0.0    0  4.7 13 130   M    M   0        17 160
12  87  69  78   6   0  13 0.00  0.0    0  7.9 17  60   M    M   2        20  60
13  82  73  78   6   0  13    T  0.0    0 13.8 24  80   M    M   5        30  80
14  83  73  78   6   0  13 0.00  0.0    0 13.4 20 100   M    M   5        26 130
15  82  72  77   5   0  12 0.03  0.0    0  9.7 18 160   M    M   6 8      22 160
16  83  68  76   4   0  11 0.32  0.0    0  5.6 14 160   M    M   6 1      16 120
17  86  69  78   6   0  13 0.00  0.0    0  6.5 14 340   M    M   5        17 300
18  82  68  75   3   0  10 0.00  0.0    0  8.0 14 360   M    M   5        18  20
19  71  64  68  -4   0   3 1.24  0.0    0 10.7 22  30   M    M  10 18     26  30
20  80  63  72   0   0   7 0.03  0.0    0 11.5 17  30   M    M   7        25  30
21  80  63  72   0   0   7 0.00  0.0    0 11.4 20 320   M    M   5 1      24 320
22  76  57  67  -5   0   2 0.00  0.0    0  8.3 20 340   M    M   0        24 320
23  80  58  69  -4   0   4 0.00  0.0    0  6.7 15  90   M    M   1        20 100
24  82  62  72  -1   0   7 0.00  0.0    0  9.1 21 110   M    M   3        27  90
================================================================================
SM 1970 1570         2 218  1.68     0.0 216.1          M       87
================================================================================
AV 82.1 65.4                               9.0 FASTST   M    M   4    MAX(MPH)
                                 MISC ---->  # 24  80               # 30   80
================================================================================
NOTES:
# LAST OF SEVERAL OCCURRENCES

COLUMN 17 PEAK WIND IN M.P.H.

PRELIMINARY LOCAL CLIMATOLOGICAL DATA (WS FORM: F-6) , PAGE 2

                                          STATION:  OPA-LOCKA ARPT
                                          MONTH:    MARCH
                                          YEAR:     2019
                                          LATITUDE:   25 53 N
                                          LONGITUDE:  80 17 W

[TEMPERATURE DATA]      [PRECIPITATION DATA]       SYMBOLS USED IN COLUMN 16

AVERAGE MONTHLY: 73.8   TOTAL FOR MONTH:   1.68    1 = FOG OR MIST
DPTR FM NORMAL:   2.1   DPTR FM NORMAL:   -0.56    2 = FOG REDUCING VISIBILITY
HIGHEST:    90 ON  4    GRTST 24HR  1.24 ON 19-19      TO 1/4 MILE OR LESS
LOWEST:     53 ON  6                               3 = THUNDER
                        SNOW, ICE PELLETS, HAIL    4 = ICE PELLETS
                        TOTAL MONTH:   0.0 INCH    5 = HAIL
                        GRTST 24HR     0.0         6 = FREEZING RAIN OR DRIZZLE
                        GRTST DEPTH:   0           7 = DUSTSTORM OR SANDSTORM:
                                                       VSBY 1/2 MILE OR LESS
                                                   8 = SMOKE OR HAZE
[NO. OF DAYS WITH]      [WEATHER - DAYS WITH]      9 = BLOWING SNOW
                                                   X = TORNADO
MAX 32 OR BELOW:   0    0.01 INCH OR MORE:   5
MAX 90 OR ABOVE:   1    0.10 INCH OR MORE:   2
MIN 32 OR BELOW:   0    0.50 INCH OR MORE:   1
MIN  0 OR BELOW:   0    1.00 INCH OR MORE:   1

[HDD (BASE 65) ]
TOTAL THIS MO.     2    CLEAR  (SCALE 0-3)  12
DPTR FM NORMAL    -7    PTCLDY (SCALE 4-7)  11
TOTAL FM JUL 1    58    CLOUDY (SCALE 8-10)  1
DPTR FM NORMAL   -79

[CDD (BASE 65) ]
TOTAL THIS MO.   218
DPTR FM NORMAL    47    [PRESSURE DATA]
TOTAL FM JAN 1   641    HIGHEST SLP M ON M
DPTR FM NORMAL   198    LOWEST  SLP 29.91 ON M

[REMARKS]
