000
CXUS54 KMRX 241000
CF6OQT
PRELIMINARY LOCAL CLIMATOLOGICAL DATA (WS FORM: F-6)

                                          STATION:   OAK_RIDGE_(ASOS)
                                          MONTH:     MAY
                                          YEAR:      2019
                                          LATITUDE:   36  1 N
                                          LONGITUDE:  84 14 W

  TEMPERATURE IN F:       :PCPN:    SNOW:  WIND      :SUNSHINE: SKY     :PK WND
================================================================================
1   2   3   4   5  6A  6B    7    8   9   10  11  12  13   14  15   16   17  18
                                     12Z  AVG MX 2MIN
DY MAX MIN AVG DEP HDD CDD  WTR  SNW DPTH SPD SPD DIR MIN PSBL S-S WX    SPD DR
================================================================================

 1  85  64  75  12   0  10    T    M    M  3.6 14 200   M    M   2        23 180
 2  86  66  76  13   0  11 0.00    M    M  2.7 10 260   M    M   2        16 220
 3  83  61  72   9   0   7 0.12    M    M  2.4 13 260   M    M   5 1      20 190
 4  75  62  69   6   0   4 0.85    M    M  1.2  8 230   M    M   6 1      16 230
 5  75  58  67   3   0   2 0.44    M    M  1.6  9 340   M    M   8 1      15 320
 6  79  52  66   2   0   1 0.00    M    M  1.6 10  80   M    M   3 12     13 100
 7  84  52  68   4   0   3 0.00    M    M  1.0  8 280   M    M   0        12 190
 8  87  56  72   8   0   7 0.00    M    M  1.7 12 140   M    M   1        15 220
 9  78  63  71   6   0   6 0.02    M    M  2.7  9 280   M    M   4        17 200
10  84  64  74   9   0   9 0.02    M    M  2.5  9 260   M    M   5 1      15 260
11  75  65  70   5   0   5 1.66    M    M  1.2  9 170   M    M   9 1      14 160
12  76  62  69   3   0   4 1.45    M    M  4.7 12 270   M    M   9 1      19 200
13  69  52  61  -5   4   0 0.00    M    M  3.6 12 270   M    M   7        20 270
14  71  46  59  -7   6   0 0.00    M    M  1.8 13  70   M    M   1        18  80
15  70  46  58  -8   7   0 0.00    M    M  1.1  8 250   M    M   4 1      16 210
16  83  50  67   0   0   2 0.00    M    M  1.6  8 260   M    M   2        13 200
17  88  63  76   9   0  11 0.60    M    M  2.4  9  10   M    M   3 1      16 360
18  89  61  75   8   0  10 0.00    M    M  1.4 13 160   M    M   1 1      25 160
19  88  62  75   7   0  10 0.00    M    M  2.6 16 210   M    M   4 12     26 200
20  87  63  75   7   0  10 0.00    M    M  2.9 12 280   M    M   4        16 280
21  88  57  73   5   0   8 0.00    M    M  1.9  9 160   M    M   0        12 160
22  91  64  78  10   0  13 0.00    M    M  3.2 12 210   M    M   1        22 220
23  90  70  80  11   0  15 0.00    M    M  3.0  9 260   M    M   1        16 210
================================================================================
SM 1881 1359        17 148  5.16    M     52.4          M       82
================================================================================
AV 81.8 59.1                               2.3 FASTST   M    M   4    MAX(MPH)
                                 MISC ---->  # 16 210               # 26  200
================================================================================
NOTES:
# LAST OF SEVERAL OCCURRENCES

COLUMN 17 PEAK WIND IN M.P.H.

PRELIMINARY LOCAL CLIMATOLOGICAL DATA (WS FORM: F-6) , PAGE 2

                                          STATION:  OAK_RIDGE_(ASOS)
                                          MONTH:    MAY
                                          YEAR:     2019
                                          LATITUDE:   36  1 N
                                          LONGITUDE:  84 14 W

[TEMPERATURE DATA]      [PRECIPITATION DATA]       SYMBOLS USED IN COLUMN 16

AVERAGE MONTHLY: 70.4   TOTAL FOR MONTH:   5.16    1 = FOG OR MIST
DPTR FM NORMAL:   4.8   DPTR FM NORMAL:    1.85    2 = FOG REDUCING VISIBILITY
HIGHEST:    91 ON 22    GRTST 24HR  1.66 ON 11-11      TO 1/4 MILE OR LESS
LOWEST:     46 ON 15,14                            3 = THUNDER
                        SNOW, ICE PELLETS, HAIL    4 = ICE PELLETS
                        TOTAL MONTH:    M          5 = HAIL
                        GRTST 24HR    M  ON   M    6 = FREEZING RAIN OR DRIZZLE
                        GRTST DEPTH:  M  ON   M    7 = DUSTSTORM OR SANDSTORM:
                                                       VSBY 1/2 MILE OR LESS
                                                   8 = SMOKE OR HAZE
[NO. OF DAYS WITH]      [WEATHER - DAYS WITH]      9 = BLOWING SNOW
                                                   X = TORNADO
MAX 32 OR BELOW:   0    0.01 INCH OR MORE:   8
MAX 90 OR ABOVE:   2    0.10 INCH OR MORE:   6
MIN 32 OR BELOW:   0    0.50 INCH OR MORE:   4
MIN  0 OR BELOW:   0    1.00 INCH OR MORE:   2

[HDD (BASE 65) ]
TOTAL THIS MO.    17    CLEAR  (SCALE 0-3)  12
DPTR FM NORMAL   -36    PTCLDY (SCALE 4-7)   9
TOTAL FM JUL 1  3238    CLOUDY (SCALE 8-10)  2
DPTR FM NORMAL  -450

[CDD (BASE 65) ]
TOTAL THIS MO.   148
DPTR FM NORMAL    79    [PRESSURE DATA]
TOTAL FM JAN 1   201    HIGHEST SLP M ON M
DPTR FM NORMAL   101    LOWEST  SLP 29.68 ON  5

[REMARKS]
