000
CXUS54 KMRX 241000
CF6OQT
PRELIMINARY LOCAL CLIMATOLOGICAL DATA (WS FORM: F-6)

                                          STATION:   OAK_RIDGE_(ASOS)
                                          MONTH:     MARCH
                                          YEAR:      2019
                                          LATITUDE:   36  1 N
                                          LONGITUDE:  84 14 W

  TEMPERATURE IN F:       :PCPN:    SNOW:  WIND      :SUNSHINE: SKY     :PK WND
================================================================================
1   2   3   4   5  6A  6B    7    8   9   10  11  12  13   14  15   16   17  18
                                     12Z  AVG MX 2MIN
DY MAX MIN AVG DEP HDD CDD  WTR  SNW DPTH SPD SPD DIR MIN PSBL S-S WX    SPD DR
================================================================================

 1  58  46  52   6  13   0 0.48    M    M  3.5 10 280   M    M   9 1      17 290
 2  56  42  49   3  16   0 0.00    M    M  3.3 10  70   M    M   8        17  30
 3  46  37  42  -4  23   0 1.03    M    M  2.2 12 340   M    M  10 1      17 320
 4  37  25  31 -16  34   0    T    M    M  3.5 12 320   M    M   8        17 360
 5  39  23  31 -16  34   0 0.00    M    M  4.4 15 260   M    M   0        21 290
 6  41  20  31 -16  34   0 0.00    M    M  3.3  9 270   M    M   0        14 280
 7  49  29  39  -9  26   0    T    M    M  1.6  8  90   M    M   7        12  80
 8  45  38  42  -6  23   0 0.26    M    M  1.0  7  70   M    M   8 1      10 330
 9  58  44  51   3  14   0 1.32    M    M  1.2 15 280   M    M   9 1      26 280
10  72  48  60  11   5   0 0.40    M    M  4.3 16 200   M    M   4 12     30 200
11  59  42  51   2  14   0 0.02    M    M  1.3  8  70   M    M   3        12  40
12  61  35  48  -1  17   0 0.00    M    M  1.9 13  70   M    M   0        17  70
13  69  43  56   6   9   0 0.00    M    M  2.2 12 170   M    M   0        19 210
14  72  50  61  11   4   0 0.45    M    M  4.8 22 200   M    M   8 1      32 200
15  67  45  56   6   9   0 0.13    M    M  7.6 15 270   M    M   5 1      27 260
16  59  33  46  -4  19   0 0.00    M    M  3.4 12 350   M    M   1        17  70
17  62  31  47  -4  18   0 0.00    M    M  2.5 12 280   M    M   0        18 290
18  56  37  47  -4  18   0 0.00    M    M  4.5 15 300   M    M   1        25 270
19  57  30  44  -7  21   0 0.00    M    M  2.0 10 100   M    M   0        15  80
20  64  30  47  -5  18   0 0.00    M    M  1.6  8 250   M    M   0        12 250
21  57  45  51  -1  14   0 0.09    M    M  4.1 18 290   M    M   9        29 290
22  66  43  55   3  10   0 0.00  0.0    M  5.7 15 270   M    M   4        24 280
23  65  36  51  -1  14   0 0.00    M    M  2.7  9  60   M    M   0        13  70
================================================================================
SM 1315  852       407   0  4.18     0.0  72.6          M       94
================================================================================
AV 57.2 37.0                               3.2 FASTST   M    M   4    MAX(MPH)
                                 MISC ---->  # 22 200               # 32  200
================================================================================
NOTES:
# LAST OF SEVERAL OCCURRENCES

COLUMN 17 PEAK WIND IN M.P.H.

PRELIMINARY LOCAL CLIMATOLOGICAL DATA (WS FORM: F-6) , PAGE 2

                                          STATION:  OAK_RIDGE_(ASOS)
                                          MONTH:    MARCH
                                          YEAR:     2019
                                          LATITUDE:   36  1 N
                                          LONGITUDE:  84 14 W

[TEMPERATURE DATA]      [PRECIPITATION DATA]       SYMBOLS USED IN COLUMN 16

AVERAGE MONTHLY: 47.1   TOTAL FOR MONTH:   4.18    1 = FOG OR MIST
DPTR FM NORMAL:  -2.1   DPTR FM NORMAL:    0.60    2 = FOG REDUCING VISIBILITY
HIGHEST:    72 ON 14,10 GRTST 24HR  1.32 ON  9- 9      TO 1/4 MILE OR LESS
LOWEST:     20 ON  6                               3 = THUNDER
                        SNOW, ICE PELLETS, HAIL    4 = ICE PELLETS
                        TOTAL MONTH:   0.0 INCH    5 = HAIL
                        GRTST 24HR     0.0         6 = FREEZING RAIN OR DRIZZLE
                        GRTST DEPTH:  M  ON   M    7 = DUSTSTORM OR SANDSTORM:
                                                       VSBY 1/2 MILE OR LESS
                                                   8 = SMOKE OR HAZE
[NO. OF DAYS WITH]      [WEATHER - DAYS WITH]      9 = BLOWING SNOW
                                                   X = TORNADO
MAX 32 OR BELOW:   0    0.01 INCH OR MORE:   9
MAX 90 OR ABOVE:   0    0.10 INCH OR MORE:   7
MIN 32 OR BELOW:   7    0.50 INCH OR MORE:   2
MIN  0 OR BELOW:   0    1.00 INCH OR MORE:   2

[HDD (BASE 65) ]
TOTAL THIS MO.   407    CLEAR  (SCALE 0-3)  10
DPTR FM NORMAL    41    PTCLDY (SCALE 4-7)   8
TOTAL FM JUL 1  3020    CLOUDY (SCALE 8-10)  5
DPTR FM NORMAL  -308

[CDD (BASE 65) ]
TOTAL THIS MO.     0
DPTR FM NORMAL     0    [PRESSURE DATA]
TOTAL FM JAN 1     3    HIGHEST SLP M ON M
DPTR FM NORMAL     3    LOWEST  SLP 29.74 ON  3

[REMARKS]
