000
CXAK56 PAFG 251433
CF6OTZ
PRELIMINARY LOCAL CLIMATOLOGICAL DATA (WS FORM: F-6)

                                          STATION:   KOTZEBUE AK
                                          MONTH:     APRIL
                                          YEAR:      2018
                                          LATITUDE:   66 52 N
                                          LONGITUDE: 162 38 W

  TEMPERATURE IN F:       :PCPN:    SNOW:  WIND      :SUNSHINE: SKY     :PK WND
================================================================================
1   2   3   4   5  6A  6B    7    8   9   10  11  12  13   14  15   16   17  18
                                     12Z  AVG MX 2MIN
DY MAX MIN AVG DEP HDD CDD  WTR  SNW DPTH SPD SPD DIR MIN PSBL S-S WX    SPD DR
================================================================================

 1  24   6  15  11  50   0 0.00  0.0   57  8.0 18 350   M    M   0        21 300
 2  20   4  12   7  53   0 0.00  0.0   56  2.8 16  20   M    M   3 12     19  10
 3  22   6  14   9  51   0 0.00  0.0   56 13.8 24  40   M    M   0        30  50
 4  16   0   8   2  57   0    T    T   55  9.9 22  70   M    M   0        25  60
 5  21  -1  10   4  55   0    T    T   55 15.0 25  80   M    M   4 8      29  80
 6  24  11  18  11  47   0 0.02  0.2   54 13.4 26 100   M    M   5 18     32  90
 7  23   2  13   6  52   0 0.01    M   54  4.1  9 310   M    M   5 18     12 320
 8  22   2  12   4  53   0 0.00  0.0   54  6.2 10  50   M    M   2        13  20
 9  33  15  24  15  41   0 0.00  0.0   54 17.3 24 100   M    M   0        29 100
10  33  14  24  15  41   0 0.00  0.0   53  9.9 23 100   M    M   0        27 100
11  27   4  16   6  49   0 0.00  0.0   53  4.4  9  60   M    M   0        10  50
12  25   7  16   5  49   0 0.00  0.0   53  9.6 23  60   M    M   0        30  60
13  26  10  18   7  47   0 0.00  0.0   52  5.3 20  60   M    M   0        23  60
14  24   6  15   3  50   0 0.00  0.0   53 12.1 24  90   M    M   0        28 100
15  27  19  23  10  42   0    T    T   51 28.4 38 110   M    M   3 89     45 110
16  30  19  25  12  40   0 0.00  0.0   51 21.7 30 100   M    M   5 8      36 100
17  35  24  30  16  35   0 0.00  0.0   51 18.4 29 100   M    M   4        33 100
18  36  22  29  14  36   0 0.00  0.0   50 16.1 24  90   M    M   0        28  90
19  34  15  25   9  40   0    M    M    M  7.2 21  20   M    M   0        26  10
20  25  11  18   2  47   0 0.00  0.0   49 14.5 29  60   M    M   0        32  60
21  27   7  17   0  48   0 0.00  0.0   49  9.9 16  50   M    M   0        21  50
22  29   8  19   1  46   0 0.00  0.0   48  7.2 10  20   M    M   0        13  50
23  34  10  22   3  43   0 0.00  0.0   48 13.3 24 100   M    M   2        30 100
24  38  31  35  16  30   0 0.07    M   47 24.1 40 100   M    M   8 1      49 100
================================================================================
SM  655  252      1102   0  0.10     0.2 292.6          M       41
================================================================================
AV 27.3 10.5                              12.2 FASTST   M    M   2    MAX(MPH)
                                 MISC ---->  # 40 100               # 49  100
================================================================================
NOTES:
# LAST OF SEVERAL OCCURRENCES

COLUMN 17 PEAK WIND IN M.P.H.

PRELIMINARY LOCAL CLIMATOLOGICAL DATA (WS FORM: F-6) , PAGE 2

                                          STATION:  KOTZEBUE AK
                                          MONTH:    APRIL
                                          YEAR:     2018
                                          LATITUDE:   66 52 N
                                          LONGITUDE: 162 38 W

[TEMPERATURE DATA]      [PRECIPITATION DATA]       SYMBOLS USED IN COLUMN 16

AVERAGE MONTHLY: 18.9   TOTAL FOR MONTH:   0.10    1 = FOG OR MIST
DPTR FM NORMAL:   7.6   DPTR FM NORMAL:   -0.32    2 = FOG REDUCING VISIBILITY
HIGHEST:    38 ON 24    GRTST 24HR  0.14 ON 31- 1      TO 1/4 MILE OR LESS
LOWEST:     -1 ON  5                               3 = THUNDER
                        SNOW, ICE PELLETS, HAIL    4 = ICE PELLETS
                        TOTAL MONTH:   0.2 INCH    5 = HAIL
                        GRTST 24HR   0.2 ON  6- 6  6 = FREEZING RAIN OR DRIZZLE
                        GRTST DEPTH:  57 ON  1     7 = DUSTSTORM OR SANDSTORM:
                                                       VSBY 1/2 MILE OR LESS
                                                   8 = SMOKE OR HAZE
[NO. OF DAYS WITH]      [WEATHER - DAYS WITH]      9 = BLOWING SNOW
                                                   X = TORNADO
MAX 32 OR BELOW:  17    0.01 INCH OR MORE:   3
MAX 90 OR ABOVE:   0    0.10 INCH OR MORE:   0
MIN 32 OR BELOW:  24    0.50 INCH OR MORE:   0
MIN  0 OR BELOW:   2    1.00 INCH OR MORE:   0

[HDD (BASE 65) ]
TOTAL THIS MO.  1102    CLEAR  (SCALE 0-3)  18
DPTR FM NORMAL  -189    PTCLDY (SCALE 4-7)   6
TOTAL FM JUL 1 11399    CLOUDY (SCALE 8-10)  0
DPTR FM NORMAL -2119

[CDD (BASE 65) ]
TOTAL THIS MO.     0
DPTR FM NORMAL     0    [PRESSURE DATA]
TOTAL FM JAN 1     0    HIGHEST SLP M ON M
DPTR FM NORMAL     0    LOWEST  SLP 29.63 ON 11

[REMARKS]
