000
CXUS53 KDDC 261200
CF6P28
PRELIMINARY LOCAL CLIMATOLOGICAL DATA (WS FORM: F-6)

                                          STATION:   MEDICINE LODGE KS
                                          MONTH:     MAY
                                          YEAR:      2019
                                          LATITUDE:   37 17 N
                                          LONGITUDE:  98 35 W

  TEMPERATURE IN F:       :PCPN:    SNOW:  WIND      :SUNSHINE: SKY     :PK WND
================================================================================
1   2   3   4   5  6A  6B    7    8   9   10  11  12  13   14  15   16   17  18
                                     12Z  AVG MX 2MIN
DY MAX MIN AVG DEP HDD CDD  WTR  SNW DPTH SPD SPD DIR MIN PSBL S-S WX    SPD DR
================================================================================

 1  62  48  55  -7  10   0 0.03  0.0    0  9.9 26  10   M    M   0        37 360
 2  63  47  55  -7  10   0 0.41  0.0    0 11.2 30 290   M    M   0        56 280
 3  62  49  56  -6   9   0 0.30  0.0    0  3.7 18  10   M    M   0        24  20
 4  69  46  58  -5   7   0 0.00  0.0    0  4.9 14 170   M    M   0        19 160
 5  79  52  66   3   0   1 0.00  0.0    0  9.1 23 170   M    M   0        32 160
 6  84  54  69   6   0   4 0.00  0.0    0  8.8 22 310   M    M   0        33 300
 7  69  57  63  -1   2   0 2.33  0.0    0 10.8 28 340   M    M   0        41 110
 8  65  51  58  -6   7   0 0.52  0.0    0  8.3 30 190   M    M   0        44 180
 9  51  39  45 -20  20   0 0.00  0.0    0 12.8 26 350   M    M   0        38 350
10  60  37  49 -16  16   0 0.05  0.0    0  3.5 12  30   M    M   0        17  70
11  63  48  56  -9   9   0 0.00  0.0    0  3.9  9 170   M    M   0        13 160
12  76  47  62  -4   3   0 0.00  0.0    0  6.6 18 330   M    M   0        26 340
13  78  44  61  -5   4   0 0.00  0.0    0  6.7 15 130   M    M   0        24 120
14  90  55  73   7   0   8 0.00  0.0    0  6.7 15 190   M    M   0        23 170
15  91  56  74   7   0   9 0.00  0.0    0  7.2 20 180   M    M   0        28 160
16  90  63  77  10   0  12 0.00  0.0    0 12.7 25 180   M    M   0        39 190
17  84  65  75   8   0  10 0.00  0.0    0 15.3 30 180   M    M   0        42 180
18  73  53  63  -5   2   0 1.70  0.0    0  9.1 41 280   M    M   0        59 320
19  72  51  62  -6   3   0 0.00  0.0    0  9.1 23 330   M    M   0        30 330
20  58  47  53 -15  12   0 1.89    M    M 15.3 36  60   M    M   0        50  60
21  71  51  61  -8   4   0 1.21  0.0    0 15.3 39 220   M    M   0        61 210
22  74  43  59 -10   6   0 0.00  0.0    0  4.9 13 360   M    M   0        18  50
23  75  59  67  -3   0   2 0.03  0.0    0 10.1 18  80   M    M   0        27 150
24  73  62  68  -2   0   3 0.99  0.0    0  6.6 28 230   M    M   0        39 230
25  77  60  69  -1   0   4 1.70  0.0    0  6.9 29 310   M    M   0        42 310
================================================================================
SM 1809 1284       124  53 11.16     0.0 219.4          M        0
================================================================================
AV 72.4 51.4                               8.8 FASTST   M    M   0    MAX(MPH)
                                 MISC ---->  # 41 280               # 61  210
================================================================================
NOTES:
# LAST OF SEVERAL OCCURRENCES

COLUMN 17 PEAK WIND IN M.P.H.

PRELIMINARY LOCAL CLIMATOLOGICAL DATA (WS FORM: F-6) , PAGE 2

                                          STATION:  MEDICINE LODGE KS
                                          MONTH:    MAY
                                          YEAR:     2019
                                          LATITUDE:   37 17 N
                                          LONGITUDE:  98 35 W

[TEMPERATURE DATA]      [PRECIPITATION DATA]       SYMBOLS USED IN COLUMN 16

AVERAGE MONTHLY: 61.9   TOTAL FOR MONTH:  11.16    1 = FOG OR MIST
DPTR FM NORMAL:  -4.1   DPTR FM NORMAL:    8.60    2 = FOG REDUCING VISIBILITY
HIGHEST:    91 ON 15    GRTST 24HR  2.33 ON  7- 7      TO 1/4 MILE OR LESS
LOWEST:     37 ON 10                               3 = THUNDER
                        SNOW, ICE PELLETS, HAIL    4 = ICE PELLETS
                        TOTAL MONTH:   0.0 INCH    5 = HAIL
                        GRTST 24HR     0.0         6 = FREEZING RAIN OR DRIZZLE
                        GRTST DEPTH:   0           7 = DUSTSTORM OR SANDSTORM:
                                                       VSBY 1/2 MILE OR LESS
                                                   8 = SMOKE OR HAZE
[NO. OF DAYS WITH]      [WEATHER - DAYS WITH]      9 = BLOWING SNOW
                                                   X = TORNADO
MAX 32 OR BELOW:   0    0.01 INCH OR MORE:  12
MAX 90 OR ABOVE:   3    0.10 INCH OR MORE:   9
MIN 32 OR BELOW:   0    0.50 INCH OR MORE:   7
MIN  0 OR BELOW:   0    1.00 INCH OR MORE:   5

[HDD (BASE 65) ]
TOTAL THIS MO.   124    CLEAR  (SCALE 0-3)  25
DPTR FM NORMAL    57    PTCLDY (SCALE 4-7)   0
TOTAL FM JUL 1  4753    CLOUDY (SCALE 8-10)  0
DPTR FM NORMAL   301

[CDD (BASE 65) ]
TOTAL THIS MO.    53
DPTR FM NORMAL   -38    [PRESSURE DATA]
TOTAL FM JAN 1    64    HIGHEST SLP M ON M
DPTR FM NORMAL   -51    LOWEST  SLP 29.23 ON 21

[REMARKS]
