000
CXUS53 KDDC 181200
CF6P28
PRELIMINARY LOCAL CLIMATOLOGICAL DATA (WS FORM: F-6)

                                          STATION:   MEDICINE LODGE KS
                                          MONTH:     MARCH
                                          YEAR:      2019
                                          LATITUDE:   37 17 N
                                          LONGITUDE:  98 35 W

  TEMPERATURE IN F:       :PCPN:    SNOW:  WIND      :SUNSHINE: SKY     :PK WND
================================================================================
1   2   3   4   5  6A  6B    7    8   9   10  11  12  13   14  15   16   17  18
                                     12Z  AVG MX 2MIN
DY MAX MIN AVG DEP HDD CDD  WTR  SNW DPTH SPD SPD DIR MIN PSBL S-S WX    SPD DR
================================================================================

 1  45  23  34  -8  31   0 0.00  0.0    0  7.4 20 360   M    M   0        26  10
 2  34  22  28 -14  37   0 0.00  0.0    0 12.7 22  30   M    M   0        33  30
 3  22   7  15 -28  50   0 0.16  2.5    2 18.0 29  10   M    M   0        41  20
 4  23   5  14 -29  51   0 0.00  0.0    3  6.9 14 310   M    M   0        20 360
 5  33   4  19 -24  46   0 0.00  0.0    1  6.4 16 360   M    M   0        23 360
 6  51  15  33 -11  32   0 0.00  0.0    T 11.2 25 190   M    M   0        36 200
 7  50  33  42  -2  23   0 0.00  0.0    0  8.1 18 120   M    M   0        29 110
 8  47  31  39  -5  26   0 0.01  0.0    0  7.3 18 140   M    M   0        29 130
 9  59  33  46   1  19   0 0.00  0.0    0 17.5 39 310   M    M   0        63 310
10  53  28  41  -4  24   0 0.00  0.0    0  5.8 15  10   M    M   0        20  90
11  54  37  46   1  19   0 0.10  0.0    0  4.0 10 130   M    M   0        16 130
12  55  47  51   5  14   0 0.53  0.0    0  9.7 17 130   M    M   0        30 130
13  66  42  54   8  11   0 0.75  0.0    0 23.2 43 180   M    M   0        60 180
14  47  36  42  -4  23   0 0.00  0.0    0 21.7 36 330   M    M   0        53 300
15  53  28  41  -5  24   0 0.00  0.0    0  9.3 20 350   M    M   0        28 330
16  67  26  47   0  18   0 0.00  0.0    0  5.0 16 210   M    M   0        22 240
17  61  31  46  -1  19   0 0.00  0.0    0  5.6 12 100   M    M   0        17 100
================================================================================
SM  820  448       467   0  1.55     2.5 179.8          M        0
================================================================================
AV 48.2 26.4                              10.6 FASTST   M    M   0    MAX(MPH)
                                 MISC ---->  # 43 180               # 63  310
================================================================================
NOTES:
# LAST OF SEVERAL OCCURRENCES

COLUMN 17 PEAK WIND IN M.P.H.

PRELIMINARY LOCAL CLIMATOLOGICAL DATA (WS FORM: F-6) , PAGE 2

                                          STATION:  MEDICINE LODGE KS
                                          MONTH:    MARCH
                                          YEAR:     2019
                                          LATITUDE:   37 17 N
                                          LONGITUDE:  98 35 W

[TEMPERATURE DATA]      [PRECIPITATION DATA]       SYMBOLS USED IN COLUMN 16

AVERAGE MONTHLY: 37.3   TOTAL FOR MONTH:   1.55    1 = FOG OR MIST
DPTR FM NORMAL:  -7.3   DPTR FM NORMAL:    0.31    2 = FOG REDUCING VISIBILITY
HIGHEST:    67 ON 16    GRTST 24HR  0.75 ON 13-13      TO 1/4 MILE OR LESS
LOWEST:      4 ON  5                               3 = THUNDER
                        SNOW, ICE PELLETS, HAIL    4 = ICE PELLETS
                        TOTAL MONTH:   2.5 INCHES  5 = HAIL
                        GRTST 24HR   2.5 ON  3- 3  6 = FREEZING RAIN OR DRIZZLE
                        GRTST DEPTH:   3 ON  4     7 = DUSTSTORM OR SANDSTORM:
                                                       VSBY 1/2 MILE OR LESS
                                                   8 = SMOKE OR HAZE
[NO. OF DAYS WITH]      [WEATHER - DAYS WITH]      9 = BLOWING SNOW
                                                   X = TORNADO
MAX 32 OR BELOW:   2    0.01 INCH OR MORE:   5
MAX 90 OR ABOVE:   0    0.10 INCH OR MORE:   4
MIN 32 OR BELOW:  11    0.50 INCH OR MORE:   2
MIN  0 OR BELOW:   0    1.00 INCH OR MORE:   0

[HDD (BASE 65) ]
TOTAL THIS MO.   467    CLEAR  (SCALE 0-3)  17
DPTR FM NORMAL   120    PTCLDY (SCALE 4-7)   0
TOTAL FM JUL 1  4196    CLOUDY (SCALE 8-10)  0
DPTR FM NORMAL   320

[CDD (BASE 65) ]
TOTAL THIS MO.     0
DPTR FM NORMAL     0    [PRESSURE DATA]
TOTAL FM JAN 1     0    HIGHEST SLP M ON M
DPTR FM NORMAL     0    LOWEST  SLP 28.78 ON 13

[REMARKS]
