000
CXUS56 KLKN 221009
CF6P68
PRELIMINARY LOCAL CLIMATOLOGICAL DATA (WS FORM: F-6)

                                          STATION:   EUREKA AIRPORT NV
                                          MONTH:     APRIL
                                          YEAR:      2018
                                          LATITUDE:   39 30 N
                                          LONGITUDE: 115 58 W

  TEMPERATURE IN F:       :PCPN:    SNOW:  WIND      :SUNSHINE: SKY     :PK WND
================================================================================
1   2   3   4   5  6A  6B    7    8   9   10  11  12  13   14  15   16   17  18
                                     12Z  AVG MX 2MIN
DY MAX MIN AVG DEP HDD CDD  WTR  SNW DPTH SPD SPD DIR MIN PSBL S-S WX    SPD DR
================================================================================

 1  69  30  50  10  15   0 0.00    M    M  7.9 23 270   M    M   M        28 270
 2  60  23  42   2  23   0 0.00    M    M 12.7 33 270   M    M   M        44 270
 3  58  12  35  -5  30   0 0.00    M    M  4.1 13 170   M    M   M        15 170
 4  62  30  46   5  19   0 0.00    M    M  7.1 18 270   M    M   M        27 230
 5  66  39  53  12  12   0 0.00    M    M  7.0 22 230   M    M   M        26 240
 6  53  43  48   7  17   0 0.31    M    M  4.6 16 330   M    M   M        20 330
 7  65  35  50   9  15   0 0.08    M    M 10.3 31 290   M    M   M        42 290
 8  58  28  43   2  22   0 0.00    M    M  8.4 21 290   M    M   M        26 290
 9  64  26  45   3  20   0 0.00    M    M  4.7  9 170   M    M   M        15 330
10  72  35  54  12  11   0 0.00    M    M  8.8 28 240   M    M   M        34 240
11  72  31  52  10  13   0 0.00    M    M  7.9 24 240   M    M   M        33 240
12  49  27  38  -4  27   0 0.00    M    M 16.7 32 290   M    M   M        40 330
13  50  21  36  -7  29   0 0.01    M    M  8.1 20  10   M    M   M        28  30
14  65  25  45   2  20   0 0.00    M    M  6.2 15 270   M    M   M        20 240
15  70  35  53  10  12   0 0.00    M    M 15.3 32 180   M    M   M        42 170
16  51  25  38  -5  27   0 0.40    M    M 11.0 24 200   M    M   M        33 200
17  47  18  33 -11  32   0 0.00    M    M  3.8 12 350   M    M   M        15 350
18  54  25  40  -4  25   0 0.00    M    M 10.1 22 160   M    M   M        28 160
19  44  30  37  -7  28   0 0.00    M    M  8.0 24  20   M    M   M        29  10
20  60  25  43  -1  22   0 0.00    M    M  9.3 24 350   M    M   M        35 350
21  70  28  49   4  16   0 0.00    M    M  5.7 14  30   M    M   M        21 350
================================================================================
SM 1259  591       435   0  0.80    M    177.7          M        M
================================================================================
AV 60.0 28.1                               8.5 FASTST   M    M   2    MAX(MPH)
                                 MISC ---->  # 33 270               # 44  270
================================================================================
NOTES:
# LAST OF SEVERAL OCCURRENCES

COLUMN 17 PEAK WIND IN M.P.H.

PRELIMINARY LOCAL CLIMATOLOGICAL DATA (WS FORM: F-6) , PAGE 2

                                          STATION:  EUREKA AIRPORT NV
                                          MONTH:    APRIL
                                          YEAR:     2018
                                          LATITUDE:   39 30 N
                                          LONGITUDE: 115 58 W

[TEMPERATURE DATA]      [PRECIPITATION DATA]       SYMBOLS USED IN COLUMN 16

AVERAGE MONTHLY: 44.1   TOTAL FOR MONTH:   0.80    1 = FOG OR MIST
DPTR FM NORMAL:   1.9   DPTR FM NORMAL:    0.13    2 = FOG REDUCING VISIBILITY
HIGHEST:    72 ON 11,10 GRTST 24HR  0.40 ON 16-16      TO 1/4 MILE OR LESS
LOWEST:     12 ON  3                               3 = THUNDER
                        SNOW, ICE PELLETS, HAIL    4 = ICE PELLETS
                        TOTAL MONTH:    M          5 = HAIL
                        GRTST 24HR    M  ON   M    6 = FREEZING RAIN OR DRIZZLE
                        GRTST DEPTH:  M  ON   M    7 = DUSTSTORM OR SANDSTORM:
                                                       VSBY 1/2 MILE OR LESS
                                                   8 = SMOKE OR HAZE
[NO. OF DAYS WITH]      [WEATHER - DAYS WITH]      9 = BLOWING SNOW
                                                   X = TORNADO
MAX 32 OR BELOW:   0    0.01 INCH OR MORE:   4
MAX 90 OR ABOVE:   0    0.10 INCH OR MORE:   2
MIN 32 OR BELOW:  16    0.50 INCH OR MORE:   0
MIN  0 OR BELOW:   0    1.00 INCH OR MORE:   0

[HDD (BASE 65) ]
TOTAL THIS MO.   435    CLEAR  (SCALE 0-3)   0
DPTR FM NORMAL   -44    PTCLDY (SCALE 4-7)   0
TOTAL FM JUL 1  6106    CLOUDY (SCALE 8-10)  0
DPTR FM NORMAL  -529

[CDD (BASE 65) ]
TOTAL THIS MO.     0
DPTR FM NORMAL     0    [PRESSURE DATA]
TOTAL FM JAN 1     0    HIGHEST SLP M ON M
DPTR FM NORMAL     0    LOWEST  SLP 29.49 ON 11

[REMARKS]
