000
CXUS53 KPAH 240642
CF6PAH
PRELIMINARY LOCAL CLIMATOLOGICAL DATA (WS FORM: F-6)

                                          STATION:   PADUCAH KY
                                          MONTH:     MARCH
                                          YEAR:      2019
                                          LATITUDE:   37  4 N
                                          LONGITUDE:  88 46 W

  TEMPERATURE IN F:       :PCPN:    SNOW:  WIND      :SUNSHINE: SKY     :PK WND
================================================================================
1   2   3   4   5  6A  6B    7    8   9   10  11  12  13   14  15   16   17  18
                                     12Z  AVG MX 2MIN
DY MAX MIN AVG DEP HDD CDD  WTR  SNW DPTH SPD SPD DIR MIN PSBL S-S WX    SPD DR
================================================================================

 1  39  32  36  -8  29   0    T  0.0    0  5.1 10 360   M    M  10 18     13 360
 2  44  36  40  -4  25   0    T  0.0    0  5.3 14  60   M    M  10 18     19  50
 3  36  19  28 -16  37   0 0.05  0.3    0 13.9 24  10   M    M  10 18     35 360
 4  27  12  20 -25  45   0 0.00  0.0    0  7.6 20 360   M    M   0        26 360
 5  37  15  26 -19  39   0 0.00  0.0    0  8.8 18 250   M    M   0        30 250
 6  37  17  27 -18  38   0 0.00  0.0    0  4.2 13 250   M    M   1        18 290
 7  43  24  34 -12  31   0 0.00  0.0    0  6.3 16 100   M    M   8 8      20 110
 8  47  37  42  -4  23   0 0.05  0.0    0  6.8 13 120   M    M  10 18     17 120
 9  67  43  55   9  10   0 1.31  0.0    0 13.5 29 230   M    M   7 13     44 200
10  57  37  47   1  18   0 0.00  0.0    0  7.9 18 270   M    M   3        30 260
11  58  39  49   2  16   0 0.00  0.0    0  5.7 14  30   M    M   7        18  30
12  57  35  46  -1  19   0    T  0.0    0  4.9 12 130   M    M   3        16 110
13  76  52  64  17   1   0 0.86  0.0    0 13.6 29 170   M    M   3 13     46 170
14  70  46  58  10   7   0 2.60  0.0    0 15.8 32 220   M    M   5 138    46 220
15  55  37  46  -2  19   0 0.00  0.0    0 10.7 20 280   M    M   6        27 290
16  55  30  43  -5  22   0 0.00  0.0    0  5.5 15  10   M    M   0        24 350
17  60  32  46  -3  19   0 0.00  0.0    0  7.1 21 330   M    M   0        29 330
18  57  31  44  -5  21   0 0.00  0.0    0  3.1 14 360   M    M   2        20 350
19  59  29  44  -5  21   0 0.00  0.0    0  2.4 12 160   M    M   0        17 140
20  58  38  48  -2  17   0 0.11  0.0    0  8.2 21 240   M    M   6 1      28 210
21  54  33  44  -6  21   0 0.00  0.0    0  7.9 18 360   M    M   5 1      26 300
22  68  33  51   1  14   0 0.00  0.0    0  8.5 16 320   M    M   0        24 300
23  65  33  49  -1  16   0 0.00  0.0    0  4.3 15 100   M    M   0        19  80
================================================================================
SM 1226  740       508   0  4.98     0.3 177.1          M       96
================================================================================
AV 53.3 32.2                               7.7 FASTST   M    M   4    MAX(MPH)
                                 MISC ---->  # 32 220               # 46  170
================================================================================
NOTES:
# LAST OF SEVERAL OCCURRENCES

COLUMN 17 PEAK WIND IN M.P.H.

PRELIMINARY LOCAL CLIMATOLOGICAL DATA (WS FORM: F-6) , PAGE 2

                                          STATION:  PADUCAH KY
                                          MONTH:    MARCH
                                          YEAR:     2019
                                          LATITUDE:   37  4 N
                                          LONGITUDE:  88 46 W

[TEMPERATURE DATA]      [PRECIPITATION DATA]       SYMBOLS USED IN COLUMN 16

AVERAGE MONTHLY: 42.7   TOTAL FOR MONTH:   4.98    1 = FOG OR MIST
DPTR FM NORMAL:  -4.3   DPTR FM NORMAL:    2.17    2 = FOG REDUCING VISIBILITY
HIGHEST:    76 ON 13    GRTST 24HR  2.60 ON 14-14      TO 1/4 MILE OR LESS
LOWEST:     12 ON  4                               3 = THUNDER
                        SNOW, ICE PELLETS, HAIL    4 = ICE PELLETS
                        TOTAL MONTH:   0.3 INCH    5 = HAIL
                        GRTST 24HR   0.3 ON  3- 3  6 = FREEZING RAIN OR DRIZZLE
                        GRTST DEPTH:   0           7 = DUSTSTORM OR SANDSTORM:
                                                       VSBY 1/2 MILE OR LESS
                                                   8 = SMOKE OR HAZE
[NO. OF DAYS WITH]      [WEATHER - DAYS WITH]      9 = BLOWING SNOW
                                                   X = TORNADO
MAX 32 OR BELOW:   1    0.01 INCH OR MORE:   6
MAX 90 OR ABOVE:   0    0.10 INCH OR MORE:   4
MIN 32 OR BELOW:  10    0.50 INCH OR MORE:   3
MIN  0 OR BELOW:   0    1.00 INCH OR MORE:   2

[HDD (BASE 65) ]
TOTAL THIS MO.   508    CLEAR  (SCALE 0-3)  11
DPTR FM NORMAL    92    PTCLDY (SCALE 4-7)   7
TOTAL FM JUL 1  3620    CLOUDY (SCALE 8-10)  5
DPTR FM NORMAL   -92

[CDD (BASE 65) ]
TOTAL THIS MO.     0
DPTR FM NORMAL     0    [PRESSURE DATA]
TOTAL FM JAN 1     0    HIGHEST SLP M ON M
DPTR FM NORMAL     0    LOWEST  SLP 29.45 ON  9

[REMARKS]
