000
CXUS56 KPDT 181032
CF6PDT
PRELIMINARY LOCAL CLIMATOLOGICAL DATA (WS FORM: F-6)

                                          STATION:   PENDLETON OR
                                          MONTH:     MARCH
                                          YEAR:      2019
                                          LATITUDE:   45 40 N
                                          LONGITUDE: 118 51 W

  TEMPERATURE IN F:       :PCPN:    SNOW:  WIND      :SUNSHINE: SKY     :PK WND
================================================================================
1   2   3   4   5  6A  6B    7    8   9   10  11  12  13   14  15   16   17  18
                                     12Z  AVG MX 2MIN
DY MAX MIN AVG DEP HDD CDD  WTR  SNW DPTH SPD SPD DIR MIN PSBL S-S WX    SPD DR
================================================================================

 1  27  12  20 -21  45   0    T    T    9  1.9  7  50   M    M  10 18      9 120
 2  24  17  21 -21  44   0    T    T    7  2.6  9 330   M    M  10 18     10 340
 3  23  16  20 -22  45   0 0.00  0.0    7  4.3 12 300   M    M  10 1      13 290
 4  19   3  11 -31  54   0 0.00  0.0    7  4.3 10 280   M    M   7        13 270
 5  23   1  12 -30  53   0 0.13  1.0    7  3.4 10 130   M    M   5 1      10 130
 6  27  17  22 -21  43   0 0.17  1.7    9  3.9 12 250   M    M  10 1468   13 250
 7  41  22  32 -11  33   0 0.01  0.4    9  6.8 20 250   M    M   4 1      23 250
 8  38  19  29 -14  36   0    T    T    7  4.4 10  80   M    M   5        12 200
 9  29  20  25 -18  40   0 0.01    T    7  5.7 16  30   M    M  10 18     18  30
10  32  18  25 -19  40   0 0.00  0.0    5  4.9 15 150   M    M   9        18 150
11  34  11  23 -21  42   0 0.00  0.0    5  4.2 12 300   M    M   0 1      12 300
12  40  26  33 -11  32   0 0.07    T    5 16.8 33 250   M    M   8 16     38 250
13  43  30  37  -7  28   0 0.00  0.0    3 10.7 25 260   M    M   4        30 260
14  44  23  34 -11  31   0 0.00  0.0    T  7.9 13  40   M    M   4        14 170
15  43  29  36  -9  29   0 0.00  0.0    0  6.0 12  80   M    M   3 18     12  70
16  43  26  35 -10  30   0 0.00  0.0    0  5.1 12  60   M    M   0 18     13  60
17  47  29  38  -8  27   0 0.00  0.0    0  5.6 12  40   M    M   0 1      14  40
================================================================================
SM  577  319       652   0  0.39     3.1  98.5          M       99
================================================================================
AV 33.9 18.8                               5.8 FASTST   M    M   6    MAX(MPH)
                                 MISC ---->  # 33 250               # 38  250
================================================================================
NOTES:
# LAST OF SEVERAL OCCURRENCES

COLUMN 17 PEAK WIND IN M.P.H.

PRELIMINARY LOCAL CLIMATOLOGICAL DATA (WS FORM: F-6) , PAGE 2

                                          STATION:  PENDLETON OR
                                          MONTH:    MARCH
                                          YEAR:     2019
                                          LATITUDE:   45 40 N
                                          LONGITUDE: 118 51 W

[TEMPERATURE DATA]      [PRECIPITATION DATA]       SYMBOLS USED IN COLUMN 16

AVERAGE MONTHLY: 26.4   TOTAL FOR MONTH:   0.39    1 = FOG OR MIST
DPTR FM NORMAL: -17.1   DPTR FM NORMAL:   -0.37    2 = FOG REDUCING VISIBILITY
HIGHEST:    47 ON 17    GRTST 24HR  0.17 ON  6- 6      TO 1/4 MILE OR LESS
LOWEST:      1 ON  5                               3 = THUNDER
                        SNOW, ICE PELLETS, HAIL    4 = ICE PELLETS
                        TOTAL MONTH:   3.1 INCHES  5 = HAIL
                        GRTST 24HR   1.7 ON  6- 6  6 = FREEZING RAIN OR DRIZZLE
                        GRTST DEPTH:   9 ON  7, 6  7 = DUSTSTORM OR SANDSTORM:
                                                       VSBY 1/2 MILE OR LESS
                                                   8 = SMOKE OR HAZE
[NO. OF DAYS WITH]      [WEATHER - DAYS WITH]      9 = BLOWING SNOW
                                                   X = TORNADO
MAX 32 OR BELOW:   8    0.01 INCH OR MORE:   5
MAX 90 OR ABOVE:   0    0.10 INCH OR MORE:   2
MIN 32 OR BELOW:  17    0.50 INCH OR MORE:   0
MIN  0 OR BELOW:   0    1.00 INCH OR MORE:   0

[HDD (BASE 65) ]
TOTAL THIS MO.   652    CLEAR  (SCALE 0-3)   4
DPTR FM NORMAL   286    PTCLDY (SCALE 4-7)   6
TOTAL FM JUL 1  4705    CLOUDY (SCALE 8-10)  7
DPTR FM NORMAL   440

[CDD (BASE 65) ]
TOTAL THIS MO.     0
DPTR FM NORMAL     0    [PRESSURE DATA]
TOTAL FM JAN 1     0    HIGHEST SLP M ON M
DPTR FM NORMAL     0    LOWEST  SLP 29.65 ON  6

[REMARKS]
