000
CXUS56 KPQR 231200
CF6PDX
PRELIMINARY LOCAL CLIMATOLOGICAL DATA (WS FORM: F-6)

                                          STATION:   PORTLAND OR
                                          MONTH:     MARCH
                                          YEAR:      2019
                                          LATITUDE:   45 35 N
                                          LONGITUDE: 122 36 W

  TEMPERATURE IN F:       :PCPN:    SNOW:  WIND      :SUNSHINE: SKY     :PK WND
================================================================================
1   2   3   4   5  6A  6B    7    8   9   10  11  12  13   14  15   16   17  18
                                     12Z  AVG MX 2MIN
DY MAX MIN AVG DEP HDD CDD  WTR  SNW DPTH SPD SPD DIR MIN PSBL S-S WX    SPD DR
================================================================================

 1  49  31  40  -6  25   0 0.02    T    0  8.4 18 120   M    M   4        22 130
 2  47  26  37  -9  28   0 0.00  0.0    0 12.3 29 100   M    M   1        34  90
 3  42  29  36 -10  29   0 0.00  0.0    0 22.1 33  90   M    M   1        40 100
 4  43  29  36 -10  29   0 0.00  0.0    0 19.7 29 100   M    M   0        35  90
 5  44  24  34 -12  31   0 0.00  0.0    0  9.4 18 120   M    M   5        23 120
 6  37  30  34 -12  31   0 0.16  0.5    T  5.1 14 120   M    M  10 1      17 110
 7  47  35  41  -6  24   0 0.04  0.0    0  9.6 21 200   M    M   8 1      24 200
 8  43  31  37 -10  28   0 0.07  0.0    0  5.1 14 200   M    M   9 1      16 200
 9  50  32  41  -6  24   0 0.00  0.0    0  7.0 20 100   M    M   5 128    22 100
10  52  26  39  -8  26   0 0.00  0.0    0  7.6 21 100   M    M   2        27 100
11  57  29  43  -4  22   0 0.20  0.0    0  9.5 17 110   M    M   6        20 120
12  50  40  45  -3  20   0 0.37  0.0    0  7.1 26 290   M    M   7 1      33 290
13  56  37  47  -1  18   0    T  0.0    0  4.2 10 320   M    M   7        12 320
14  57  36  47  -1  18   0 0.00  0.0    0  5.3 14 110   M    M   6        16 110
15  63  38  51   3  14   0 0.00  0.0    0  5.8 15 120   M    M   6        18 110
16  62  37  50   2  15   0 0.00  0.0    0  4.6 14 120   M    M   8        17 120
17  69  35  52   4  13   0 0.00  0.0    0  6.3 25  80   M    M   2        30  90
18  68  47  58   9   7   0 0.00  0.0    0 14.9 33  80   M    M   0        40  80
19  70  44  57   8   8   0 0.00  0.0    0 11.6 24 100   M    M   3        30 110
20  72  46  59  10   6   0 0.00  0.0    0 11.8 21 100   M    M   5        25 100
21  59  47  53   4  12   0    T  0.0    0  3.6 12 100   M    M   9        13 100
22  56  40  48  -1  17   0 0.04  0.0    0  6.3 12 210   M    M   7        14 220
================================================================================
SM 1193  769       445   0  0.90     0.5 197.3          M      111
================================================================================
AV 54.2 35.0                               9.0 FASTST   M    M   5    MAX(MPH)
                                 MISC ---->  # 33  90               # 40  100
================================================================================
NOTES:
# LAST OF SEVERAL OCCURRENCES

COLUMN 17 PEAK WIND IN M.P.H.

PRELIMINARY LOCAL CLIMATOLOGICAL DATA (WS FORM: F-6) , PAGE 2

                                          STATION:  PORTLAND OR
                                          MONTH:    MARCH
                                          YEAR:     2019
                                          LATITUDE:   45 35 N
                                          LONGITUDE: 122 36 W

[TEMPERATURE DATA]      [PRECIPITATION DATA]       SYMBOLS USED IN COLUMN 16

AVERAGE MONTHLY: 44.6   TOTAL FOR MONTH:   0.90    1 = FOG OR MIST
DPTR FM NORMAL:  -2.9   DPTR FM NORMAL:   -1.81    2 = FOG REDUCING VISIBILITY
HIGHEST:    72 ON 20    GRTST 24HR  0.37 ON 12-12      TO 1/4 MILE OR LESS
LOWEST:     24 ON  5                               3 = THUNDER
                        SNOW, ICE PELLETS, HAIL    4 = ICE PELLETS
                        TOTAL MONTH:   0.5 INCH    5 = HAIL
                        GRTST 24HR   0.5 ON  6- 6  6 = FREEZING RAIN OR DRIZZLE
                        GRTST DEPTH:   T           7 = DUSTSTORM OR SANDSTORM:
                                                       VSBY 1/2 MILE OR LESS
                                                   8 = SMOKE OR HAZE
[NO. OF DAYS WITH]      [WEATHER - DAYS WITH]      9 = BLOWING SNOW
                                                   X = TORNADO
MAX 32 OR BELOW:   0    0.01 INCH OR MORE:   7
MAX 90 OR ABOVE:   0    0.10 INCH OR MORE:   3
MIN 32 OR BELOW:  10    0.50 INCH OR MORE:   0
MIN  0 OR BELOW:   0    1.00 INCH OR MORE:   0

[HDD (BASE 65) ]
TOTAL THIS MO.   445    CLEAR  (SCALE 0-3)   6
DPTR FM NORMAL    60    PTCLDY (SCALE 4-7)  13
TOTAL FM JUL 1  3340    CLOUDY (SCALE 8-10)  3
DPTR FM NORMAL  -103

[CDD (BASE 65) ]
TOTAL THIS MO.     0
DPTR FM NORMAL     0    [PRESSURE DATA]
TOTAL FM JAN 1     0    HIGHEST SLP M ON M
DPTR FM NORMAL     0    LOWEST  SLP 29.61 ON  6

[REMARKS]
