000
CXUS56 KPQR 261200
CF6PDX
PRELIMINARY LOCAL CLIMATOLOGICAL DATA (WS FORM: F-6)

                                          STATION:   PORTLAND OR
                                          MONTH:     MAY
                                          YEAR:      2019
                                          LATITUDE:   45 35 N
                                          LONGITUDE: 122 36 W

  TEMPERATURE IN F:       :PCPN:    SNOW:  WIND      :SUNSHINE: SKY     :PK WND
================================================================================
1   2   3   4   5  6A  6B    7    8   9   10  11  12  13   14  15   16   17  18
                                     12Z  AVG MX 2MIN
DY MAX MIN AVG DEP HDD CDD  WTR  SNW DPTH SPD SPD DIR MIN PSBL S-S WX    SPD DR
================================================================================

 1  70  41  56   1   9   0 0.00  0.0    0  5.7 17 350   M    M   2        23 340
 2  66  46  56   1   9   0 0.00  0.0    0  5.3 13 350   M    M   5        18 350
 3  69  45  57   1   8   0 0.00  0.0    0  7.0 14 320   M    M   4        19 320
 4  74  48  61   5   4   0 0.00  0.0    0  4.0 12 350   M    M   5        15 350
 5  76  51  64   8   1   0 0.00  0.0    0  6.6 16 320   M    M   3        19 310
 6  83  51  67  11   0   2 0.00  0.0    0  6.4 15 320   M    M   2        22 320
 7  80  52  66  10   0   1 0.00  0.0    0  6.0 16 310   M    M   3        22 320
 8  79  49  64   7   1   0 0.00  0.0    0  4.9 13 290   M    M   3        16 280
 9  84  53  69  12   0   4 0.00  0.0    0  7.3 28 110   M    M   3        35 100
10  89  52  71  14   0   6 0.00  0.0    0  3.7  8 110   M    M   0        10 300
11  87  53  70  13   0   5 0.00  0.0    0  5.0 14 350   M    M   2        19 360
12  75  51  63   5   2   0 0.00  0.0    0  4.0 12 360   M    M   5        16 360
13  73  50  62   4   3   0 0.00  0.0    0  4.6 13 200   M    M   7        16 190
14  62  53  58   0   7   0 0.11  0.0    0  6.3 15 200   M    M   8        20 200
15  66  52  59   1   6   0 0.19  0.0    0  5.3 20 110   M    M   9 18     24 110
16  61  55  58   0   7   0 0.03  0.0    0  5.5 14 200   M    M  10        17 210
17  65  52  59   0   6   0    T  0.0    0  9.5 17 210   M    M   9        23 210
18  75  52  64   5   1   0 0.19  0.0    0  7.7 23 160   M    M  10 1      30  90
19  65  51  58  -1   7   0 0.41  0.0    0  6.0 16 250   M    M   9 1      19 250
20  63  53  58  -1   7   0 0.05  0.0    0  7.2 17 250   M    M   9        22 240
21  66  50  58  -1   7   0    T  0.0    0  6.1 13 320   M    M   9        18 340
22  74  51  63   3   2   0 0.11  0.0    0  4.6 18 110   M    M   6 1      20 110
23  81  55  68   8   0   3 0.00  0.0    0  5.5 13 300   M    M   6        18 350
24  62  53  58  -2   7   0 0.05  0.0    0  7.3 20 320   M    M   8        24 320
25  57  50  54  -6  11   0 0.37  0.0    M  6.6 12 320   M    M  10 1      15 210
================================================================================
SM 1802 1269       105  21  1.51     0.0 148.1          M      147
================================================================================
AV 72.1 50.8                               5.9 FASTST   M    M   6    MAX(MPH)
                                 MISC ---->  # 28 110               # 35  100
================================================================================
NOTES:
# LAST OF SEVERAL OCCURRENCES

COLUMN 17 PEAK WIND IN M.P.H.

PRELIMINARY LOCAL CLIMATOLOGICAL DATA (WS FORM: F-6) , PAGE 2

                                          STATION:  PORTLAND OR
                                          MONTH:    MAY
                                          YEAR:     2019
                                          LATITUDE:   45 35 N
                                          LONGITUDE: 122 36 W

[TEMPERATURE DATA]      [PRECIPITATION DATA]       SYMBOLS USED IN COLUMN 16

AVERAGE MONTHLY: 61.4   TOTAL FOR MONTH:   1.51    1 = FOG OR MIST
DPTR FM NORMAL:   3.7   DPTR FM NORMAL:   -0.45    2 = FOG REDUCING VISIBILITY
HIGHEST:    89 ON 10    GRTST 24HR  0.41 ON 19-19      TO 1/4 MILE OR LESS
LOWEST:     41 ON  1                               3 = THUNDER
                        SNOW, ICE PELLETS, HAIL    4 = ICE PELLETS
                        TOTAL MONTH:   0.0 INCH    5 = HAIL
                        GRTST 24HR     0.0         6 = FREEZING RAIN OR DRIZZLE
                        GRTST DEPTH:   0           7 = DUSTSTORM OR SANDSTORM:
                                                       VSBY 1/2 MILE OR LESS
                                                   8 = SMOKE OR HAZE
[NO. OF DAYS WITH]      [WEATHER - DAYS WITH]      9 = BLOWING SNOW
                                                   X = TORNADO
MAX 32 OR BELOW:   0    0.01 INCH OR MORE:   9
MAX 90 OR ABOVE:   0    0.10 INCH OR MORE:   6
MIN 32 OR BELOW:   0    0.50 INCH OR MORE:   0
MIN  0 OR BELOW:   0    1.00 INCH OR MORE:   0

[HDD (BASE 65) ]
TOTAL THIS MO.   105    CLEAR  (SCALE 0-3)   7
DPTR FM NORMAL   -88    PTCLDY (SCALE 4-7)   9
TOTAL FM JUL 1  3874    CLOUDY (SCALE 8-10)  9
DPTR FM NORMAL  -282

[CDD (BASE 65) ]
TOTAL THIS MO.    21
DPTR FM NORMAL    15    [PRESSURE DATA]
TOTAL FM JAN 1    21    HIGHEST SLP M ON M
DPTR FM NORMAL    14    LOWEST  SLP 29.49 ON 16

[REMARKS]
