979
CXUS54 KEWX 260910
CF6PEZ
PRELIMINARY LOCAL CLIMATOLOGICAL DATA (WS FORM: F-6)

                                          STATION:   PLEASANTON MUNICIPAL AIRPORT
                                          MONTH:     MAY
                                          YEAR:      2019
                                          LATITUDE:   28 57 N
                                          LONGITUDE:  98 31 W

  TEMPERATURE IN F:       :PCPN:    SNOW:  WIND      :SUNSHINE: SKY     :PK WND
================================================================================
1   2   3   4   5  6A  6B    7    8   9   10  11  12  13   14  15   16   17  18
                                     12Z  AVG MX 2MIN
DY MAX MIN AVG DEP HDD CDD  WTR  SNW DPTH SPD SPD DIR MIN PSBL S-S WX    SPD DR
================================================================================

 1  82  74  78   M   0  13 0.00    M    M  9.4 16 140   M    M   9        23 140
 2  85  68  77   M   0  12 0.00    M    M  9.6 17  50   M    M   8 3      23  80
 3  84  62  73   M   0   8 1.06    M    M  6.9 15  20   M    M   7 3      38  20
 4  83  59  71   M   0   6 0.02    M    M  3.7  8  30   M    M   3 1       M  M
 5  86  60  73   M   0   8 0.00    M    M  5.1 12 130   M    M   1        22 120
 6  76  65  71   M   0   6 0.26    M    M  3.6 13 120   M    M   7 3      23 150
 7  87  68  78   M   0  13 0.00    M    M  7.8 16 130   M    M   9 1      25 120
 8  83  71  77   M   0  12 0.02    M    M  8.0 16 170   M    M   8 1      22 130
 9  87  66  77   M   0  12 0.62    M    M  5.5 14  40   M    M   7 138    25  40
10  66  58  62   M   3   0 0.01    M    M  9.4 16  40   M    M  10 3      23  10
11  70  58  64   M   1   0 0.01    M    M  3.9  8  10   M    M   9 1       M  M
12  80  58  69   M   0   4 0.00    M    M  4.2  9  90   M    M   4         M  M
13  81  58  70   M   0   5 0.00    M    M  3.5  7 120   M    M   5         M  M
14  85  60  73   M   0   8 0.00    M    M  2.8 10 120   M    M   5 1       M  M
15  84  66  75   M   0  10 0.00    M    M  3.5  9 100   M    M   6 1       M  M
16  87  67  77   M   0  12 0.00    M    M  3.6  9 120   M    M   6 1      16 130
17  88  73  81   M   0  16 0.00    M    M  9.8 18 130   M    M   8        30 130
18  87  76  82   M   0  17 0.00    M    M  8.6 14 150   M    M   7        22 150
19  90  74  82   M   0  17 0.00    M    M  4.2  9 120   M    M   5 18      M  M
20  90  76  83   M   0  18 0.00    M    M 12.1 21 120   M    M   6 1      31 120
21  89  73  81   M   0  16 0.00    M    M  8.1 20 160   M    M   5        33 160
22  91  75  83   M   0  18 0.00    M    M 11.3 17 130   M    M   7 1      25 120
23  92  76  84   M   0  19 0.00    M    M 13.6 18 130   M    M   7        29 140
24  90  74  82   M   0  17 0.00    M    M 11.7 18 130   M    M   7        29 140
25  91  73  82   M   0  17 0.00    M    M 11.1 20 110   M    M   5        25 110
================================================================================
SM 2114 1688         4 284  2.00    M    181.0          M      161
================================================================================
AV 84.6 67.5                               7.2 FASTST   M    M   6    MAX(MPH)
                                 MISC ---->  # 21 120               # 38   20
================================================================================
NOTES:
# LAST OF SEVERAL OCCURRENCES

COLUMN 17 PEAK WIND IN M.P.H.

PRELIMINARY LOCAL CLIMATOLOGICAL DATA (WS FORM: F-6) , PAGE 2

                                          STATION:  PLEASANTON MUNICIPAL AIRPORT
                                          MONTH:    MAY
                                          YEAR:     2019
                                          LATITUDE:   28 57 N
                                          LONGITUDE:  98 31 W

[TEMPERATURE DATA]      [PRECIPITATION DATA]       SYMBOLS USED IN COLUMN 16

AVERAGE MONTHLY: 76.0   TOTAL FOR MONTH:   2.00    1 = FOG OR MIST
DPTR FM NORMAL:     M   DPTR FM NORMAL:       M    2 = FOG REDUCING VISIBILITY
HIGHEST:    92 ON 23    GRTST 24HR  1.06 ON  3- 3      TO 1/4 MILE OR LESS
LOWEST:     58 ON 13,12                            3 = THUNDER
                        SNOW, ICE PELLETS, HAIL    4 = ICE PELLETS
                        TOTAL MONTH:    M          5 = HAIL
                        GRTST 24HR    M  ON   M    6 = FREEZING RAIN OR DRIZZLE
                        GRTST DEPTH:  M  ON   M    7 = DUSTSTORM OR SANDSTORM:
                                                       VSBY 1/2 MILE OR LESS
                                                   8 = SMOKE OR HAZE
[NO. OF DAYS WITH]      [WEATHER - DAYS WITH]      9 = BLOWING SNOW
                                                   X = TORNADO
MAX 32 OR BELOW:   0    0.01 INCH OR MORE:   7
MAX 90 OR ABOVE:   6    0.10 INCH OR MORE:   3
MIN 32 OR BELOW:   0    0.50 INCH OR MORE:   2
MIN  0 OR BELOW:   0    1.00 INCH OR MORE:   1

[HDD (BASE 65) ]
TOTAL THIS MO.     4    CLEAR  (SCALE 0-3)   2
DPTR FM NORMAL     M    PTCLDY (SCALE 4-7)  18
TOTAL FM JUL 1  1480    CLOUDY (SCALE 8-10)  5
DPTR FM NORMAL     M

[CDD (BASE 65) ]
TOTAL THIS MO.   284
DPTR FM NORMAL     M    [PRESSURE DATA]
TOTAL FM JAN 1   546    HIGHEST SLP M ON M
DPTR FM NORMAL     M    LOWEST  SLP M ON M

[REMARKS]
