000
CXUS56 KFGZ 260900
CF6PGA
PRELIMINARY LOCAL CLIMATOLOGICAL DATA (WS FORM: F-6)

                                          STATION:   PAGE AZ AIRPORT
                                          MONTH:     MARCH
                                          YEAR:      2019
                                          LATITUDE:   36 55 N
                                          LONGITUDE: 111 27 W

  TEMPERATURE IN F:       :PCPN:    SNOW:  WIND      :SUNSHINE: SKY     :PK WND
================================================================================
1   2   3   4   5  6A  6B    7    8   9   10  11  12  13   14  15   16   17  18
                                     12Z  AVG MX 2MIN
DY MAX MIN AVG DEP HDD CDD  WTR  SNW DPTH SPD SPD DIR MIN PSBL S-S WX    SPD DR
================================================================================

 1  63  43  53   7  12   0 0.00    M    M  3.8 12 140   M    M   0        12 130
 2  62  47  55   9  10   0 0.19    M    M  5.9 24 300   M    M   9        34 260
 3  59  46  53   6  12   0 0.03    M    M  3.7 12 290   M    M   8        15 310
 4  61  45  53   6  12   0    T  0.0    0  6.1 17 320   M    M   5        23 310
 5  57  41  49   2  16   0 0.00    M    M  2.8  9  50   M    M   2 8      12  30
 6  68  45  57   9   8   0 0.02    M    M  6.5 26 220   M    M   3        41 230
 7  65  45  55   7  10   0 0.00    M    M  5.8 18 340   M    M   4        23 350
 8  57  43  50   2  15   0    T    M    0  9.6 23 290   M    M   4        36 230
 9  54  37  46  -3  19   0 0.00  0.0    0  4.4 13 360   M    M   4        17 360
10  56  39  48  -1  17   0 0.00  0.0    0  4.7 13 350   M    M   1        17 350
11  61  44  53   4  12   0 0.01    M    0  7.4 17  40   M    M   6        22  40
12  50  46  48  -1  17   0 0.11    M    M  2.8 12  40   M    M   9 1      14  40
13  49  38  44  -6  21   0 0.00    M    M 13.9 28 280   M    M   7        41 280
14  51  36  44  -6  21   0 0.00    M    M  5.7 13  40   M    M   5        20  40
15  54  32  43  -7  22   0 0.00    M    M  6.7 18  60   M    M   0        24  50
16  59  35  47  -3  18   0 0.00    M    M  3.8 13  20   M    M   0        17  40
17  63  37  50  -1  15   0 0.00    M    M  3.7 10  10   M    M   0 8      14  10
18  67  39  53   2  12   0 0.00  0.0    0  3.3 10  40   M    M   1 8      14  40
19  67  47  57   6   8   0 0.00  0.0    0  6.0 14  70   M    M   2        19  40
20  61  44  53   2  12   0 0.01  0.0    0  7.9 23  80   M    M   4        32 120
21  58  41  50  -2  15   0 0.03    M    0  8.1 20 220   M    M   5        32 200
22  54  40  47  -5  18   0    T    M    M  4.7 16 170   M    M   7        18 160
23  62  39  51  -1  14   0 0.00    M    M  4.8 10  20   M    M   3        14  30
24  68  45  57   5   8   0 0.00    M    M  4.9 16 280   M    M   2        26 310
25  68  42  55   2  10   0 0.00    M    M  5.1 14  30   M    M   0        17  50
================================================================================
SM 1494 1036       354   0  0.40     0.0 142.1          M       91
================================================================================
AV 59.8 41.4                               5.7 FASTST   M    M   4    MAX(MPH)
                                 MISC ---->  # 28 280               # 41  230
================================================================================
NOTES:
# LAST OF SEVERAL OCCURRENCES

COLUMN 17 PEAK WIND IN M.P.H.

PRELIMINARY LOCAL CLIMATOLOGICAL DATA (WS FORM: F-6) , PAGE 2

                                          STATION:  PAGE AZ AIRPORT
                                          MONTH:    MARCH
                                          YEAR:     2019
                                          LATITUDE:   36 55 N
                                          LONGITUDE: 111 27 W

[TEMPERATURE DATA]      [PRECIPITATION DATA]       SYMBOLS USED IN COLUMN 16

AVERAGE MONTHLY: 50.6   TOTAL FOR MONTH:   0.40    1 = FOG OR MIST
DPTR FM NORMAL:   1.1   DPTR FM NORMAL:   -0.19    2 = FOG REDUCING VISIBILITY
HIGHEST:    68 ON 25,24 GRTST 24HR  0.19 ON  2- 2      TO 1/4 MILE OR LESS
LOWEST:     32 ON 15                               3 = THUNDER
                        SNOW, ICE PELLETS, HAIL    4 = ICE PELLETS
                        TOTAL MONTH:   0.0 INCH    5 = HAIL
                        GRTST 24HR     0.0         6 = FREEZING RAIN OR DRIZZLE
                        GRTST DEPTH:   0           7 = DUSTSTORM OR SANDSTORM:
                                                       VSBY 1/2 MILE OR LESS
                                                   8 = SMOKE OR HAZE
[NO. OF DAYS WITH]      [WEATHER - DAYS WITH]      9 = BLOWING SNOW
                                                   X = TORNADO
MAX 32 OR BELOW:   0    0.01 INCH OR MORE:   7
MAX 90 OR ABOVE:   0    0.10 INCH OR MORE:   2
MIN 32 OR BELOW:   1    0.50 INCH OR MORE:   0
MIN  0 OR BELOW:   0    1.00 INCH OR MORE:   0

[HDD (BASE 65) ]
TOTAL THIS MO.   354    CLEAR  (SCALE 0-3)  12
DPTR FM NORMAL   -34    PTCLDY (SCALE 4-7)  11
TOTAL FM JUL 1  3630    CLOUDY (SCALE 8-10)  2
DPTR FM NORMAL    47

[CDD (BASE 65) ]
TOTAL THIS MO.     0
DPTR FM NORMAL     0    [PRESSURE DATA]
TOTAL FM JAN 1     0    HIGHEST SLP M ON M
DPTR FM NORMAL     0    LOWEST  SLP 29.49 ON 13

[REMARKS]
