000
CXUS52 KTBW 261000
CF6PGD
PRELIMINARY LOCAL CLIMATOLOGICAL DATA (WS FORM: F-6)

                                          STATION:   Punta Gorda
                                          MONTH:     MAY
                                          YEAR:      2019
                                          LATITUDE:   26 55 N
                                          LONGITUDE:  82  0 W

  TEMPERATURE IN F:       :PCPN:    SNOW:  WIND      :SUNSHINE: SKY     :PK WND
================================================================================
1   2   3   4   5  6A  6B    7    8   9   10  11  12  13   14  15   16   17  18
                                     12Z  AVG MX 2MIN
DY MAX MIN AVG DEP HDD CDD  WTR  SNW DPTH SPD SPD DIR MIN PSBL S-S WX    SPD DR
================================================================================

 1  89  65  77   3   0  12 0.07  0.0    0 11.0 25  90   M    M   3 18     33  80
 2  87  70  79   5   0  14 0.24  0.0    0  6.5 18  90   M    M   6 13     23  80
 3  87  69  78   3   0  13 0.00  0.0    0  7.2 17 240   M    M   2 1      22 250
 4  90  70  80   5   0  15 0.00  0.0    0  9.2 22 250   M    M   2 1      25 240
 5  88  72  80   5   0  15    T  0.0    0  9.5 24 280   M    M   3 3      30 280
 6  87  71  79   4   0  14 0.00  0.0    0  6.8 17 240   M    M   2        22 220
 7  92  70  81   5   0  16 1.64  0.0    0  6.3 26  30   M    M   2 138    34  10
 8  90  68  79   3   0  14 0.00  0.0    0  8.2 18 100   M    M   2 1      24  90
 9  92  68  80   4   0  15 0.28  0.0    0  6.6 20 150   M    M   4 13     23 150
10  91  68  80   4   0  15 2.26  0.0    0  7.0 23  50   M    M   4 13     28  50
11  89  71  80   4   0  15 0.15  0.0    0  6.5 17 240   M    M   2 1      23 250
12  89  72  81   4   0  16 0.11  0.0    0  8.9 28 190   M    M   1 3      32 200
13  89  72  81   4   0  16    T  0.0    0 10.0 28 340   M    M   3 3      35 350
14  84  71  78   1   0  13    T  0.0    0  6.3 18 280   M    M   1        23 270
15  86  71  79   2   0  14    T  0.0    0  4.8 12  90   M    M   3        15 100
16  88  67  78   0   0  13 0.00  0.0    0  8.7 15 110   M    M   3        22 110
17  89  63  76  -2   0  11 0.00  0.0    0  7.4 16  50   M    M   1        22  60
18  90  61  76  -2   0  11 0.00  0.0    0  6.8 15 110   M    M   1        20 110
19  93  66  80   2   0  15 0.51  0.0    0  5.9 23  60   M    M   2 13     30  60
20  93  69  81   3   0  16 0.39  0.0    0  4.6 17 230   M    M   4 3      20 220
21  89  70  80   1   0  15    T  0.0    0  6.2 16 150   M    M   3 8      21 160
22  92  71  82   3   0  17 0.00  0.0    0  7.2 18  60   M    M   3        22  70
23  91  67  79   0   0  14 0.00  0.0    0 10.2 21  70   M    M   2        28  70
24  91  64  78  -1   0  13 0.00  0.0    0  9.6 20  60   M    M   0        24  80
25  92  66  79   0   0  14 0.00  0.0    0  8.7 20 120   M    M   1 1      26 110
================================================================================
SM 2238 1712         0 356  5.65     0.0 190.1          M       60
================================================================================
AV 89.5 68.5                               7.6 FASTST   M    M   2    MAX(MPH)
                                 MISC ---->  # 28 190               # 35  350
================================================================================
NOTES:
# LAST OF SEVERAL OCCURRENCES

COLUMN 17 PEAK WIND IN M.P.H.

PRELIMINARY LOCAL CLIMATOLOGICAL DATA (WS FORM: F-6) , PAGE 2

                                          STATION:  Punta Gorda
                                          MONTH:    MAY
                                          YEAR:     2019
                                          LATITUDE:   26 55 N
                                          LONGITUDE:  82  0 W

[TEMPERATURE DATA]      [PRECIPITATION DATA]       SYMBOLS USED IN COLUMN 16

AVERAGE MONTHLY: 79.0   TOTAL FOR MONTH:   5.65    1 = FOG OR MIST
DPTR FM NORMAL:   2.2   DPTR FM NORMAL:    3.85    2 = FOG REDUCING VISIBILITY
HIGHEST:    93 ON 20,19 GRTST 24HR  2.26 ON 10-10      TO 1/4 MILE OR LESS
LOWEST:     61 ON 18                               3 = THUNDER
                        SNOW, ICE PELLETS, HAIL    4 = ICE PELLETS
                        TOTAL MONTH:   0.0 INCH    5 = HAIL
                        GRTST 24HR     0.0         6 = FREEZING RAIN OR DRIZZLE
                        GRTST DEPTH:   0           7 = DUSTSTORM OR SANDSTORM:
                                                       VSBY 1/2 MILE OR LESS
                                                   8 = SMOKE OR HAZE
[NO. OF DAYS WITH]      [WEATHER - DAYS WITH]      9 = BLOWING SNOW
                                                   X = TORNADO
MAX 32 OR BELOW:   0    0.01 INCH OR MORE:   9
MAX 90 OR ABOVE:  12    0.10 INCH OR MORE:   8
MIN 32 OR BELOW:   0    0.50 INCH OR MORE:   3
MIN  0 OR BELOW:   0    1.00 INCH OR MORE:   2

[HDD (BASE 65) ]
TOTAL THIS MO.     0    CLEAR  (SCALE 0-3)  20
DPTR FM NORMAL     0    PTCLDY (SCALE 4-7)   5
TOTAL FM JUL 1   309    CLOUDY (SCALE 8-10)  0
DPTR FM NORMAL   -87

[CDD (BASE 65) ]
TOTAL THIS MO.   356
DPTR FM NORMAL    59    [PRESSURE DATA]
TOTAL FM JAN 1   984    HIGHEST SLP M ON M
DPTR FM NORMAL   197    LOWEST  SLP 29.86 ON 13

[REMARKS]
