000
CXUS55 KTBW 241000
CF6PGD
PRELIMINARY LOCAL CLIMATOLOGICAL DATA (WS FORM: F-6)

                                          STATION:   Punta Gorda
                                          MONTH:     MARCH
                                          YEAR:      2019
                                          LATITUDE:   26 55 N
                                          LONGITUDE:  82  0 W

  TEMPERATURE IN F:       :PCPN:    SNOW:  WIND      :SUNSHINE: SKY     :PK WND
================================================================================
1   2   3   4   5  6A  6B    7    8   9   10  11  12  13   14  15   16   17  18
                                     12Z  AVG MX 2MIN
DY MAX MIN AVG DEP HDD CDD  WTR  SNW DPTH SPD SPD DIR MIN PSBL S-S WX    SPD DR
================================================================================

 1  83  60  72   5   0   7 0.00  0.0    0  5.8 15 250   M    M   0 1      18 260
 2  83  62  73   6   0   8 0.00  0.0    0  4.7 13 240   M    M   1 1      15 240
 3  82  60  71   4   0   6 0.00  0.0    0  5.8 18 240   M    M   4 12     22 240
 4  83  67  75   8   0  10 0.01  0.0    0 10.1 20 250   M    M   6 18     23 250
 5  69  52  61  -6   4   0 0.00  0.0    0  8.9 24 340   M    M   8        30 340
 6  68  45  57 -10   8   0 0.00  0.0    0 10.1 18  10   M    M   0        24  20
 7  75  41  58  -9   7   0 0.00  0.0    0  8.1 15  90   M    M   1 8      20 110
 8  80  49  65  -3   0   0 0.00  0.0    0  5.7 14 100   M    M   2        18 100
 9  85  57  71   3   0   6 0.00  0.0    0  6.5 16 240   M    M   2 1      20 150
10  84  63  74   6   0   9 0.00  0.0    0  7.2 18 240   M    M   3 12     23 230
11  86  64  75   7   0  10 0.00  0.0    0  4.9 14 250   M    M   4 12     17 240
12  85  65  75   7   0  10 0.00  0.0    0  7.5 17  30   M    M   4 1      22  40
13  84  62  73   5   0   8 0.00  0.0    0 10.4 21 110   M    M   2        25 110
14  86  58  72   4   0   7 0.00  0.0    0  8.0 18 130   M    M   3        25 130
15  82  64  73   5   0   8    T  0.0    0  6.6 16 160   M    M   8        18 130
16  78  67  73   5   0   8 0.26  0.0    0  3.9 12  20   M    M   8 1      13 360
17  82  63  73   4   0   8    T  0.0    0  7.3 16  10   M    M   6 1      20  30
18  75  58  67  -2   0   2 0.10  0.0    0 10.8 20  40   M    M   8 1      26  40
19  65  53  59 -10   6   0 0.62  0.0    0 10.5 21  30   M    M  10 1      25  30
20  75  59  67  -2   0   2 0.02  0.0    0  9.9 14  60   M    M   9 1      21  20
21  75  57  66  -3   0   1 0.00  0.0    0  9.6 21 300   M    M   3        26 280
22  75  51  63  -6   2   0 0.00  0.0    0  7.8 17 290   M    M   0        23 270
23  78  45  62  -7   3   0 0.00  0.0    0  5.2 14 240   M    M   0        18  30
================================================================================
SM 1818 1322        30 110  1.01     0.0 175.3          M       92
================================================================================
AV 79.0 57.5                               7.6 FASTST   M    M   4    MAX(MPH)
                                 MISC ---->  # 24 340               # 30  340
================================================================================
NOTES:
# LAST OF SEVERAL OCCURRENCES

COLUMN 17 PEAK WIND IN M.P.H.

PRELIMINARY LOCAL CLIMATOLOGICAL DATA (WS FORM: F-6) , PAGE 2

                                          STATION:  Punta Gorda
                                          MONTH:    MARCH
                                          YEAR:     2019
                                          LATITUDE:   26 55 N
                                          LONGITUDE:  82  0 W

[TEMPERATURE DATA]      [PRECIPITATION DATA]       SYMBOLS USED IN COLUMN 16

AVERAGE MONTHLY: 68.3   TOTAL FOR MONTH:   1.01    1 = FOG OR MIST
DPTR FM NORMAL:   0.3   DPTR FM NORMAL:   -1.43    2 = FOG REDUCING VISIBILITY
HIGHEST:    86 ON 14,11 GRTST 24HR  0.62 ON 19-19      TO 1/4 MILE OR LESS
LOWEST:     41 ON  7                               3 = THUNDER
                        SNOW, ICE PELLETS, HAIL    4 = ICE PELLETS
                        TOTAL MONTH:   0.0 INCH    5 = HAIL
                        GRTST 24HR     0.0         6 = FREEZING RAIN OR DRIZZLE
                        GRTST DEPTH:   0           7 = DUSTSTORM OR SANDSTORM:
                                                       VSBY 1/2 MILE OR LESS
                                                   8 = SMOKE OR HAZE
[NO. OF DAYS WITH]      [WEATHER - DAYS WITH]      9 = BLOWING SNOW
                                                   X = TORNADO
MAX 32 OR BELOW:   0    0.01 INCH OR MORE:   5
MAX 90 OR ABOVE:   0    0.10 INCH OR MORE:   3
MIN 32 OR BELOW:   0    0.50 INCH OR MORE:   1
MIN  0 OR BELOW:   0    1.00 INCH OR MORE:   0

[HDD (BASE 65) ]
TOTAL THIS MO.    30    CLEAR  (SCALE 0-3)  11
DPTR FM NORMAL    -3    PTCLDY (SCALE 4-7)   9
TOTAL FM JUL 1   309    CLOUDY (SCALE 8-10)  3
DPTR FM NORMAL   -77

[CDD (BASE 65) ]
TOTAL THIS MO.   110
DPTR FM NORMAL    12    [PRESSURE DATA]
TOTAL FM JAN 1   325    HIGHEST SLP M ON M
DPTR FM NORMAL    91    LOWEST  SLP 29.92 ON  3

[REMARKS]
